--
-- Host: localhost    Database: w4149631_wp1
-- ------------------------------------------------------


--
-- Table structure for table `wp_actionscheduler_actions`
--

CREATE TABLE `wp_actionscheduler_actions` (
  `action_id` bigint(20) unsigned NOT NULL AUTO_INCREMENT,
  `hook` varchar(191) COLLATE utf8mb4_unicode_ci NOT NULL,
  `status` varchar(20) COLLATE utf8mb4_unicode_ci NOT NULL,
  `scheduled_date_gmt` datetime DEFAULT '0000-00-00 00:00:00',
  `scheduled_date_local` datetime DEFAULT '0000-00-00 00:00:00',
  `args` varchar(191) COLLATE utf8mb4_unicode_ci DEFAULT NULL,
  `schedule` longtext COLLATE utf8mb4_unicode_ci DEFAULT NULL,
  `group_id` bigint(20) unsigned NOT NULL DEFAULT 0,
  `attempts` int(11) NOT NULL DEFAULT 0,
  `last_attempt_gmt` datetime DEFAULT '0000-00-00 00:00:00',
  `last_attempt_local` datetime DEFAULT '0000-00-00 00:00:00',
  `claim_id` bigint(20) unsigned NOT NULL DEFAULT 0,
  `extended_args` varchar(8000) COLLATE utf8mb4_unicode_ci DEFAULT NULL,
  PRIMARY KEY (`action_id`),
  KEY `hook` (`hook`),
  KEY `status` (`status`),
  KEY `scheduled_date_gmt` (`scheduled_date_gmt`),
  KEY `args` (`args`),
  KEY `group_id` (`group_id`),
  KEY `last_attempt_gmt` (`last_attempt_gmt`),
  KEY `claim_id_status_scheduled_date_gmt` (`claim_id`,`status`,`scheduled_date_gmt`)
) ENGINE=InnoDB AUTO_INCREMENT=116 DEFAULT CHARSET=utf8mb4 COLLATE=utf8mb4_unicode_ci;

--
-- Dumping data for table `wp_actionscheduler_actions`
--

INSERT INTO `wp_actionscheduler_actions` VALUES (31,'action_scheduler/migration_hook','complete','2022-06-01 09:36:26','2022-06-01 09:36:26','[]','O:30:\"ActionScheduler_SimpleSchedule\":2:{s:22:\"\0*\0scheduled_timestamp\";i:1654076186;s:41:\"\0ActionScheduler_SimpleSchedule\0timestamp\";i:1654076186;}',1,1,'2022-06-01 09:36:29','2022-06-01 09:36:29',0,NULL),(32,'wpforms_process_forms_locator_scan','complete','2022-06-01 09:36:30','2022-06-01 09:36:30','{\"tasks_meta_id\":1}','O:32:\"ActionScheduler_IntervalSchedule\":5:{s:22:\"\0*\0scheduled_timestamp\";i:1654076190;s:18:\"\0*\0first_timestamp\";i:1654076190;s:13:\"\0*\0recurrence\";i:86400;s:49:\"\0ActionScheduler_IntervalSchedule\0start_timestamp\";i:1654076190;s:53:\"\0ActionScheduler_IntervalSchedule\0interval_in_seconds\";i:86400;}',2,1,'2022-06-01 09:37:06','2022-06-01 09:37:06',0,NULL),(33,'wpforms_email_summaries_fetch_info_blocks','complete','2022-06-05 04:53:05','2022-06-05 04:53:05','{\"tasks_meta_id\":null}','O:32:\"ActionScheduler_IntervalSchedule\":5:{s:22:\"\0*\0scheduled_timestamp\";i:1654404785;s:18:\"\0*\0first_timestamp\";i:1654404785;s:13:\"\0*\0recurrence\";i:604800;s:49:\"\0ActionScheduler_IntervalSchedule\0start_timestamp\";i:1654404785;s:53:\"\0ActionScheduler_IntervalSchedule\0interval_in_seconds\";i:604800;}',2,1,'2022-06-05 08:45:52','2022-06-05 08:45:52',0,NULL),(34,'wpforms_admin_notifications_update','complete','0000-00-00 00:00:00','0000-00-00 00:00:00','{\"tasks_meta_id\":2}','O:28:\"ActionScheduler_NullSchedule\":0:{}',2,1,'2022-06-01 09:37:06','2022-06-01 09:37:06',0,NULL),(35,'wpforms_admin_addons_cache_update','complete','2022-06-08 09:36:30','2022-06-08 09:36:30','{\"tasks_meta_id\":3}','O:32:\"ActionScheduler_IntervalSchedule\":5:{s:22:\"\0*\0scheduled_timestamp\";i:1654680990;s:18:\"\0*\0first_timestamp\";i:1654680990;s:13:\"\0*\0recurrence\";i:604800;s:49:\"\0ActionScheduler_IntervalSchedule\0start_timestamp\";i:1654680990;s:53:\"\0ActionScheduler_IntervalSchedule\0interval_in_seconds\";i:604800;}',2,1,'2022-06-08 09:38:05','2022-06-08 09:38:05',0,NULL),(36,'wpforms_admin_builder_templates_cache_update','complete','2022-06-08 09:36:30','2022-06-08 09:36:30','{\"tasks_meta_id\":4}','O:32:\"ActionScheduler_IntervalSchedule\":5:{s:22:\"\0*\0scheduled_timestamp\";i:1654680990;s:18:\"\0*\0first_timestamp\";i:1654680990;s:13:\"\0*\0recurrence\";i:604800;s:49:\"\0ActionScheduler_IntervalSchedule\0start_timestamp\";i:1654680990;s:53:\"\0ActionScheduler_IntervalSchedule\0interval_in_seconds\";i:604800;}',2,1,'2022-06-08 09:38:05','2022-06-08 09:38:05',0,NULL),(37,'wpforms_process_forms_locator_scan','complete','2022-06-02 09:37:06','2022-06-02 09:37:06','{\"tasks_meta_id\":1}','O:32:\"ActionScheduler_IntervalSchedule\":5:{s:22:\"\0*\0scheduled_timestamp\";i:1654162626;s:18:\"\0*\0first_timestamp\";i:1654076190;s:13:\"\0*\0recurrence\";i:86400;s:49:\"\0ActionScheduler_IntervalSchedule\0start_timestamp\";i:1654162626;s:53:\"\0ActionScheduler_IntervalSchedule\0interval_in_seconds\";i:86400;}',2,1,'2022-06-02 10:41:02','2022-06-02 10:41:02',0,NULL),(38,'wpforms_process_forms_locator_scan','complete','2022-06-03 10:41:02','2022-06-03 10:41:02','{\"tasks_meta_id\":1}','O:32:\"ActionScheduler_IntervalSchedule\":5:{s:22:\"\0*\0scheduled_timestamp\";i:1654252862;s:18:\"\0*\0first_timestamp\";i:1654076190;s:13:\"\0*\0recurrence\";i:86400;s:49:\"\0ActionScheduler_IntervalSchedule\0start_timestamp\";i:1654252862;s:53:\"\0ActionScheduler_IntervalSchedule\0interval_in_seconds\";i:86400;}',2,1,'2022-06-03 19:40:56','2022-06-03 19:40:56',0,NULL),(39,'wpforms_admin_notifications_update','complete','0000-00-00 00:00:00','0000-00-00 00:00:00','{\"tasks_meta_id\":5}','O:28:\"ActionScheduler_NullSchedule\":0:{}',2,1,'2022-06-02 10:45:09','2022-06-02 10:45:09',0,NULL),(40,'wpforms_builder_help_cache_update','complete','2022-06-09 11:01:36','2022-06-09 11:01:36','{\"tasks_meta_id\":6}','O:32:\"ActionScheduler_IntervalSchedule\":5:{s:22:\"\0*\0scheduled_timestamp\";i:1654772496;s:18:\"\0*\0first_timestamp\";i:1654772496;s:13:\"\0*\0recurrence\";i:604800;s:49:\"\0ActionScheduler_IntervalSchedule\0start_timestamp\";i:1654772496;s:53:\"\0ActionScheduler_IntervalSchedule\0interval_in_seconds\";i:604800;}',2,1,'2022-06-09 19:39:28','2022-06-09 19:39:28',0,NULL),(41,'wpforms_process_forms_locator_save','complete','0000-00-00 00:00:00','0000-00-00 00:00:00','{\"tasks_meta_id\":7}','O:28:\"ActionScheduler_NullSchedule\":0:{}',2,1,'2022-06-03 19:40:56','2022-06-03 19:40:56',0,NULL),(42,'wpforms_process_forms_locator_scan','complete','2022-06-04 19:40:56','2022-06-04 19:40:56','{\"tasks_meta_id\":1}','O:32:\"ActionScheduler_IntervalSchedule\":5:{s:22:\"\0*\0scheduled_timestamp\";i:1654371656;s:18:\"\0*\0first_timestamp\";i:1654076190;s:13:\"\0*\0recurrence\";i:86400;s:49:\"\0ActionScheduler_IntervalSchedule\0start_timestamp\";i:1654371656;s:53:\"\0ActionScheduler_IntervalSchedule\0interval_in_seconds\";i:86400;}',2,1,'2022-06-05 01:33:11','2022-06-05 01:33:11',0,NULL),(43,'wpforms_admin_notifications_update','complete','0000-00-00 00:00:00','0000-00-00 00:00:00','{\"tasks_meta_id\":8}','O:28:\"ActionScheduler_NullSchedule\":0:{}',2,1,'2022-06-04 13:06:26','2022-06-04 13:06:26',0,NULL),(44,'wpforms_process_forms_locator_save','complete','0000-00-00 00:00:00','0000-00-00 00:00:00','{\"tasks_meta_id\":9}','O:28:\"ActionScheduler_NullSchedule\":0:{}',2,1,'2022-06-05 01:33:11','2022-06-05 01:33:11',0,NULL),(45,'wpforms_process_forms_locator_scan','complete','2022-06-06 01:33:11','2022-06-06 01:33:11','{\"tasks_meta_id\":1}','O:32:\"ActionScheduler_IntervalSchedule\":5:{s:22:\"\0*\0scheduled_timestamp\";i:1654479191;s:18:\"\0*\0first_timestamp\";i:1654076190;s:13:\"\0*\0recurrence\";i:86400;s:49:\"\0ActionScheduler_IntervalSchedule\0start_timestamp\";i:1654479191;s:53:\"\0ActionScheduler_IntervalSchedule\0interval_in_seconds\";i:86400;}',2,1,'2022-06-06 14:45:04','2022-06-06 14:45:04',0,NULL),(46,'wpforms_email_summaries_fetch_info_blocks','complete','2022-06-12 08:45:52','2022-06-12 08:45:52','{\"tasks_meta_id\":null}','O:32:\"ActionScheduler_IntervalSchedule\":5:{s:22:\"\0*\0scheduled_timestamp\";i:1655023552;s:18:\"\0*\0first_timestamp\";i:1654404785;s:13:\"\0*\0recurrence\";i:604800;s:49:\"\0ActionScheduler_IntervalSchedule\0start_timestamp\";i:1655023552;s:53:\"\0ActionScheduler_IntervalSchedule\0interval_in_seconds\";i:604800;}',2,1,'2022-06-12 08:46:03','2022-06-12 08:46:03',0,NULL),(47,'wpforms_process_forms_locator_save','complete','0000-00-00 00:00:00','0000-00-00 00:00:00','{\"tasks_meta_id\":10}','O:28:\"ActionScheduler_NullSchedule\":0:{}',2,1,'2022-06-06 14:45:04','2022-06-06 14:45:04',0,NULL),(48,'wpforms_process_forms_locator_scan','complete','2022-06-07 14:45:04','2022-06-07 14:45:04','{\"tasks_meta_id\":1}','O:32:\"ActionScheduler_IntervalSchedule\":5:{s:22:\"\0*\0scheduled_timestamp\";i:1654613104;s:18:\"\0*\0first_timestamp\";i:1654076190;s:13:\"\0*\0recurrence\";i:86400;s:49:\"\0ActionScheduler_IntervalSchedule\0start_timestamp\";i:1654613104;s:53:\"\0ActionScheduler_IntervalSchedule\0interval_in_seconds\";i:86400;}',2,1,'2022-06-07 19:38:55','2022-06-07 19:38:55',0,NULL),(49,'wpforms_admin_notifications_update','complete','0000-00-00 00:00:00','0000-00-00 00:00:00','{\"tasks_meta_id\":11}','O:28:\"ActionScheduler_NullSchedule\":0:{}',2,1,'2022-06-07 06:12:35','2022-06-07 06:12:35',0,NULL),(50,'wpforms_process_forms_locator_save','complete','0000-00-00 00:00:00','0000-00-00 00:00:00','{\"tasks_meta_id\":12}','O:28:\"ActionScheduler_NullSchedule\":0:{}',2,1,'2022-06-07 19:38:55','2022-06-07 19:38:55',0,NULL),(51,'wpforms_process_forms_locator_scan','complete','2022-06-08 19:38:55','2022-06-08 19:38:55','{\"tasks_meta_id\":1}','O:32:\"ActionScheduler_IntervalSchedule\":5:{s:22:\"\0*\0scheduled_timestamp\";i:1654717135;s:18:\"\0*\0first_timestamp\";i:1654076190;s:13:\"\0*\0recurrence\";i:86400;s:49:\"\0ActionScheduler_IntervalSchedule\0start_timestamp\";i:1654717135;s:53:\"\0ActionScheduler_IntervalSchedule\0interval_in_seconds\";i:86400;}',2,1,'2022-06-08 19:41:26','2022-06-08 19:41:26',0,NULL),(52,'wpforms_admin_addons_cache_update','complete','2022-06-15 09:38:05','2022-06-15 09:38:05','{\"tasks_meta_id\":3}','O:32:\"ActionScheduler_IntervalSchedule\":5:{s:22:\"\0*\0scheduled_timestamp\";i:1655285885;s:18:\"\0*\0first_timestamp\";i:1654680990;s:13:\"\0*\0recurrence\";i:604800;s:49:\"\0ActionScheduler_IntervalSchedule\0start_timestamp\";i:1655285885;s:53:\"\0ActionScheduler_IntervalSchedule\0interval_in_seconds\";i:604800;}',2,1,'2022-06-15 19:45:12','2022-06-15 19:45:12',0,NULL),(53,'wpforms_admin_builder_templates_cache_update','complete','2022-06-15 09:38:05','2022-06-15 09:38:05','{\"tasks_meta_id\":4}','O:32:\"ActionScheduler_IntervalSchedule\":5:{s:22:\"\0*\0scheduled_timestamp\";i:1655285885;s:18:\"\0*\0first_timestamp\";i:1654680990;s:13:\"\0*\0recurrence\";i:604800;s:49:\"\0ActionScheduler_IntervalSchedule\0start_timestamp\";i:1655285885;s:53:\"\0ActionScheduler_IntervalSchedule\0interval_in_seconds\";i:604800;}',2,1,'2022-06-15 19:45:12','2022-06-15 19:45:12',0,NULL),(54,'wpforms_process_forms_locator_save','complete','0000-00-00 00:00:00','0000-00-00 00:00:00','{\"tasks_meta_id\":13}','O:28:\"ActionScheduler_NullSchedule\":0:{}',2,1,'2022-06-08 19:41:26','2022-06-08 19:41:26',0,NULL),(55,'wpforms_process_forms_locator_scan','complete','2022-06-09 19:41:26','2022-06-09 19:41:26','{\"tasks_meta_id\":1}','O:32:\"ActionScheduler_IntervalSchedule\":5:{s:22:\"\0*\0scheduled_timestamp\";i:1654803686;s:18:\"\0*\0first_timestamp\";i:1654076190;s:13:\"\0*\0recurrence\";i:86400;s:49:\"\0ActionScheduler_IntervalSchedule\0start_timestamp\";i:1654803686;s:53:\"\0ActionScheduler_IntervalSchedule\0interval_in_seconds\";i:86400;}',2,1,'2022-06-09 21:46:56','2022-06-09 21:46:56',0,NULL),(56,'wpforms_builder_help_cache_update','complete','2022-06-16 19:39:28','2022-06-16 19:39:28','{\"tasks_meta_id\":6}','O:32:\"ActionScheduler_IntervalSchedule\":5:{s:22:\"\0*\0scheduled_timestamp\";i:1655408368;s:18:\"\0*\0first_timestamp\";i:1654772496;s:13:\"\0*\0recurrence\";i:604800;s:49:\"\0ActionScheduler_IntervalSchedule\0start_timestamp\";i:1655408368;s:53:\"\0ActionScheduler_IntervalSchedule\0interval_in_seconds\";i:604800;}',2,1,'2022-06-16 22:20:41','2022-06-16 22:20:41',0,NULL),(57,'wpforms_process_forms_locator_save','complete','0000-00-00 00:00:00','0000-00-00 00:00:00','{\"tasks_meta_id\":14}','O:28:\"ActionScheduler_NullSchedule\":0:{}',2,1,'2022-06-09 21:46:56','2022-06-09 21:46:56',0,NULL),(58,'wpforms_process_forms_locator_scan','complete','2022-06-10 21:46:56','2022-06-10 21:46:56','{\"tasks_meta_id\":1}','O:32:\"ActionScheduler_IntervalSchedule\":5:{s:22:\"\0*\0scheduled_timestamp\";i:1654897616;s:18:\"\0*\0first_timestamp\";i:1654076190;s:13:\"\0*\0recurrence\";i:86400;s:49:\"\0ActionScheduler_IntervalSchedule\0start_timestamp\";i:1654897616;s:53:\"\0ActionScheduler_IntervalSchedule\0interval_in_seconds\";i:86400;}',2,1,'2022-06-11 01:34:42','2022-06-11 01:34:42',0,NULL),(59,'wpforms_process_forms_locator_save','complete','0000-00-00 00:00:00','0000-00-00 00:00:00','{\"tasks_meta_id\":15}','O:28:\"ActionScheduler_NullSchedule\":0:{}',2,1,'2022-06-11 01:34:42','2022-06-11 01:34:42',0,NULL),(60,'wpforms_process_forms_locator_scan','complete','2022-06-12 01:34:42','2022-06-12 01:34:42','{\"tasks_meta_id\":1}','O:32:\"ActionScheduler_IntervalSchedule\":5:{s:22:\"\0*\0scheduled_timestamp\";i:1654997682;s:18:\"\0*\0first_timestamp\";i:1654076190;s:13:\"\0*\0recurrence\";i:86400;s:49:\"\0ActionScheduler_IntervalSchedule\0start_timestamp\";i:1654997682;s:53:\"\0ActionScheduler_IntervalSchedule\0interval_in_seconds\";i:86400;}',2,1,'2022-06-12 08:32:18','2022-06-12 08:32:18',0,NULL),(61,'wpforms_process_forms_locator_save','complete','0000-00-00 00:00:00','0000-00-00 00:00:00','{\"tasks_meta_id\":16}','O:28:\"ActionScheduler_NullSchedule\":0:{}',2,1,'2022-06-12 08:32:19','2022-06-12 08:32:19',0,NULL),(62,'wpforms_process_forms_locator_scan','complete','2022-06-13 08:32:18','2022-06-13 08:32:18','{\"tasks_meta_id\":1}','O:32:\"ActionScheduler_IntervalSchedule\":5:{s:22:\"\0*\0scheduled_timestamp\";i:1655109138;s:18:\"\0*\0first_timestamp\";i:1654076190;s:13:\"\0*\0recurrence\";i:86400;s:49:\"\0ActionScheduler_IntervalSchedule\0start_timestamp\";i:1655109138;s:53:\"\0ActionScheduler_IntervalSchedule\0interval_in_seconds\";i:86400;}',2,1,'2022-06-13 12:08:19','2022-06-13 12:08:19',0,NULL),(63,'wpforms_admin_notifications_update','complete','0000-00-00 00:00:00','0000-00-00 00:00:00','{\"tasks_meta_id\":17}','O:28:\"ActionScheduler_NullSchedule\":0:{}',2,1,'2022-06-12 08:35:40','2022-06-12 08:35:40',0,NULL),(64,'wpforms_email_summaries_fetch_info_blocks','complete','2022-06-19 08:46:03','2022-06-19 08:46:03','{\"tasks_meta_id\":null}','O:32:\"ActionScheduler_IntervalSchedule\":5:{s:22:\"\0*\0scheduled_timestamp\";i:1655628363;s:18:\"\0*\0first_timestamp\";i:1654404785;s:13:\"\0*\0recurrence\";i:604800;s:49:\"\0ActionScheduler_IntervalSchedule\0start_timestamp\";i:1655628363;s:53:\"\0ActionScheduler_IntervalSchedule\0interval_in_seconds\";i:604800;}',2,1,'2022-06-19 08:47:17','2022-06-19 08:47:17',0,NULL),(65,'wpforms_process_forms_locator_save','complete','0000-00-00 00:00:00','0000-00-00 00:00:00','{\"tasks_meta_id\":18}','O:28:\"ActionScheduler_NullSchedule\":0:{}',2,1,'2022-06-13 12:08:19','2022-06-13 12:08:19',0,NULL),(66,'wpforms_process_forms_locator_scan','complete','2022-06-14 12:08:19','2022-06-14 12:08:19','{\"tasks_meta_id\":1}','O:32:\"ActionScheduler_IntervalSchedule\":5:{s:22:\"\0*\0scheduled_timestamp\";i:1655208499;s:18:\"\0*\0first_timestamp\";i:1654076190;s:13:\"\0*\0recurrence\";i:86400;s:49:\"\0ActionScheduler_IntervalSchedule\0start_timestamp\";i:1655208499;s:53:\"\0ActionScheduler_IntervalSchedule\0interval_in_seconds\";i:86400;}',2,1,'2022-06-14 13:06:13','2022-06-14 13:06:13',0,NULL),(67,'wpforms_admin_notifications_update','complete','0000-00-00 00:00:00','0000-00-00 00:00:00','{\"tasks_meta_id\":19}','O:28:\"ActionScheduler_NullSchedule\":0:{}',2,1,'2022-06-13 12:11:12','2022-06-13 12:11:12',0,NULL),(68,'wp_mail_smtp_summary_report_email','complete','2022-06-20 14:00:00','2022-06-20 14:00:00','[1]','O:32:\"ActionScheduler_IntervalSchedule\":5:{s:22:\"\0*\0scheduled_timestamp\";i:1655733600;s:18:\"\0*\0first_timestamp\";i:1655733600;s:13:\"\0*\0recurrence\";i:604800;s:49:\"\0ActionScheduler_IntervalSchedule\0start_timestamp\";i:1655733600;s:53:\"\0ActionScheduler_IntervalSchedule\0interval_in_seconds\";i:604800;}',3,1,'2022-06-20 14:01:17','2022-06-20 14:01:17',0,NULL),(69,'wp_mail_smtp_admin_notifications_update','complete','0000-00-00 00:00:00','0000-00-00 00:00:00','[2]','O:28:\"ActionScheduler_NullSchedule\":0:{}',3,1,'2022-06-14 08:17:03','2022-06-14 08:17:03',0,NULL),(70,'wpforms_process_forms_locator_save','complete','0000-00-00 00:00:00','0000-00-00 00:00:00','{\"tasks_meta_id\":20}','O:28:\"ActionScheduler_NullSchedule\":0:{}',2,1,'2022-06-14 13:06:13','2022-06-14 13:06:13',0,NULL),(71,'wpforms_process_forms_locator_scan','complete','2022-06-15 13:06:13','2022-06-15 13:06:13','{\"tasks_meta_id\":1}','O:32:\"ActionScheduler_IntervalSchedule\":5:{s:22:\"\0*\0scheduled_timestamp\";i:1655298373;s:18:\"\0*\0first_timestamp\";i:1654076190;s:13:\"\0*\0recurrence\";i:86400;s:49:\"\0ActionScheduler_IntervalSchedule\0start_timestamp\";i:1655298373;s:53:\"\0ActionScheduler_IntervalSchedule\0interval_in_seconds\";i:86400;}',2,1,'2022-06-15 19:45:12','2022-06-15 19:45:12',0,NULL),(72,'wpforms_admin_addons_cache_update','complete','2022-06-22 19:45:12','2022-06-22 19:45:12','{\"tasks_meta_id\":3}','O:32:\"ActionScheduler_IntervalSchedule\":5:{s:22:\"\0*\0scheduled_timestamp\";i:1655927112;s:18:\"\0*\0first_timestamp\";i:1654680990;s:13:\"\0*\0recurrence\";i:604800;s:49:\"\0ActionScheduler_IntervalSchedule\0start_timestamp\";i:1655927112;s:53:\"\0ActionScheduler_IntervalSchedule\0interval_in_seconds\";i:604800;}',2,1,'2022-06-23 01:33:45','2022-06-23 01:33:45',0,NULL),(73,'wpforms_admin_builder_templates_cache_update','complete','2022-06-22 19:45:12','2022-06-22 19:45:12','{\"tasks_meta_id\":4}','O:32:\"ActionScheduler_IntervalSchedule\":5:{s:22:\"\0*\0scheduled_timestamp\";i:1655927112;s:18:\"\0*\0first_timestamp\";i:1654680990;s:13:\"\0*\0recurrence\";i:604800;s:49:\"\0ActionScheduler_IntervalSchedule\0start_timestamp\";i:1655927112;s:53:\"\0ActionScheduler_IntervalSchedule\0interval_in_seconds\";i:604800;}',2,1,'2022-06-23 01:33:45','2022-06-23 01:33:45',0,NULL),(74,'wpforms_process_forms_locator_save','complete','0000-00-00 00:00:00','0000-00-00 00:00:00','{\"tasks_meta_id\":21}','O:28:\"ActionScheduler_NullSchedule\":0:{}',2,1,'2022-06-15 19:45:12','2022-06-15 19:45:12',0,NULL),(75,'wpforms_process_forms_locator_scan','complete','2022-06-16 19:45:12','2022-06-16 19:45:12','{\"tasks_meta_id\":1}','O:32:\"ActionScheduler_IntervalSchedule\":5:{s:22:\"\0*\0scheduled_timestamp\";i:1655408712;s:18:\"\0*\0first_timestamp\";i:1654076190;s:13:\"\0*\0recurrence\";i:86400;s:49:\"\0ActionScheduler_IntervalSchedule\0start_timestamp\";i:1655408712;s:53:\"\0ActionScheduler_IntervalSchedule\0interval_in_seconds\";i:86400;}',2,1,'2022-06-16 22:20:41','2022-06-16 22:20:41',0,NULL),(76,'wpforms_builder_help_cache_update','complete','2022-06-23 22:20:41','2022-06-23 22:20:41','{\"tasks_meta_id\":6}','O:32:\"ActionScheduler_IntervalSchedule\":5:{s:22:\"\0*\0scheduled_timestamp\";i:1656022841;s:18:\"\0*\0first_timestamp\";i:1654772496;s:13:\"\0*\0recurrence\";i:604800;s:49:\"\0ActionScheduler_IntervalSchedule\0start_timestamp\";i:1656022841;s:53:\"\0ActionScheduler_IntervalSchedule\0interval_in_seconds\";i:604800;}',2,1,'2022-06-24 02:27:54','2022-06-24 02:27:54',0,NULL),(77,'wpforms_process_forms_locator_save','complete','0000-00-00 00:00:00','0000-00-00 00:00:00','{\"tasks_meta_id\":22}','O:28:\"ActionScheduler_NullSchedule\":0:{}',2,1,'2022-06-16 22:20:41','2022-06-16 22:20:41',0,NULL),(78,'wpforms_process_forms_locator_scan','complete','2022-06-17 22:20:41','2022-06-17 22:20:41','{\"tasks_meta_id\":1}','O:32:\"ActionScheduler_IntervalSchedule\":5:{s:22:\"\0*\0scheduled_timestamp\";i:1655504441;s:18:\"\0*\0first_timestamp\";i:1654076190;s:13:\"\0*\0recurrence\";i:86400;s:49:\"\0ActionScheduler_IntervalSchedule\0start_timestamp\";i:1655504441;s:53:\"\0ActionScheduler_IntervalSchedule\0interval_in_seconds\";i:86400;}',2,1,'2022-06-18 01:34:48','2022-06-18 01:34:48',0,NULL),(79,'wp_mail_smtp_admin_notifications_update','complete','0000-00-00 00:00:00','0000-00-00 00:00:00','[3]','O:28:\"ActionScheduler_NullSchedule\":0:{}',3,1,'2022-06-16 22:21:04','2022-06-16 22:21:04',0,NULL),(80,'wpforms_admin_notifications_update','complete','0000-00-00 00:00:00','0000-00-00 00:00:00','{\"tasks_meta_id\":23}','O:28:\"ActionScheduler_NullSchedule\":0:{}',2,1,'2022-06-16 22:21:04','2022-06-16 22:21:04',0,NULL),(81,'wpforms_process_forms_locator_save','complete','0000-00-00 00:00:00','0000-00-00 00:00:00','{\"tasks_meta_id\":24}','O:28:\"ActionScheduler_NullSchedule\":0:{}',2,1,'2022-06-18 01:34:48','2022-06-18 01:34:48',0,NULL),(82,'wpforms_process_forms_locator_scan','complete','2022-06-19 01:34:48','2022-06-19 01:34:48','{\"tasks_meta_id\":1}','O:32:\"ActionScheduler_IntervalSchedule\":5:{s:22:\"\0*\0scheduled_timestamp\";i:1655602488;s:18:\"\0*\0first_timestamp\";i:1654076190;s:13:\"\0*\0recurrence\";i:86400;s:49:\"\0ActionScheduler_IntervalSchedule\0start_timestamp\";i:1655602488;s:53:\"\0ActionScheduler_IntervalSchedule\0interval_in_seconds\";i:86400;}',2,1,'2022-06-19 06:16:28','2022-06-19 06:16:28',0,NULL),(83,'wpforms_process_forms_locator_save','complete','0000-00-00 00:00:00','0000-00-00 00:00:00','{\"tasks_meta_id\":25}','O:28:\"ActionScheduler_NullSchedule\":0:{}',2,1,'2022-06-19 06:16:28','2022-06-19 06:16:28',0,NULL),(84,'wpforms_process_forms_locator_scan','complete','2022-06-20 06:16:28','2022-06-20 06:16:28','{\"tasks_meta_id\":1}','O:32:\"ActionScheduler_IntervalSchedule\":5:{s:22:\"\0*\0scheduled_timestamp\";i:1655705788;s:18:\"\0*\0first_timestamp\";i:1654076190;s:13:\"\0*\0recurrence\";i:86400;s:49:\"\0ActionScheduler_IntervalSchedule\0start_timestamp\";i:1655705788;s:53:\"\0ActionScheduler_IntervalSchedule\0interval_in_seconds\";i:86400;}',2,1,'2022-06-20 07:47:42','2022-06-20 07:47:42',0,NULL),(85,'wp_mail_smtp_admin_notifications_update','complete','0000-00-00 00:00:00','0000-00-00 00:00:00','[4]','O:28:\"ActionScheduler_NullSchedule\":0:{}',3,1,'2022-06-19 07:56:04','2022-06-19 07:56:04',0,NULL),(86,'wpforms_admin_notifications_update','complete','0000-00-00 00:00:00','0000-00-00 00:00:00','{\"tasks_meta_id\":26}','O:28:\"ActionScheduler_NullSchedule\":0:{}',2,1,'2022-06-19 07:56:04','2022-06-19 07:56:04',0,NULL),(87,'wpforms_email_summaries_fetch_info_blocks','complete','2022-06-26 08:47:17','2022-06-26 08:47:17','{\"tasks_meta_id\":null}','O:32:\"ActionScheduler_IntervalSchedule\":5:{s:22:\"\0*\0scheduled_timestamp\";i:1656233237;s:18:\"\0*\0first_timestamp\";i:1654404785;s:13:\"\0*\0recurrence\";i:604800;s:49:\"\0ActionScheduler_IntervalSchedule\0start_timestamp\";i:1656233237;s:53:\"\0ActionScheduler_IntervalSchedule\0interval_in_seconds\";i:604800;}',2,1,'2022-06-26 11:21:35','2022-06-26 19:21:35',0,NULL),(88,'wpforms_process_forms_locator_save','complete','0000-00-00 00:00:00','0000-00-00 00:00:00','{\"tasks_meta_id\":27}','O:28:\"ActionScheduler_NullSchedule\":0:{}',2,1,'2022-06-20 07:47:42','2022-06-20 07:47:42',0,NULL),(89,'wpforms_process_forms_locator_scan','complete','2022-06-21 07:47:42','2022-06-21 07:47:42','{\"tasks_meta_id\":1}','O:32:\"ActionScheduler_IntervalSchedule\":5:{s:22:\"\0*\0scheduled_timestamp\";i:1655797662;s:18:\"\0*\0first_timestamp\";i:1654076190;s:13:\"\0*\0recurrence\";i:86400;s:49:\"\0ActionScheduler_IntervalSchedule\0start_timestamp\";i:1655797662;s:53:\"\0ActionScheduler_IntervalSchedule\0interval_in_seconds\";i:86400;}',2,1,'2022-06-21 19:40:41','2022-06-21 19:40:41',0,NULL),(90,'wp_mail_smtp_admin_notifications_update','complete','0000-00-00 00:00:00','0000-00-00 00:00:00','[5]','O:28:\"ActionScheduler_NullSchedule\":0:{}',3,1,'2022-06-20 07:59:03','2022-06-20 07:59:03',0,NULL),(91,'wpforms_admin_notifications_update','complete','0000-00-00 00:00:00','0000-00-00 00:00:00','{\"tasks_meta_id\":28}','O:28:\"ActionScheduler_NullSchedule\":0:{}',2,1,'2022-06-20 07:59:04','2022-06-20 07:59:04',0,NULL),(92,'action_scheduler/migration_hook','complete','2022-06-20 09:57:37','2022-06-20 09:57:37','[]','O:30:\"ActionScheduler_SimpleSchedule\":2:{s:22:\"\0*\0scheduled_timestamp\";i:1655719057;s:41:\"\0ActionScheduler_SimpleSchedule\0timestamp\";i:1655719057;}',1,1,'2022-06-20 09:57:51','2022-06-20 09:57:51',0,NULL),(93,'wp_mail_smtp_summary_report_email','pending','2022-06-27 14:01:17','2022-06-27 14:01:17','[1]','O:32:\"ActionScheduler_IntervalSchedule\":5:{s:22:\"\0*\0scheduled_timestamp\";i:1656338477;s:18:\"\0*\0first_timestamp\";i:1655733600;s:13:\"\0*\0recurrence\";i:604800;s:49:\"\0ActionScheduler_IntervalSchedule\0start_timestamp\";i:1656338477;s:53:\"\0ActionScheduler_IntervalSchedule\0interval_in_seconds\";i:604800;}',3,0,'0000-00-00 00:00:00','0000-00-00 00:00:00',0,NULL),(94,'wpforms_process_forms_locator_save','complete','0000-00-00 00:00:00','0000-00-00 00:00:00','{\"tasks_meta_id\":29}','O:28:\"ActionScheduler_NullSchedule\":0:{}',2,1,'2022-06-21 19:40:41','2022-06-21 19:40:41',0,NULL),(95,'wpforms_process_forms_locator_scan','complete','2022-06-22 19:40:41','2022-06-22 19:40:41','{\"tasks_meta_id\":1}','O:32:\"ActionScheduler_IntervalSchedule\":5:{s:22:\"\0*\0scheduled_timestamp\";i:1655926841;s:18:\"\0*\0first_timestamp\";i:1654076190;s:13:\"\0*\0recurrence\";i:86400;s:49:\"\0ActionScheduler_IntervalSchedule\0start_timestamp\";i:1655926841;s:53:\"\0ActionScheduler_IntervalSchedule\0interval_in_seconds\";i:86400;}',2,1,'2022-06-23 01:33:45','2022-06-23 01:33:45',0,NULL),(96,'wpforms_process_forms_locator_save','complete','0000-00-00 00:00:00','0000-00-00 00:00:00','{\"tasks_meta_id\":30}','O:28:\"ActionScheduler_NullSchedule\":0:{}',2,1,'2022-06-23 01:33:45','2022-06-23 01:33:45',0,NULL),(97,'wpforms_process_forms_locator_scan','complete','2022-06-24 01:33:45','2022-06-24 01:33:45','{\"tasks_meta_id\":1}','O:32:\"ActionScheduler_IntervalSchedule\":5:{s:22:\"\0*\0scheduled_timestamp\";i:1656034425;s:18:\"\0*\0first_timestamp\";i:1654076190;s:13:\"\0*\0recurrence\";i:86400;s:49:\"\0ActionScheduler_IntervalSchedule\0start_timestamp\";i:1656034425;s:53:\"\0ActionScheduler_IntervalSchedule\0interval_in_seconds\";i:86400;}',2,1,'2022-06-24 02:27:54','2022-06-24 02:27:54',0,NULL),(98,'wpforms_admin_addons_cache_update','pending','2022-06-30 01:33:45','2022-06-30 01:33:45','{\"tasks_meta_id\":3}','O:32:\"ActionScheduler_IntervalSchedule\":5:{s:22:\"\0*\0scheduled_timestamp\";i:1656552825;s:18:\"\0*\0first_timestamp\";i:1654680990;s:13:\"\0*\0recurrence\";i:604800;s:49:\"\0ActionScheduler_IntervalSchedule\0start_timestamp\";i:1656552825;s:53:\"\0ActionScheduler_IntervalSchedule\0interval_in_seconds\";i:604800;}',2,0,'0000-00-00 00:00:00','0000-00-00 00:00:00',0,NULL),(99,'wpforms_admin_builder_templates_cache_update','pending','2022-06-30 01:33:45','2022-06-30 01:33:45','{\"tasks_meta_id\":4}','O:32:\"ActionScheduler_IntervalSchedule\":5:{s:22:\"\0*\0scheduled_timestamp\";i:1656552825;s:18:\"\0*\0first_timestamp\";i:1654680990;s:13:\"\0*\0recurrence\";i:604800;s:49:\"\0ActionScheduler_IntervalSchedule\0start_timestamp\";i:1656552825;s:53:\"\0ActionScheduler_IntervalSchedule\0interval_in_seconds\";i:604800;}',2,0,'0000-00-00 00:00:00','0000-00-00 00:00:00',0,NULL),(100,'wp_mail_smtp_admin_notifications_update','complete','0000-00-00 00:00:00','0000-00-00 00:00:00','[6]','O:28:\"ActionScheduler_NullSchedule\":0:{}',3,1,'2022-06-23 08:44:00','2022-06-23 08:44:00',0,NULL),(101,'wpforms_admin_notifications_update','complete','0000-00-00 00:00:00','0000-00-00 00:00:00','{\"tasks_meta_id\":31}','O:28:\"ActionScheduler_NullSchedule\":0:{}',2,1,'2022-06-23 08:44:00','2022-06-23 08:44:00',0,NULL),(102,'wpforms_builder_help_cache_update','pending','2022-07-01 02:27:54','2022-07-01 02:27:54','{\"tasks_meta_id\":6}','O:32:\"ActionScheduler_IntervalSchedule\":5:{s:22:\"\0*\0scheduled_timestamp\";i:1656642474;s:18:\"\0*\0first_timestamp\";i:1654772496;s:13:\"\0*\0recurrence\";i:604800;s:49:\"\0ActionScheduler_IntervalSchedule\0start_timestamp\";i:1656642474;s:53:\"\0ActionScheduler_IntervalSchedule\0interval_in_seconds\";i:604800;}',2,0,'0000-00-00 00:00:00','0000-00-00 00:00:00',0,NULL),(103,'wpforms_process_forms_locator_save','complete','0000-00-00 00:00:00','0000-00-00 00:00:00','{\"tasks_meta_id\":32}','O:28:\"ActionScheduler_NullSchedule\":0:{}',2,1,'2022-06-24 02:27:54','2022-06-24 02:27:54',0,NULL),(104,'wpforms_process_forms_locator_scan','complete','2022-06-25 02:27:54','2022-06-25 02:27:54','{\"tasks_meta_id\":1}','O:32:\"ActionScheduler_IntervalSchedule\":5:{s:22:\"\0*\0scheduled_timestamp\";i:1656124074;s:18:\"\0*\0first_timestamp\";i:1654076190;s:13:\"\0*\0recurrence\";i:86400;s:49:\"\0ActionScheduler_IntervalSchedule\0start_timestamp\";i:1656124074;s:53:\"\0ActionScheduler_IntervalSchedule\0interval_in_seconds\";i:86400;}',2,1,'2022-06-25 06:11:49','2022-06-25 06:11:49',0,NULL),(105,'wpforms_process_forms_locator_save','complete','0000-00-00 00:00:00','0000-00-00 00:00:00','{\"tasks_meta_id\":33}','O:28:\"ActionScheduler_NullSchedule\":0:{}',2,1,'2022-06-25 06:11:49','2022-06-25 06:11:49',0,NULL),(106,'wpforms_process_forms_locator_scan','complete','2022-06-26 06:11:49','2022-06-26 06:11:49','{\"tasks_meta_id\":1}','O:32:\"ActionScheduler_IntervalSchedule\":5:{s:22:\"\0*\0scheduled_timestamp\";i:1656223909;s:18:\"\0*\0first_timestamp\";i:1654076190;s:13:\"\0*\0recurrence\";i:86400;s:49:\"\0ActionScheduler_IntervalSchedule\0start_timestamp\";i:1656223909;s:53:\"\0ActionScheduler_IntervalSchedule\0interval_in_seconds\";i:86400;}',2,1,'2022-06-26 11:21:35','2022-06-26 19:21:35',0,NULL),(107,'wp_mail_smtp_admin_notifications_update','complete','0000-00-00 00:00:00','0000-00-00 00:00:00','[7]','O:28:\"ActionScheduler_NullSchedule\":0:{}',3,1,'2022-06-25 06:12:30','2022-06-25 06:12:30',0,NULL),(108,'wpforms_admin_notifications_update','complete','0000-00-00 00:00:00','0000-00-00 00:00:00','{\"tasks_meta_id\":34}','O:28:\"ActionScheduler_NullSchedule\":0:{}',2,1,'2022-06-25 06:12:30','2022-06-25 06:12:30',0,NULL),(109,'wp_mail_smtp_admin_notifications_update','complete','0000-00-00 00:00:00','0000-00-00 00:00:00','[8]','O:28:\"ActionScheduler_NullSchedule\":0:{}',3,1,'2022-06-25 06:12:45','2022-06-25 06:12:45',0,NULL),(110,'wpforms_admin_notifications_update','complete','0000-00-00 00:00:00','0000-00-00 00:00:00','{\"tasks_meta_id\":35}','O:28:\"ActionScheduler_NullSchedule\":0:{}',2,1,'2022-06-25 06:12:45','2022-06-25 06:12:45',0,NULL),(111,'wpforms_process_forms_locator_save','complete','0000-00-00 00:00:00','0000-00-00 00:00:00','{\"tasks_meta_id\":36}','O:28:\"ActionScheduler_NullSchedule\":0:{}',2,1,'2022-06-26 11:21:35','2022-06-26 19:21:35',0,NULL),(112,'wpforms_process_forms_locator_scan','complete','2022-06-27 11:21:35','2022-06-27 11:21:35','{\"tasks_meta_id\":1}','O:32:\"ActionScheduler_IntervalSchedule\":5:{s:22:\"\0*\0scheduled_timestamp\";i:1656328895;s:18:\"\0*\0first_timestamp\";i:1654076190;s:13:\"\0*\0recurrence\";i:86400;s:49:\"\0ActionScheduler_IntervalSchedule\0start_timestamp\";i:1656328895;s:53:\"\0ActionScheduler_IntervalSchedule\0interval_in_seconds\";i:86400;}',2,1,'2022-06-27 13:24:10','2022-06-27 21:24:10',0,NULL),(113,'wpforms_email_summaries_fetch_info_blocks','pending','2022-07-03 11:21:35','2022-07-03 11:21:35','{\"tasks_meta_id\":null}','O:32:\"ActionScheduler_IntervalSchedule\":5:{s:22:\"\0*\0scheduled_timestamp\";i:1656847295;s:18:\"\0*\0first_timestamp\";i:1654404785;s:13:\"\0*\0recurrence\";i:604800;s:49:\"\0ActionScheduler_IntervalSchedule\0start_timestamp\";i:1656847295;s:53:\"\0ActionScheduler_IntervalSchedule\0interval_in_seconds\";i:604800;}',2,0,'0000-00-00 00:00:00','0000-00-00 00:00:00',0,NULL),(114,'wpforms_process_forms_locator_save','complete','0000-00-00 00:00:00','0000-00-00 00:00:00','{\"tasks_meta_id\":37}','O:28:\"ActionScheduler_NullSchedule\":0:{}',2,1,'2022-06-27 13:24:10','2022-06-27 21:24:10',0,NULL),(115,'wpforms_process_forms_locator_scan','pending','2022-06-28 13:24:10','2022-06-28 13:24:10','{\"tasks_meta_id\":1}','O:32:\"ActionScheduler_IntervalSchedule\":5:{s:22:\"\0*\0scheduled_timestamp\";i:1656422650;s:18:\"\0*\0first_timestamp\";i:1654076190;s:13:\"\0*\0recurrence\";i:86400;s:49:\"\0ActionScheduler_IntervalSchedule\0start_timestamp\";i:1656422650;s:53:\"\0ActionScheduler_IntervalSchedule\0interval_in_seconds\";i:86400;}',2,0,'0000-00-00 00:00:00','0000-00-00 00:00:00',0,NULL);

--
-- Table structure for table `wp_actionscheduler_claims`
--

CREATE TABLE `wp_actionscheduler_claims` (
  `claim_id` bigint(20) unsigned NOT NULL AUTO_INCREMENT,
  `date_created_gmt` datetime DEFAULT '0000-00-00 00:00:00',
  PRIMARY KEY (`claim_id`),
  KEY `date_created_gmt` (`date_created_gmt`)
) ENGINE=InnoDB AUTO_INCREMENT=1942 DEFAULT CHARSET=utf8mb4 COLLATE=utf8mb4_unicode_ci;

--
-- Dumping data for table `wp_actionscheduler_claims`
--


--
-- Table structure for table `wp_actionscheduler_groups`
--

CREATE TABLE `wp_actionscheduler_groups` (
  `group_id` bigint(20) unsigned NOT NULL AUTO_INCREMENT,
  `slug` varchar(255) COLLATE utf8mb4_unicode_ci NOT NULL,
  PRIMARY KEY (`group_id`),
  KEY `slug` (`slug`(191))
) ENGINE=InnoDB AUTO_INCREMENT=4 DEFAULT CHARSET=utf8mb4 COLLATE=utf8mb4_unicode_ci;

--
-- Dumping data for table `wp_actionscheduler_groups`
--

INSERT INTO `wp_actionscheduler_groups` VALUES (1,'action-scheduler-migration'),(2,'wpforms'),(3,'wp_mail_smtp');

--
-- Table structure for table `wp_actionscheduler_logs`
--

CREATE TABLE `wp_actionscheduler_logs` (
  `log_id` bigint(20) unsigned NOT NULL AUTO_INCREMENT,
  `action_id` bigint(20) unsigned NOT NULL,
  `message` text COLLATE utf8mb4_unicode_ci NOT NULL,
  `log_date_gmt` datetime DEFAULT '0000-00-00 00:00:00',
  `log_date_local` datetime DEFAULT '0000-00-00 00:00:00',
  PRIMARY KEY (`log_id`),
  KEY `action_id` (`action_id`),
  KEY `log_date_gmt` (`log_date_gmt`)
) ENGINE=InnoDB AUTO_INCREMENT=244 DEFAULT CHARSET=utf8mb4 COLLATE=utf8mb4_unicode_ci;

--
-- Dumping data for table `wp_actionscheduler_logs`
--

INSERT INTO `wp_actionscheduler_logs` VALUES (1,31,'action created','2022-06-01 09:35:26','2022-06-01 09:35:26'),(2,31,'action started via WP Cron','2022-06-01 09:36:29','2022-06-01 09:36:29'),(3,31,'action complete via WP Cron','2022-06-01 09:36:29','2022-06-01 09:36:29'),(4,32,'action created','2022-06-01 09:36:30','2022-06-01 09:36:30'),(5,33,'action created','2022-06-01 09:36:30','2022-06-01 09:36:30'),(6,34,'action created','2022-06-01 09:36:30','2022-06-01 09:36:30'),(7,35,'action created','2022-06-01 09:36:30','2022-06-01 09:36:30'),(8,36,'action created','2022-06-01 09:36:30','2022-06-01 09:36:30'),(9,34,'action started via WP Cron','2022-06-01 09:37:06','2022-06-01 09:37:06'),(10,34,'action complete via WP Cron','2022-06-01 09:37:06','2022-06-01 09:37:06'),(11,32,'action started via WP Cron','2022-06-01 09:37:06','2022-06-01 09:37:06'),(12,32,'action complete via WP Cron','2022-06-01 09:37:06','2022-06-01 09:37:06'),(13,37,'action created','2022-06-01 09:37:06','2022-06-01 09:37:06'),(14,37,'action started via WP Cron','2022-06-02 10:41:02','2022-06-02 10:41:02'),(15,37,'action complete via WP Cron','2022-06-02 10:41:02','2022-06-02 10:41:02'),(16,38,'action created','2022-06-02 10:41:02','2022-06-02 10:41:02'),(17,39,'action created','2022-06-02 10:44:10','2022-06-02 10:44:10'),(18,39,'action started via WP Cron','2022-06-02 10:45:09','2022-06-02 10:45:09'),(19,39,'action complete via WP Cron','2022-06-02 10:45:09','2022-06-02 10:45:09'),(20,40,'action created','2022-06-02 11:01:36','2022-06-02 11:01:36'),(21,38,'action started via WP Cron','2022-06-03 19:40:56','2022-06-03 19:40:56'),(22,41,'action created','2022-06-03 19:40:56','2022-06-03 19:40:56'),(23,38,'action complete via WP Cron','2022-06-03 19:40:56','2022-06-03 19:40:56'),(24,42,'action created','2022-06-03 19:40:56','2022-06-03 19:40:56'),(25,41,'action started via WP Cron','2022-06-03 19:40:56','2022-06-03 19:40:56'),(26,41,'action complete via WP Cron','2022-06-03 19:40:56','2022-06-03 19:40:56'),(27,43,'action created','2022-06-04 13:06:19','2022-06-04 13:06:19'),(28,43,'action started via Async Request','2022-06-04 13:06:26','2022-06-04 13:06:26'),(29,43,'action complete via Async Request','2022-06-04 13:06:26','2022-06-04 13:06:26'),(30,42,'action started via WP Cron','2022-06-05 01:33:11','2022-06-05 01:33:11'),(31,44,'action created','2022-06-05 01:33:11','2022-06-05 01:33:11'),(32,42,'action complete via WP Cron','2022-06-05 01:33:11','2022-06-05 01:33:11'),(33,45,'action created','2022-06-05 01:33:11','2022-06-05 01:33:11'),(34,44,'action started via WP Cron','2022-06-05 01:33:11','2022-06-05 01:33:11'),(35,44,'action complete via WP Cron','2022-06-05 01:33:11','2022-06-05 01:33:11'),(36,33,'action started via WP Cron','2022-06-05 08:45:51','2022-06-05 08:45:51'),(37,33,'action complete via WP Cron','2022-06-05 08:45:52','2022-06-05 08:45:52'),(38,46,'action created','2022-06-05 08:45:52','2022-06-05 08:45:52'),(39,45,'action started via WP Cron','2022-06-06 14:45:04','2022-06-06 14:45:04'),(40,47,'action created','2022-06-06 14:45:04','2022-06-06 14:45:04'),(41,45,'action complete via WP Cron','2022-06-06 14:45:04','2022-06-06 14:45:04'),(42,48,'action created','2022-06-06 14:45:04','2022-06-06 14:45:04'),(43,47,'action started via WP Cron','2022-06-06 14:45:04','2022-06-06 14:45:04'),(44,47,'action complete via WP Cron','2022-06-06 14:45:04','2022-06-06 14:45:04'),(45,49,'action created','2022-06-07 05:17:38','2022-06-07 05:17:38'),(46,49,'action started via WP Cron','2022-06-07 06:12:34','2022-06-07 06:12:34'),(47,49,'action complete via WP Cron','2022-06-07 06:12:35','2022-06-07 06:12:35'),(48,48,'action started via WP Cron','2022-06-07 19:38:55','2022-06-07 19:38:55'),(49,50,'action created','2022-06-07 19:38:55','2022-06-07 19:38:55'),(50,48,'action complete via WP Cron','2022-06-07 19:38:55','2022-06-07 19:38:55'),(51,51,'action created','2022-06-07 19:38:55','2022-06-07 19:38:55'),(52,50,'action started via WP Cron','2022-06-07 19:38:55','2022-06-07 19:38:55'),(53,50,'action complete via WP Cron','2022-06-07 19:38:55','2022-06-07 19:38:55'),(54,35,'action started via WP Cron','2022-06-08 09:38:05','2022-06-08 09:38:05'),(55,35,'action complete via WP Cron','2022-06-08 09:38:05','2022-06-08 09:38:05'),(56,52,'action created','2022-06-08 09:38:05','2022-06-08 09:38:05'),(57,36,'action started via WP Cron','2022-06-08 09:38:05','2022-06-08 09:38:05'),(58,36,'action complete via WP Cron','2022-06-08 09:38:05','2022-06-08 09:38:05'),(59,53,'action created','2022-06-08 09:38:05','2022-06-08 09:38:05'),(60,51,'action started via WP Cron','2022-06-08 19:41:26','2022-06-08 19:41:26'),(61,54,'action created','2022-06-08 19:41:26','2022-06-08 19:41:26'),(62,51,'action complete via WP Cron','2022-06-08 19:41:26','2022-06-08 19:41:26'),(63,55,'action created','2022-06-08 19:41:26','2022-06-08 19:41:26'),(64,54,'action started via WP Cron','2022-06-08 19:41:26','2022-06-08 19:41:26'),(65,54,'action complete via WP Cron','2022-06-08 19:41:26','2022-06-08 19:41:26'),(66,40,'action started via WP Cron','2022-06-09 19:39:27','2022-06-09 19:39:27'),(67,40,'action complete via WP Cron','2022-06-09 19:39:28','2022-06-09 19:39:28'),(68,56,'action created','2022-06-09 19:39:28','2022-06-09 19:39:28'),(69,55,'action started via WP Cron','2022-06-09 21:46:56','2022-06-09 21:46:56'),(70,57,'action created','2022-06-09 21:46:56','2022-06-09 21:46:56'),(71,55,'action complete via WP Cron','2022-06-09 21:46:56','2022-06-09 21:46:56'),(72,58,'action created','2022-06-09 21:46:56','2022-06-09 21:46:56'),(73,57,'action started via WP Cron','2022-06-09 21:46:56','2022-06-09 21:46:56'),(74,57,'action complete via WP Cron','2022-06-09 21:46:56','2022-06-09 21:46:56'),(75,58,'action started via WP Cron','2022-06-11 01:34:42','2022-06-11 01:34:42'),(76,59,'action created','2022-06-11 01:34:42','2022-06-11 01:34:42'),(77,58,'action complete via WP Cron','2022-06-11 01:34:42','2022-06-11 01:34:42'),(78,60,'action created','2022-06-11 01:34:42','2022-06-11 01:34:42'),(79,59,'action started via WP Cron','2022-06-11 01:34:42','2022-06-11 01:34:42'),(80,59,'action complete via WP Cron','2022-06-11 01:34:42','2022-06-11 01:34:42'),(81,60,'action started via WP Cron','2022-06-12 08:32:18','2022-06-12 08:32:18'),(82,61,'action created','2022-06-12 08:32:18','2022-06-12 08:32:18'),(83,60,'action complete via WP Cron','2022-06-12 08:32:18','2022-06-12 08:32:18'),(84,62,'action created','2022-06-12 08:32:18','2022-06-12 08:32:18'),(85,61,'action started via WP Cron','2022-06-12 08:32:19','2022-06-12 08:32:19'),(86,61,'action complete via WP Cron','2022-06-12 08:32:19','2022-06-12 08:32:19'),(87,63,'action created','2022-06-12 08:34:35','2022-06-12 08:34:35'),(88,63,'action started via WP Cron','2022-06-12 08:35:40','2022-06-12 08:35:40'),(89,63,'action complete via WP Cron','2022-06-12 08:35:40','2022-06-12 08:35:40'),(90,46,'action started via WP Cron','2022-06-12 08:46:03','2022-06-12 08:46:03'),(91,46,'action complete via WP Cron','2022-06-12 08:46:03','2022-06-12 08:46:03'),(92,64,'action created','2022-06-12 08:46:03','2022-06-12 08:46:03'),(93,62,'action started via WP Cron','2022-06-13 12:08:19','2022-06-13 12:08:19'),(94,65,'action created','2022-06-13 12:08:19','2022-06-13 12:08:19'),(95,62,'action complete via WP Cron','2022-06-13 12:08:19','2022-06-13 12:08:19'),(96,66,'action created','2022-06-13 12:08:19','2022-06-13 12:08:19'),(97,65,'action started via WP Cron','2022-06-13 12:08:19','2022-06-13 12:08:19'),(98,65,'action complete via WP Cron','2022-06-13 12:08:19','2022-06-13 12:08:19'),(99,67,'action created','2022-06-13 12:10:15','2022-06-13 12:10:15'),(100,67,'action started via WP Cron','2022-06-13 12:11:12','2022-06-13 12:11:12'),(101,67,'action complete via WP Cron','2022-06-13 12:11:12','2022-06-13 12:11:12'),(102,68,'action created','2022-06-14 08:15:27','2022-06-14 08:15:27'),(103,69,'action created','2022-06-14 08:15:51','2022-06-14 08:15:51'),(104,69,'action started via WP Cron','2022-06-14 08:17:03','2022-06-14 08:17:03'),(105,69,'action complete via WP Cron','2022-06-14 08:17:03','2022-06-14 08:17:03'),(106,66,'action started via WP Cron','2022-06-14 13:06:13','2022-06-14 13:06:13'),(107,70,'action created','2022-06-14 13:06:13','2022-06-14 13:06:13'),(108,66,'action complete via WP Cron','2022-06-14 13:06:13','2022-06-14 13:06:13'),(109,71,'action created','2022-06-14 13:06:13','2022-06-14 13:06:13'),(110,70,'action started via WP Cron','2022-06-14 13:06:13','2022-06-14 13:06:13'),(111,70,'action complete via WP Cron','2022-06-14 13:06:13','2022-06-14 13:06:13'),(112,52,'action started via WP Cron','2022-06-15 19:45:12','2022-06-15 19:45:12'),(113,52,'action complete via WP Cron','2022-06-15 19:45:12','2022-06-15 19:45:12'),(114,72,'action created','2022-06-15 19:45:12','2022-06-15 19:45:12'),(115,53,'action started via WP Cron','2022-06-15 19:45:12','2022-06-15 19:45:12'),(116,53,'action complete via WP Cron','2022-06-15 19:45:12','2022-06-15 19:45:12'),(117,73,'action created','2022-06-15 19:45:12','2022-06-15 19:45:12'),(118,71,'action started via WP Cron','2022-06-15 19:45:12','2022-06-15 19:45:12'),(119,74,'action created','2022-06-15 19:45:12','2022-06-15 19:45:12'),(120,71,'action complete via WP Cron','2022-06-15 19:45:12','2022-06-15 19:45:12'),(121,75,'action created','2022-06-15 19:45:12','2022-06-15 19:45:12'),(122,74,'action started via WP Cron','2022-06-15 19:45:12','2022-06-15 19:45:12'),(123,74,'action complete via WP Cron','2022-06-15 19:45:12','2022-06-15 19:45:12'),(124,56,'action started via WP Cron','2022-06-16 22:20:39','2022-06-16 22:20:39'),(125,56,'action complete via WP Cron','2022-06-16 22:20:41','2022-06-16 22:20:41'),(126,76,'action created','2022-06-16 22:20:41','2022-06-16 22:20:41'),(127,75,'action started via WP Cron','2022-06-16 22:20:41','2022-06-16 22:20:41'),(128,77,'action created','2022-06-16 22:20:41','2022-06-16 22:20:41'),(129,75,'action complete via WP Cron','2022-06-16 22:20:41','2022-06-16 22:20:41'),(130,78,'action created','2022-06-16 22:20:41','2022-06-16 22:20:41'),(131,77,'action started via WP Cron','2022-06-16 22:20:41','2022-06-16 22:20:41'),(132,77,'action complete via WP Cron','2022-06-16 22:20:41','2022-06-16 22:20:41'),(133,79,'action created','2022-06-16 22:20:50','2022-06-16 22:20:50'),(134,80,'action created','2022-06-16 22:20:50','2022-06-16 22:20:50'),(135,79,'action started via WP Cron','2022-06-16 22:21:04','2022-06-16 22:21:04'),(136,79,'action complete via WP Cron','2022-06-16 22:21:04','2022-06-16 22:21:04'),(137,80,'action started via WP Cron','2022-06-16 22:21:04','2022-06-16 22:21:04'),(138,80,'action complete via WP Cron','2022-06-16 22:21:04','2022-06-16 22:21:04'),(139,78,'action started via WP Cron','2022-06-18 01:34:48','2022-06-18 01:34:48'),(140,81,'action created','2022-06-18 01:34:48','2022-06-18 01:34:48'),(141,78,'action complete via WP Cron','2022-06-18 01:34:48','2022-06-18 01:34:48'),(142,82,'action created','2022-06-18 01:34:48','2022-06-18 01:34:48'),(143,81,'action started via WP Cron','2022-06-18 01:34:48','2022-06-18 01:34:48'),(144,81,'action complete via WP Cron','2022-06-18 01:34:48','2022-06-18 01:34:48'),(145,82,'action started via WP Cron','2022-06-19 06:16:28','2022-06-19 06:16:28'),(146,83,'action created','2022-06-19 06:16:28','2022-06-19 06:16:28'),(147,82,'action complete via WP Cron','2022-06-19 06:16:28','2022-06-19 06:16:28'),(148,84,'action created','2022-06-19 06:16:28','2022-06-19 06:16:28'),(149,83,'action started via WP Cron','2022-06-19 06:16:28','2022-06-19 06:16:28'),(150,83,'action complete via WP Cron','2022-06-19 06:16:28','2022-06-19 06:16:28'),(151,85,'action created','2022-06-19 07:55:34','2022-06-19 07:55:34'),(152,86,'action created','2022-06-19 07:55:34','2022-06-19 07:55:34'),(153,85,'action started via WP Cron','2022-06-19 07:56:03','2022-06-19 07:56:03'),(154,85,'action complete via WP Cron','2022-06-19 07:56:04','2022-06-19 07:56:04'),(155,86,'action started via WP Cron','2022-06-19 07:56:04','2022-06-19 07:56:04'),(156,86,'action complete via WP Cron','2022-06-19 07:56:04','2022-06-19 07:56:04'),(157,64,'action started via WP Cron','2022-06-19 08:47:17','2022-06-19 08:47:17'),(158,64,'action complete via WP Cron','2022-06-19 08:47:17','2022-06-19 08:47:17'),(159,87,'action created','2022-06-19 08:47:17','2022-06-19 08:47:17'),(160,84,'action started via WP Cron','2022-06-20 07:47:42','2022-06-20 07:47:42'),(161,88,'action created','2022-06-20 07:47:42','2022-06-20 07:47:42'),(162,84,'action complete via WP Cron','2022-06-20 07:47:42','2022-06-20 07:47:42'),(163,89,'action created','2022-06-20 07:47:42','2022-06-20 07:47:42'),(164,88,'action started via WP Cron','2022-06-20 07:47:42','2022-06-20 07:47:42'),(165,88,'action complete via WP Cron','2022-06-20 07:47:42','2022-06-20 07:47:42'),(166,90,'action created','2022-06-20 07:59:03','2022-06-20 07:59:03'),(167,91,'action created','2022-06-20 07:59:03','2022-06-20 07:59:03'),(168,90,'action started via WP Cron','2022-06-20 07:59:03','2022-06-20 07:59:03'),(169,90,'action complete via WP Cron','2022-06-20 07:59:03','2022-06-20 07:59:03'),(170,91,'action started via WP Cron','2022-06-20 07:59:03','2022-06-20 07:59:03'),(171,91,'action complete via WP Cron','2022-06-20 07:59:04','2022-06-20 07:59:04'),(172,92,'action created','2022-06-20 09:56:37','2022-06-20 09:56:37'),(173,92,'action started via WP Cron','2022-06-20 09:57:51','2022-06-20 09:57:51'),(174,92,'action complete via WP Cron','2022-06-20 09:57:51','2022-06-20 09:57:51'),(175,68,'action started via WP Cron','2022-06-20 14:01:17','2022-06-20 14:01:17'),(176,68,'action complete via WP Cron','2022-06-20 14:01:17','2022-06-20 14:01:17'),(177,93,'action created','2022-06-20 14:01:17','2022-06-20 14:01:17'),(178,89,'action started via WP Cron','2022-06-21 19:40:41','2022-06-21 19:40:41'),(179,94,'action created','2022-06-21 19:40:41','2022-06-21 19:40:41'),(180,89,'action complete via WP Cron','2022-06-21 19:40:41','2022-06-21 19:40:41'),(181,95,'action created','2022-06-21 19:40:41','2022-06-21 19:40:41'),(182,94,'action started via WP Cron','2022-06-21 19:40:41','2022-06-21 19:40:41'),(183,94,'action complete via WP Cron','2022-06-21 19:40:41','2022-06-21 19:40:41'),(184,95,'action started via WP Cron','2022-06-23 01:33:45','2022-06-23 01:33:45'),(185,96,'action created','2022-06-23 01:33:45','2022-06-23 01:33:45'),(186,95,'action complete via WP Cron','2022-06-23 01:33:45','2022-06-23 01:33:45'),(187,97,'action created','2022-06-23 01:33:45','2022-06-23 01:33:45'),(188,72,'action started via WP Cron','2022-06-23 01:33:45','2022-06-23 01:33:45'),(189,72,'action complete via WP Cron','2022-06-23 01:33:45','2022-06-23 01:33:45'),(190,98,'action created','2022-06-23 01:33:45','2022-06-23 01:33:45'),(191,73,'action started via WP Cron','2022-06-23 01:33:45','2022-06-23 01:33:45'),(192,73,'action complete via WP Cron','2022-06-23 01:33:45','2022-06-23 01:33:45'),(193,99,'action created','2022-06-23 01:33:45','2022-06-23 01:33:45'),(194,96,'action started via WP Cron','2022-06-23 01:33:45','2022-06-23 01:33:45'),(195,96,'action complete via WP Cron','2022-06-23 01:33:45','2022-06-23 01:33:45'),(196,100,'action created','2022-06-23 08:43:34','2022-06-23 08:43:34'),(197,101,'action created','2022-06-23 08:43:34','2022-06-23 08:43:34'),(198,100,'action started via Async Request','2022-06-23 08:44:00','2022-06-23 08:44:00'),(199,100,'action complete via Async Request','2022-06-23 08:44:00','2022-06-23 08:44:00'),(200,101,'action started via Async Request','2022-06-23 08:44:00','2022-06-23 08:44:00'),(201,101,'action complete via Async Request','2022-06-23 08:44:00','2022-06-23 08:44:00'),(202,76,'action started via WP Cron','2022-06-24 02:27:53','2022-06-24 02:27:53'),(203,76,'action complete via WP Cron','2022-06-24 02:27:54','2022-06-24 02:27:54'),(204,102,'action created','2022-06-24 02:27:54','2022-06-24 02:27:54'),(205,97,'action started via WP Cron','2022-06-24 02:27:54','2022-06-24 02:27:54'),(206,103,'action created','2022-06-24 02:27:54','2022-06-24 02:27:54'),(207,97,'action complete via WP Cron','2022-06-24 02:27:54','2022-06-24 02:27:54'),(208,104,'action created','2022-06-24 02:27:54','2022-06-24 02:27:54'),(209,103,'action started via WP Cron','2022-06-24 02:27:54','2022-06-24 02:27:54'),(210,103,'action complete via WP Cron','2022-06-24 02:27:54','2022-06-24 02:27:54'),(211,104,'action started via WP Cron','2022-06-25 06:11:49','2022-06-25 06:11:49'),(212,105,'action created','2022-06-25 06:11:49','2022-06-25 06:11:49'),(213,104,'action complete via WP Cron','2022-06-25 06:11:49','2022-06-25 06:11:49'),(214,106,'action created','2022-06-25 06:11:49','2022-06-25 06:11:49'),(215,105,'action started via WP Cron','2022-06-25 06:11:49','2022-06-25 06:11:49'),(216,105,'action complete via WP Cron','2022-06-25 06:11:49','2022-06-25 06:11:49'),(217,107,'action created','2022-06-25 06:12:17','2022-06-25 06:12:17'),(218,108,'action created','2022-06-25 06:12:18','2022-06-25 06:12:18'),(219,107,'action started via WP Cron','2022-06-25 06:12:29','2022-06-25 06:12:29'),(220,107,'action complete via WP Cron','2022-06-25 06:12:30','2022-06-25 06:12:30'),(221,108,'action started via WP Cron','2022-06-25 06:12:30','2022-06-25 06:12:30'),(222,108,'action complete via WP Cron','2022-06-25 06:12:30','2022-06-25 06:12:30'),(223,109,'action created','2022-06-25 06:12:30','2022-06-25 06:12:30'),(224,110,'action created','2022-06-25 06:12:30','2022-06-25 06:12:30'),(225,109,'action started via WP Cron','2022-06-25 06:12:45','2022-06-25 06:12:45'),(226,109,'action complete via WP Cron','2022-06-25 06:12:45','2022-06-25 06:12:45'),(227,110,'action started via WP Cron','2022-06-25 06:12:45','2022-06-25 06:12:45'),(228,110,'action complete via WP Cron','2022-06-25 06:12:45','2022-06-25 06:12:45'),(229,106,'action started via WP Cron','2022-06-26 11:21:34','2022-06-26 11:21:34'),(230,111,'action created','2022-06-26 11:21:35','2022-06-26 11:21:35'),(231,106,'action complete via WP Cron','2022-06-26 11:21:35','2022-06-26 11:21:35'),(232,112,'action created','2022-06-26 11:21:35','2022-06-26 11:21:35'),(233,87,'action started via WP Cron','2022-06-26 11:21:35','2022-06-26 11:21:35'),(234,87,'action complete via WP Cron','2022-06-26 11:21:35','2022-06-26 11:21:35'),(235,113,'action created','2022-06-26 11:21:35','2022-06-26 11:21:35'),(236,111,'action started via WP Cron','2022-06-26 11:21:35','2022-06-26 11:21:35'),(237,111,'action complete via WP Cron','2022-06-26 11:21:35','2022-06-26 11:21:35'),(238,112,'action started via WP Cron','2022-06-27 13:24:10','2022-06-27 13:24:10'),(239,114,'action created','2022-06-27 13:24:10','2022-06-27 13:24:10'),(240,112,'action complete via WP Cron','2022-06-27 13:24:10','2022-06-27 13:24:10'),(241,115,'action created','2022-06-27 13:24:10','2022-06-27 13:24:10'),(242,114,'action started via WP Cron','2022-06-27 13:24:10','2022-06-27 13:24:10'),(243,114,'action complete via WP Cron','2022-06-27 13:24:10','2022-06-27 13:24:10');

--
-- Table structure for table `wp_commentmeta`
--

CREATE TABLE `wp_commentmeta` (
  `meta_id` bigint(20) unsigned NOT NULL AUTO_INCREMENT,
  `comment_id` bigint(20) unsigned NOT NULL DEFAULT 0,
  `meta_key` varchar(255) COLLATE utf8mb4_unicode_ci DEFAULT NULL,
  `meta_value` longtext COLLATE utf8mb4_unicode_ci DEFAULT NULL,
  PRIMARY KEY (`meta_id`),
  KEY `comment_id` (`comment_id`),
  KEY `meta_key` (`meta_key`(191))
) ENGINE=InnoDB DEFAULT CHARSET=utf8mb4 COLLATE=utf8mb4_unicode_ci;

--
-- Dumping data for table `wp_commentmeta`
--


--
-- Table structure for table `wp_comments`
--

CREATE TABLE `wp_comments` (
  `comment_ID` bigint(20) unsigned NOT NULL AUTO_INCREMENT,
  `comment_post_ID` bigint(20) unsigned NOT NULL DEFAULT 0,
  `comment_author` tinytext COLLATE utf8mb4_unicode_ci NOT NULL,
  `comment_author_email` varchar(100) COLLATE utf8mb4_unicode_ci NOT NULL DEFAULT '',
  `comment_author_url` varchar(200) COLLATE utf8mb4_unicode_ci NOT NULL DEFAULT '',
  `comment_author_IP` varchar(100) COLLATE utf8mb4_unicode_ci NOT NULL DEFAULT '',
  `comment_date` datetime NOT NULL DEFAULT '0000-00-00 00:00:00',
  `comment_date_gmt` datetime NOT NULL DEFAULT '0000-00-00 00:00:00',
  `comment_content` text COLLATE utf8mb4_unicode_ci NOT NULL,
  `comment_karma` int(11) NOT NULL DEFAULT 0,
  `comment_approved` varchar(20) COLLATE utf8mb4_unicode_ci NOT NULL DEFAULT '1',
  `comment_agent` varchar(255) COLLATE utf8mb4_unicode_ci NOT NULL DEFAULT '',
  `comment_type` varchar(20) COLLATE utf8mb4_unicode_ci NOT NULL DEFAULT 'comment',
  `comment_parent` bigint(20) unsigned NOT NULL DEFAULT 0,
  `user_id` bigint(20) unsigned NOT NULL DEFAULT 0,
  PRIMARY KEY (`comment_ID`),
  KEY `comment_post_ID` (`comment_post_ID`),
  KEY `comment_approved_date_gmt` (`comment_approved`,`comment_date_gmt`),
  KEY `comment_date_gmt` (`comment_date_gmt`),
  KEY `comment_parent` (`comment_parent`),
  KEY `comment_author_email` (`comment_author_email`(10))
) ENGINE=InnoDB AUTO_INCREMENT=2 DEFAULT CHARSET=utf8mb4 COLLATE=utf8mb4_unicode_ci;

--
-- Dumping data for table `wp_comments`
--

INSERT INTO `wp_comments` VALUES (1,1,'A WordPress Commenter','wapuu@wordpress.example','https://wordpress.org/','','2022-05-27 02:43:16','2022-05-27 02:43:16','Hi, this is a comment.\nTo get started with moderating, editing, and deleting comments, please visit the Comments screen in the dashboard.\nCommenter avatars come from <a href=\"https://en.gravatar.com/\">Gravatar</a>.',0,'1','','comment',0,0);

--
-- Table structure for table `wp_e_events`
--

CREATE TABLE `wp_e_events` (
  `id` bigint(20) unsigned NOT NULL AUTO_INCREMENT,
  `event_data` text COLLATE utf8mb4_unicode_ci DEFAULT NULL,
  `created_at` datetime NOT NULL,
  PRIMARY KEY (`id`),
  KEY `created_at_index` (`created_at`)
) ENGINE=InnoDB DEFAULT CHARSET=utf8mb4 COLLATE=utf8mb4_unicode_ci;

--
-- Dumping data for table `wp_e_events`
--


--
-- Table structure for table `wp_icwp_wpsf_at_logs`
--

CREATE TABLE `wp_icwp_wpsf_at_logs` (
  `id` int(11) unsigned NOT NULL AUTO_INCREMENT COMMENT 'Primary ID',
  `req_ref` int(11) unsigned NOT NULL COMMENT 'Foreign Key For Primary ID',
  `site_id` int(11) unsigned NOT NULL DEFAULT 1 COMMENT 'Site ID',
  `event_slug` varchar(120) COLLATE utf8mb4_unicode_ci NOT NULL DEFAULT '' COMMENT 'Event Slug',
  `updated_at` int(15) unsigned NOT NULL DEFAULT 0 COMMENT 'Last Updated',
  `created_at` int(15) unsigned NOT NULL DEFAULT 0 COMMENT 'Created',
  PRIMARY KEY (`id`),
  KEY `req_ref` (`req_ref`),
  CONSTRAINT `wp_icwp_wpsf_at_logs_ibfk_1` FOREIGN KEY (`req_ref`) REFERENCES `wp_icwp_wpsf_req_logs` (`id`) ON DELETE CASCADE ON UPDATE CASCADE
) ENGINE=InnoDB AUTO_INCREMENT=356 DEFAULT CHARSET=utf8mb4 COLLATE=utf8mb4_unicode_ci;

--
-- Dumping data for table `wp_icwp_wpsf_at_logs`
--

INSERT INTO `wp_icwp_wpsf_at_logs` VALUES (1,4,1,'email_attempt_send',1655733676,1655733676),(2,4,1,'email_attempt_send',1655733676,1655733676),(3,10,1,'hide_login_url',1655738667,1655738667),(4,15,1,'antibot_pass',1655738708,1655738708),(5,15,1,'user_form_bot_pass',1655738708,1655738708),(6,15,1,'login_success',1655738708,1655738708),(7,15,1,'user_login',1655738708,1655738708),(8,15,1,'email_attempt_send',1655738708,1655738708),(9,16,1,'post_updated',1655739663,1655739663),(10,16,1,'post_updated',1655739663,1655739663),(11,16,1,'post_updated',1655739663,1655739663),(12,17,1,'post_updated',1655740180,1655740180),(13,17,1,'post_updated',1655740180,1655740180),(14,17,1,'post_updated',1655740180,1655740180),(15,18,1,'post_updated',1655740221,1655740221),(16,18,1,'post_updated',1655740221,1655740221),(17,18,1,'post_updated',1655740221,1655740221),(18,19,1,'post_updated',1655740439,1655740439),(19,19,1,'post_updated',1655740439,1655740439),(20,19,1,'post_updated',1655740439,1655740439),(21,20,1,'post_updated',1655740759,1655740759),(22,20,1,'post_updated',1655740759,1655740759),(23,20,1,'post_updated',1655740759,1655740759),(24,40,1,'email_attempt_send',1655926827,1655926827),(25,40,1,'plugin_upgraded',1655926827,1655926827),(26,46,1,'antibot_pass',1655973808,1655973808),(27,46,1,'user_form_bot_pass',1655973808,1655973808),(28,46,1,'login_success',1655973808,1655973808),(29,46,1,'user_login',1655973808,1655973808),(30,46,1,'email_attempt_send',1655973808,1655973808),(31,47,1,'login_success',1655973814,1655973814),(32,47,1,'user_login',1655973814,1655973814),(33,47,1,'email_attempt_send',1655973814,1655973814),(34,51,1,'post_updated',1655974121,1655974121),(35,51,1,'post_updated',1655974121,1655974121),(36,51,1,'post_updated',1655974121,1655974121),(37,52,1,'post_updated',1655974169,1655974169),(38,52,1,'post_updated',1655974169,1655974169),(39,52,1,'post_updated',1655974169,1655974169),(40,53,1,'post_updated',1655974268,1655974268),(41,53,1,'post_updated',1655974268,1655974268),(42,53,1,'post_updated',1655974268,1655974268),(43,58,1,'post_updated',1655974359,1655974359),(44,58,1,'post_updated',1655974359,1655974359),(45,58,1,'post_updated',1655974359,1655974359),(46,60,1,'post_updated',1655974395,1655974395),(47,60,1,'post_updated',1655974395,1655974395),(48,60,1,'post_updated',1655974395,1655974395),(49,64,1,'post_updated',1655974423,1655974423),(50,64,1,'post_updated',1655974423,1655974423),(51,64,1,'post_updated',1655974423,1655974423),(52,67,1,'post_updated',1655974597,1655974597),(53,67,1,'post_updated',1655974597,1655974597),(54,67,1,'post_updated',1655974597,1655974597),(55,70,1,'post_updated',1655974674,1655974674),(56,70,1,'post_updated',1655974674,1655974674),(57,70,1,'post_updated',1655974674,1655974674),(58,75,1,'post_updated',1655975019,1655975019),(59,75,1,'post_updated',1655975019,1655975019),(60,75,1,'post_updated',1655975019,1655975019),(61,78,1,'post_updated',1655975217,1655975217),(62,78,1,'post_updated',1655975217,1655975217),(63,78,1,'post_updated',1655975217,1655975217),(64,79,1,'post_updated',1655975387,1655975387),(65,79,1,'post_updated',1655975387,1655975387),(66,79,1,'post_updated',1655975387,1655975387),(67,80,1,'post_updated',1655975422,1655975422),(68,80,1,'post_updated',1655975422,1655975422),(69,80,1,'post_updated',1655975422,1655975422),(70,84,1,'post_updated',1655975467,1655975467),(71,84,1,'post_updated',1655975467,1655975467),(72,84,1,'post_updated',1655975467,1655975467),(73,88,1,'post_updated',1655975516,1655975516),(74,88,1,'post_updated',1655975516,1655975516),(75,88,1,'post_updated',1655975516,1655975516),(76,93,1,'post_updated',1655976043,1655976043),(77,93,1,'post_updated',1655976043,1655976043),(78,93,1,'post_updated',1655976043,1655976043),(79,94,1,'post_updated',1655976092,1655976092),(80,94,1,'post_updated',1655976092,1655976092),(81,94,1,'post_updated',1655976092,1655976092),(82,95,1,'post_updated',1655976372,1655976372),(83,95,1,'post_updated',1655976372,1655976372),(84,95,1,'post_updated',1655976372,1655976372),(85,96,1,'post_updated',1655976742,1655976742),(86,96,1,'post_updated',1655976742,1655976742),(87,96,1,'post_updated',1655976742,1655976742),(88,97,1,'post_updated',1655976778,1655976778),(89,97,1,'post_updated',1655976778,1655976778),(90,97,1,'post_updated',1655976778,1655976778),(91,98,1,'post_updated',1655976919,1655976919),(92,98,1,'post_updated',1655976919,1655976919),(93,98,1,'post_updated',1655976919,1655976919),(94,99,1,'post_updated',1655977059,1655977059),(95,99,1,'post_updated',1655977059,1655977059),(96,99,1,'post_updated',1655977059,1655977059),(97,100,1,'post_updated',1655977214,1655977214),(98,100,1,'post_updated',1655977214,1655977214),(99,100,1,'post_updated',1655977214,1655977214),(100,101,1,'post_updated',1655977337,1655977337),(101,101,1,'post_updated',1655977337,1655977337),(102,101,1,'post_updated',1655977337,1655977337),(103,102,1,'post_updated',1655977426,1655977426),(104,102,1,'post_updated',1655977426,1655977426),(105,102,1,'post_updated',1655977426,1655977426),(106,103,1,'post_updated',1655977471,1655977471),(107,103,1,'post_updated',1655977471,1655977471),(108,103,1,'post_updated',1655977471,1655977471),(109,104,1,'post_updated',1655977683,1655977683),(110,104,1,'post_updated',1655977683,1655977683),(111,104,1,'post_updated',1655977683,1655977683),(112,105,1,'post_updated',1655977724,1655977724),(113,105,1,'post_updated',1655977724,1655977724),(114,105,1,'post_updated',1655977724,1655977724),(115,106,1,'post_updated',1655977811,1655977811),(116,106,1,'post_updated',1655977811,1655977811),(117,106,1,'post_updated',1655977811,1655977811),(118,107,1,'post_updated',1655977892,1655977892),(119,107,1,'post_updated',1655977892,1655977892),(120,107,1,'post_updated',1655977892,1655977892),(121,108,1,'post_updated',1655978022,1655978022),(122,108,1,'post_updated',1655978022,1655978022),(123,108,1,'post_updated',1655978022,1655978022),(124,109,1,'post_updated',1655978057,1655978057),(125,109,1,'post_updated',1655978057,1655978057),(126,109,1,'post_updated',1655978057,1655978057),(127,110,1,'post_updated',1655978151,1655978151),(128,110,1,'post_updated',1655978151,1655978151),(129,110,1,'post_updated',1655978151,1655978151),(130,111,1,'post_updated',1655978215,1655978215),(131,111,1,'post_updated',1655978215,1655978215),(132,111,1,'post_updated',1655978215,1655978215),(133,121,1,'bottrack_invalidscript',1655978282,1655978282),(134,122,1,'hide_login_url',1655978282,1655978282),(135,126,1,'antibot_pass',1655993046,1655993046),(136,126,1,'user_form_bot_pass',1655993046,1655993046),(137,126,1,'login_success',1655993046,1655993046),(138,126,1,'user_login',1655993046,1655993046),(139,126,1,'email_attempt_send',1655993046,1655993046),(140,129,1,'post_updated',1655994820,1655994820),(141,129,1,'post_updated',1655994820,1655994820),(142,129,1,'post_updated',1655994820,1655994820),(143,130,1,'post_updated',1655994864,1655994864),(144,130,1,'post_updated',1655994864,1655994864),(145,130,1,'post_updated',1655994864,1655994864),(146,133,1,'post_updated',1655996274,1655996274),(147,133,1,'post_updated',1655996274,1655996274),(148,133,1,'post_updated',1655996274,1655996274),(149,134,1,'post_updated',1655996289,1655996289),(150,134,1,'post_updated',1655996289,1655996289),(151,134,1,'post_updated',1655996289,1655996289),(152,137,1,'post_updated',1655996562,1655996562),(153,137,1,'post_updated',1655996562,1655996562),(154,137,1,'post_updated',1655996562,1655996562),(155,138,1,'post_updated',1655996650,1655996650),(156,138,1,'post_updated',1655996650,1655996650),(157,138,1,'post_updated',1655996650,1655996650),(158,139,1,'post_updated',1655996672,1655996672),(159,139,1,'post_updated',1655996672,1655996672),(160,139,1,'post_updated',1655996672,1655996672),(161,140,1,'post_updated',1655996694,1655996694),(162,140,1,'post_updated',1655996694,1655996694),(163,140,1,'post_updated',1655996694,1655996694),(164,141,1,'post_updated',1655996735,1655996735),(165,141,1,'post_updated',1655996735,1655996735),(166,141,1,'post_updated',1655996735,1655996735),(167,142,1,'post_updated',1655996761,1655996761),(168,142,1,'post_updated',1655996761,1655996761),(169,142,1,'post_updated',1655996761,1655996761),(170,143,1,'post_updated',1655996883,1655996883),(171,143,1,'post_updated',1655996883,1655996883),(172,143,1,'post_updated',1655996883,1655996883),(173,144,1,'post_updated',1655996944,1655996944),(174,144,1,'post_updated',1655996944,1655996944),(175,144,1,'post_updated',1655996944,1655996944),(176,145,1,'post_updated',1655997032,1655997032),(177,145,1,'post_updated',1655997032,1655997032),(178,145,1,'post_updated',1655997032,1655997032),(179,146,1,'post_updated',1655997070,1655997070),(180,146,1,'post_updated',1655997070,1655997070),(181,146,1,'post_updated',1655997070,1655997070),(182,147,1,'post_updated',1655997094,1655997094),(183,147,1,'post_updated',1655997094,1655997094),(184,147,1,'post_updated',1655997094,1655997094),(185,148,1,'post_updated',1655997116,1655997116),(186,148,1,'post_updated',1655997116,1655997116),(187,148,1,'post_updated',1655997116,1655997116),(188,149,1,'post_updated',1655997124,1655997124),(189,149,1,'post_updated',1655997124,1655997124),(190,149,1,'post_updated',1655997124,1655997124),(191,150,1,'post_updated',1655997134,1655997134),(192,150,1,'post_updated',1655997134,1655997134),(193,150,1,'post_updated',1655997134,1655997134),(194,151,1,'post_updated',1655997241,1655997241),(195,151,1,'post_updated',1655997241,1655997241),(196,151,1,'post_updated',1655997241,1655997241),(197,152,1,'post_updated',1655997281,1655997281),(198,152,1,'post_updated',1655997281,1655997281),(199,152,1,'post_updated',1655997281,1655997281),(200,153,1,'post_updated',1655997480,1655997480),(201,153,1,'post_updated',1655997480,1655997480),(202,153,1,'post_updated',1655997480,1655997480),(203,154,1,'post_updated',1655998109,1655998109),(204,154,1,'post_updated',1655998109,1655998109),(205,154,1,'post_updated',1655998109,1655998109),(206,155,1,'post_updated',1655998186,1655998186),(207,155,1,'post_updated',1655998186,1655998186),(208,155,1,'post_updated',1655998186,1655998186),(209,156,1,'post_updated',1655998812,1655998812),(210,156,1,'post_updated',1655998812,1655998812),(211,156,1,'post_updated',1655998812,1655998812),(212,157,1,'post_updated',1655998831,1655998831),(213,157,1,'post_updated',1655998831,1655998831),(214,157,1,'post_updated',1655998831,1655998831),(215,158,1,'post_updated',1655998878,1655998878),(216,158,1,'post_updated',1655998878,1655998878),(217,158,1,'post_updated',1655998878,1655998878),(218,159,1,'post_updated',1655998903,1655998903),(219,159,1,'post_updated',1655998903,1655998903),(220,159,1,'post_updated',1655998903,1655998903),(221,160,1,'post_updated',1655998949,1655998949),(222,160,1,'post_updated',1655998949,1655998949),(223,160,1,'post_updated',1655998949,1655998949),(224,167,1,'post_updated',1656000660,1656000660),(225,167,1,'post_updated',1656000660,1656000660),(226,167,1,'post_updated',1656000660,1656000660),(227,170,1,'post_updated',1656001284,1656001284),(228,170,1,'post_updated',1656001284,1656001284),(229,170,1,'post_updated',1656001284,1656001284),(230,171,1,'post_updated',1656001508,1656001508),(231,171,1,'post_updated',1656001508,1656001508),(232,171,1,'post_updated',1656001508,1656001508),(233,172,1,'post_updated',1656001679,1656001679),(234,172,1,'post_updated',1656001679,1656001679),(235,172,1,'post_updated',1656001679,1656001679),(236,173,1,'post_updated',1656001746,1656001746),(237,173,1,'post_updated',1656001746,1656001746),(238,173,1,'post_updated',1656001746,1656001746),(239,174,1,'post_updated',1656001789,1656001789),(240,174,1,'post_updated',1656001789,1656001789),(241,174,1,'post_updated',1656001789,1656001789),(242,175,1,'post_updated',1656001841,1656001841),(243,175,1,'post_updated',1656001841,1656001841),(244,175,1,'post_updated',1656001841,1656001841),(245,176,1,'post_updated',1656001899,1656001899),(246,176,1,'post_updated',1656001899,1656001899),(247,176,1,'post_updated',1656001899,1656001899),(248,180,1,'post_updated',1656001968,1656001968),(249,180,1,'post_updated',1656001968,1656001968),(250,180,1,'post_updated',1656001968,1656001968),(251,192,1,'antibot_pass',1656037728,1656037728),(252,192,1,'user_form_bot_pass',1656037728,1656037728),(253,192,1,'login_success',1656037728,1656037728),(254,192,1,'user_login',1656037728,1656037728),(255,192,1,'email_attempt_send',1656037728,1656037728),(256,193,1,'post_updated',1656037869,1656037869),(257,193,1,'post_updated',1656037869,1656037869),(258,193,1,'post_updated',1656037869,1656037869),(259,194,1,'post_updated',1656037969,1656037969),(260,194,1,'post_updated',1656037969,1656037969),(261,194,1,'post_updated',1656037969,1656037969),(262,196,1,'post_updated',1656038020,1656038020),(263,196,1,'post_updated',1656038020,1656038020),(264,196,1,'post_updated',1656038020,1656038020),(265,199,1,'post_updated',1656038070,1656038070),(266,199,1,'post_updated',1656038070,1656038070),(267,199,1,'post_updated',1656038070,1656038070),(268,201,1,'post_updated',1656038121,1656038121),(269,201,1,'post_updated',1656038121,1656038121),(270,201,1,'post_updated',1656038121,1656038121),(271,203,1,'post_updated',1656038147,1656038147),(272,203,1,'post_updated',1656038147,1656038147),(273,203,1,'post_updated',1656038147,1656038147),(274,205,1,'post_updated',1656038310,1656038310),(275,205,1,'post_updated',1656038310,1656038310),(276,205,1,'post_updated',1656038310,1656038310),(277,206,1,'post_updated',1656038330,1656038330),(278,206,1,'post_updated',1656038330,1656038330),(279,206,1,'post_updated',1656038330,1656038330),(280,208,1,'post_updated',1656038342,1656038342),(281,208,1,'post_updated',1656038342,1656038342),(282,208,1,'post_updated',1656038342,1656038342),(283,211,1,'post_updated',1656038548,1656038548),(284,211,1,'post_updated',1656038548,1656038548),(285,211,1,'post_updated',1656038548,1656038548),(286,212,1,'post_updated',1656038600,1656038600),(287,212,1,'post_updated',1656038600,1656038600),(288,212,1,'post_updated',1656038600,1656038600),(289,214,1,'post_updated',1656038697,1656038697),(290,214,1,'post_updated',1656038697,1656038697),(291,214,1,'post_updated',1656038697,1656038697),(292,215,1,'post_updated',1656038737,1656038737),(293,215,1,'post_updated',1656038737,1656038737),(294,215,1,'post_updated',1656038737,1656038737),(295,216,1,'post_updated',1656039479,1656039479),(296,216,1,'post_updated',1656039479,1656039479),(297,216,1,'post_updated',1656039479,1656039479),(298,217,1,'post_updated',1656039517,1656039517),(299,217,1,'post_updated',1656039517,1656039517),(300,217,1,'post_updated',1656039517,1656039517),(301,218,1,'post_updated',1656039560,1656039560),(302,218,1,'post_updated',1656039560,1656039560),(303,218,1,'post_updated',1656039560,1656039560),(304,223,1,'post_updated',1656039770,1656039770),(305,223,1,'post_updated',1656039770,1656039770),(306,223,1,'post_updated',1656039770,1656039770),(307,224,1,'post_updated',1656039813,1656039813),(308,224,1,'post_updated',1656039813,1656039813),(309,224,1,'post_updated',1656039813,1656039813),(310,225,1,'post_updated',1656039871,1656039871),(311,225,1,'post_updated',1656039871,1656039871),(312,225,1,'post_updated',1656039871,1656039871),(313,227,1,'post_updated',1656039942,1656039942),(314,227,1,'post_updated',1656039942,1656039942),(315,227,1,'post_updated',1656039942,1656039942),(316,228,1,'post_updated',1656039988,1656039988),(317,228,1,'post_updated',1656039988,1656039988),(318,228,1,'post_updated',1656039988,1656039988),(319,229,1,'post_updated',1656040455,1656040455),(320,229,1,'post_updated',1656040455,1656040455),(321,229,1,'post_updated',1656040455,1656040455),(322,230,1,'post_updated',1656040579,1656040579),(323,230,1,'post_updated',1656040579,1656040579),(324,230,1,'post_updated',1656040579,1656040579),(325,233,1,'post_updated',1656040677,1656040677),(326,233,1,'post_updated',1656040677,1656040677),(327,233,1,'post_updated',1656040677,1656040677),(328,234,1,'post_updated',1656040861,1656040861),(329,234,1,'post_updated',1656040861,1656040861),(330,234,1,'post_updated',1656040861,1656040861),(331,235,1,'post_updated',1656040902,1656040902),(332,235,1,'post_updated',1656040902,1656040902),(333,235,1,'post_updated',1656040902,1656040902),(334,238,1,'post_updated',1656041061,1656041061),(335,238,1,'post_updated',1656041061,1656041061),(336,238,1,'post_updated',1656041061,1656041061),(337,240,1,'post_updated',1656041185,1656041185),(338,240,1,'post_updated',1656041185,1656041185),(339,240,1,'post_updated',1656041185,1656041185),(340,250,1,'antibot_pass',1656041946,1656041946),(341,250,1,'user_form_bot_pass',1656041946,1656041946),(342,250,1,'login_success',1656041946,1656041946),(343,250,1,'user_login',1656041946,1656041946),(344,250,1,'email_attempt_send',1656041946,1656041946),(345,251,1,'post_updated',1656042016,1656042016),(346,251,1,'post_updated',1656042016,1656042016),(347,251,1,'post_updated',1656042016,1656042016),(348,262,1,'antibot_pass',1656137533,1656137533),(349,262,1,'user_form_bot_pass',1656137533,1656137533),(350,262,1,'login_success',1656137533,1656137533),(351,262,1,'user_login',1656137533,1656137533),(352,262,1,'email_attempt_send',1656137533,1656137533),(353,263,1,'post_updated',1656137609,1656137609),(354,263,1,'post_updated',1656137609,1656137609),(355,276,1,'email_attempt_send',1656296373,1656296373);

--
-- Table structure for table `wp_icwp_wpsf_at_meta`
--

CREATE TABLE `wp_icwp_wpsf_at_meta` (
  `id` int(11) unsigned NOT NULL AUTO_INCREMENT COMMENT 'Primary ID',
  `log_ref` int(11) unsigned NOT NULL COMMENT 'Reference to primary log entry',
  `meta_key` varchar(32) COLLATE utf8mb4_unicode_ci NOT NULL DEFAULT '' COMMENT 'Meta Key',
  `meta_value` text COLLATE utf8mb4_unicode_ci DEFAULT NULL COMMENT 'Meta Data',
  PRIMARY KEY (`id`),
  KEY `log_ref` (`log_ref`),
  CONSTRAINT `wp_icwp_wpsf_at_meta_ibfk_1` FOREIGN KEY (`log_ref`) REFERENCES `wp_icwp_wpsf_at_logs` (`id`) ON DELETE CASCADE ON UPDATE CASCADE
) ENGINE=InnoDB AUTO_INCREMENT=1053 DEFAULT CHARSET=utf8mb4 COLLATE=utf8mb4_unicode_ci;

--
-- Dumping data for table `wp_icwp_wpsf_at_meta`
--

INSERT INTO `wp_icwp_wpsf_at_meta` VALUES (1,1,'to','it@medinex.com.sg'),(2,1,'subject','Your Weekly WPForms Summary for d36hk7ck-staging.dreamwp.com'),(3,1,'cc','-'),(4,1,'bcc','-'),(5,1,'bt_file','wp-content/plugins/wpforms-lite/src/Emails/Mailer.php'),(6,1,'bt_line','509'),(7,2,'to','it@medinex.com.sg'),(8,2,'subject','Your Weekly WP Mail SMTP Summary for d36hk7ck-staging.dreamwp.com'),(9,2,'cc','-'),(10,2,'bcc','-'),(11,2,'bt_file','wp-content/plugins/wp-mail-smtp/src/Reports/Emails/Summary.php'),(12,2,'bt_line','112'),(13,4,'score','100'),(14,4,'minimum','45'),(15,5,'form_provider','WordPress'),(16,5,'action','wordpress-login'),(17,5,'username','james'),(18,7,'user_login','james'),(19,8,'to','it@medinex.com.sg'),(20,8,'subject','[My blog] Notice - Administrator+ Just Logged Into https://d36hk7ck-staging.dreamwp.com'),(21,8,'cc','-'),(22,8,'bcc','-'),(23,8,'bt_file','wp-content/plugins/wp-simple-firewall/src/lib/src/Modules/Email/Processor.php'),(24,8,'bt_line','117'),(25,9,'title','En Bloc'),(26,9,'type','page'),(27,9,'uid','3'),(28,10,'title','En Bloc'),(29,10,'type','page'),(30,10,'uid','3'),(31,11,'title','En Bloc'),(32,11,'type','page'),(33,11,'uid','3'),(34,12,'title','En Bloc'),(35,12,'type','page'),(36,12,'uid','3'),(37,13,'title','En Bloc'),(38,13,'type','page'),(39,13,'uid','3'),(40,14,'title','En Bloc'),(41,14,'type','page'),(42,14,'uid','3'),(43,15,'title','En Bloc'),(44,15,'type','page'),(45,15,'uid','3'),(46,16,'title','En Bloc'),(47,16,'type','page'),(48,16,'uid','3'),(49,17,'title','En Bloc'),(50,17,'type','page'),(51,17,'uid','3'),(52,18,'title','En Bloc'),(53,18,'type','page'),(54,18,'uid','3'),(55,19,'title','En Bloc'),(56,19,'type','page'),(57,19,'uid','3'),(58,20,'title','En Bloc'),(59,20,'type','page'),(60,20,'uid','3'),(61,21,'title','En Bloc'),(62,21,'type','page'),(63,21,'uid','3'),(64,22,'title','En Bloc'),(65,22,'type','page'),(66,22,'uid','3'),(67,23,'title','En Bloc'),(68,23,'type','page'),(69,23,'uid','3'),(70,24,'to','it@medinex.com.sg'),(71,24,'subject','[My blog] Some plugins were automatically updated'),(72,24,'cc','-'),(73,24,'bcc','-'),(74,24,'bt_file','wp-admin/includes/class-wp-automatic-updater.php'),(75,24,'bt_line','1272'),(76,25,'plugin','wp-simple-firewall/icwp-wpsf.php'),(77,25,'from','15.1.4'),(78,25,'to','15.1.5'),(79,26,'score','100'),(80,26,'minimum','45'),(81,27,'form_provider','WordPress'),(82,27,'action','wordpress-login'),(83,27,'username','james'),(84,29,'user_login','james'),(85,30,'to','it@medinex.com.sg'),(86,30,'subject','[My blog] Notice - Administrator+ Just Logged Into https://d36hk7ck-staging.dreamwp.com'),(87,30,'cc','-'),(88,30,'bcc','-'),(89,30,'bt_file','wp-content/plugins/wp-simple-firewall/src/lib/src/Modules/Email/Processor.php'),(90,30,'bt_line','117'),(91,31,'uid','3'),(92,32,'user_login','james'),(93,32,'uid','3'),(94,33,'to','it@medinex.com.sg'),(95,33,'subject','[My blog] Notice - Administrator+ Just Logged Into https://d36hk7ck-staging.dreamwp.com'),(96,33,'cc','-'),(97,33,'bcc','-'),(98,33,'bt_file','wp-content/plugins/wp-simple-firewall/src/lib/src/Modules/Email/Processor.php'),(99,33,'bt_line','117'),(100,33,'uid','3'),(101,34,'title','En Bloc'),(102,34,'type','page'),(103,34,'uid','3'),(104,35,'title','En Bloc'),(105,35,'type','page'),(106,35,'uid','3'),(107,36,'title','En Bloc'),(108,36,'type','page'),(109,36,'uid','3'),(110,37,'title','En Bloc'),(111,37,'type','page'),(112,37,'uid','3'),(113,38,'title','En Bloc'),(114,38,'type','page'),(115,38,'uid','3'),(116,39,'title','En Bloc'),(117,39,'type','page'),(118,39,'uid','3'),(119,40,'title','GLS'),(120,40,'type','page'),(121,40,'uid','3'),(122,41,'title','GLS'),(123,41,'type','page'),(124,41,'uid','3'),(125,42,'title','GLS'),(126,42,'type','page'),(127,42,'uid','3'),(128,43,'title','GLS'),(129,43,'type','page'),(130,43,'uid','3'),(131,44,'title','GLS'),(132,44,'type','page'),(133,44,'uid','3'),(134,45,'title','GLS'),(135,45,'type','page'),(136,45,'uid','3'),(137,46,'title','GLS'),(138,46,'type','page'),(139,46,'uid','3'),(140,47,'title','GLS'),(141,47,'type','page'),(142,47,'uid','3'),(143,48,'title','GLS'),(144,48,'type','page'),(145,48,'uid','3'),(146,49,'title','GLS'),(147,49,'type','page'),(148,49,'uid','3'),(149,50,'title','GLS'),(150,50,'type','page'),(151,50,'uid','3'),(152,51,'title','GLS'),(153,51,'type','page'),(154,51,'uid','3'),(155,52,'title','GLS'),(156,52,'type','page'),(157,52,'uid','3'),(158,53,'title','GLS'),(159,53,'type','page'),(160,53,'uid','3'),(161,54,'title','GLS'),(162,54,'type','page'),(163,54,'uid','3'),(164,55,'title','GLS'),(165,55,'type','page'),(166,55,'uid','3'),(167,56,'title','GLS'),(168,56,'type','page'),(169,56,'uid','3'),(170,57,'title','GLS'),(171,57,'type','page'),(172,57,'uid','3'),(173,58,'title','En Bloc'),(174,58,'type','page'),(175,58,'uid','3'),(176,59,'title','En Bloc'),(177,59,'type','page'),(178,59,'uid','3'),(179,60,'title','En Bloc'),(180,60,'type','page'),(181,60,'uid','3'),(182,61,'title','En Bloc'),(183,61,'type','page'),(184,61,'uid','3'),(185,62,'title','En Bloc'),(186,62,'type','page'),(187,62,'uid','3'),(188,63,'title','En Bloc'),(189,63,'type','page'),(190,63,'uid','3'),(191,64,'title','En Bloc'),(192,64,'type','page'),(193,64,'uid','3'),(194,65,'title','En Bloc'),(195,65,'type','page'),(196,65,'uid','3'),(197,66,'title','En Bloc'),(198,66,'type','page'),(199,66,'uid','3'),(200,67,'title','En Bloc'),(201,67,'type','page'),(202,67,'uid','3'),(203,68,'title','En Bloc'),(204,68,'type','page'),(205,68,'uid','3'),(206,69,'title','En Bloc'),(207,69,'type','page'),(208,69,'uid','3'),(209,70,'title','En Bloc'),(210,70,'type','page'),(211,70,'uid','3'),(212,71,'title','En Bloc'),(213,71,'type','page'),(214,71,'uid','3'),(215,72,'title','En Bloc'),(216,72,'type','page'),(217,72,'uid','3'),(218,73,'title','En Bloc'),(219,73,'type','page'),(220,73,'uid','3'),(221,74,'title','En Bloc'),(222,74,'type','page'),(223,74,'uid','3'),(224,75,'title','En Bloc'),(225,75,'type','page'),(226,75,'uid','3'),(227,76,'title','En Bloc'),(228,76,'type','page'),(229,76,'uid','3'),(230,77,'title','En Bloc'),(231,77,'type','page'),(232,77,'uid','3'),(233,78,'title','En Bloc'),(234,78,'type','page'),(235,78,'uid','3'),(236,79,'title','En Bloc'),(237,79,'type','page'),(238,79,'uid','3'),(239,80,'title','En Bloc'),(240,80,'type','page'),(241,80,'uid','3'),(242,81,'title','En Bloc'),(243,81,'type','page'),(244,81,'uid','3'),(245,82,'title','En Bloc'),(246,82,'type','page'),(247,82,'uid','3'),(248,83,'title','En Bloc'),(249,83,'type','page'),(250,83,'uid','3'),(251,84,'title','En Bloc'),(252,84,'type','page'),(253,84,'uid','3'),(254,85,'title','En Bloc'),(255,85,'type','page'),(256,85,'uid','3'),(257,86,'title','En Bloc'),(258,86,'type','page'),(259,86,'uid','3'),(260,87,'title','En Bloc'),(261,87,'type','page'),(262,87,'uid','3'),(263,88,'title','En Bloc'),(264,88,'type','page'),(265,88,'uid','3'),(266,89,'title','En Bloc'),(267,89,'type','page'),(268,89,'uid','3'),(269,90,'title','En Bloc'),(270,90,'type','page'),(271,90,'uid','3'),(272,91,'title','En Bloc'),(273,91,'type','page'),(274,91,'uid','3'),(275,92,'title','En Bloc'),(276,92,'type','page'),(277,92,'uid','3'),(278,93,'title','En Bloc'),(279,93,'type','page'),(280,93,'uid','3'),(281,94,'title','En Bloc'),(282,94,'type','page'),(283,94,'uid','3'),(284,95,'title','En Bloc'),(285,95,'type','page'),(286,95,'uid','3'),(287,96,'title','En Bloc'),(288,96,'type','page'),(289,96,'uid','3'),(290,97,'title','En Bloc'),(291,97,'type','page'),(292,97,'uid','3'),(293,98,'title','En Bloc'),(294,98,'type','page'),(295,98,'uid','3'),(296,99,'title','En Bloc'),(297,99,'type','page'),(298,99,'uid','3'),(299,100,'title','En Bloc'),(300,100,'type','page'),(301,100,'uid','3'),(302,101,'title','En Bloc'),(303,101,'type','page'),(304,101,'uid','3'),(305,102,'title','En Bloc'),(306,102,'type','page'),(307,102,'uid','3'),(308,103,'title','En Bloc'),(309,103,'type','page'),(310,103,'uid','3'),(311,104,'title','En Bloc'),(312,104,'type','page'),(313,104,'uid','3'),(314,105,'title','En Bloc'),(315,105,'type','page'),(316,105,'uid','3'),(317,106,'title','En Bloc'),(318,106,'type','page'),(319,106,'uid','3'),(320,107,'title','En Bloc'),(321,107,'type','page'),(322,107,'uid','3'),(323,108,'title','En Bloc'),(324,108,'type','page'),(325,108,'uid','3'),(326,109,'title','En Bloc'),(327,109,'type','page'),(328,109,'uid','3'),(329,110,'title','En Bloc'),(330,110,'type','page'),(331,110,'uid','3'),(332,111,'title','En Bloc'),(333,111,'type','page'),(334,111,'uid','3'),(335,112,'title','En Bloc'),(336,112,'type','page'),(337,112,'uid','3'),(338,113,'title','En Bloc'),(339,113,'type','page'),(340,113,'uid','3'),(341,114,'title','En Bloc'),(342,114,'type','page'),(343,114,'uid','3'),(344,115,'title','En Bloc'),(345,115,'type','page'),(346,115,'uid','3'),(347,116,'title','En Bloc'),(348,116,'type','page'),(349,116,'uid','3'),(350,117,'title','En Bloc'),(351,117,'type','page'),(352,117,'uid','3'),(353,118,'title','En Bloc'),(354,118,'type','page'),(355,118,'uid','3'),(356,119,'title','En Bloc'),(357,119,'type','page'),(358,119,'uid','3'),(359,120,'title','En Bloc'),(360,120,'type','page'),(361,120,'uid','3'),(362,121,'title','En Bloc'),(363,121,'type','page'),(364,121,'uid','3'),(365,122,'title','En Bloc'),(366,122,'type','page'),(367,122,'uid','3'),(368,123,'title','En Bloc'),(369,123,'type','page'),(370,123,'uid','3'),(371,124,'title','En Bloc'),(372,124,'type','page'),(373,124,'uid','3'),(374,125,'title','En Bloc'),(375,125,'type','page'),(376,125,'uid','3'),(377,126,'title','En Bloc'),(378,126,'type','page'),(379,126,'uid','3'),(380,127,'title','En Bloc'),(381,127,'type','page'),(382,127,'uid','3'),(383,128,'title','En Bloc'),(384,128,'type','page'),(385,128,'uid','3'),(386,129,'title','En Bloc'),(387,129,'type','page'),(388,129,'uid','3'),(389,130,'title','En Bloc'),(390,130,'type','page'),(391,130,'uid','3'),(392,131,'title','En Bloc'),(393,131,'type','page'),(394,131,'uid','3'),(395,132,'title','En Bloc'),(396,132,'type','page'),(397,132,'uid','3'),(398,133,'script','profile.php'),(399,135,'score','100'),(400,135,'minimum','45'),(401,136,'form_provider','WordPress'),(402,136,'action','wordpress-login'),(403,136,'username','james'),(404,138,'user_login','james'),(405,139,'to','it@medinex.com.sg'),(406,139,'subject','[My blog] Notice - Administrator+ Just Logged Into https://d36hk7ck-staging.dreamwp.com'),(407,139,'cc','-'),(408,139,'bcc','-'),(409,139,'bt_file','wp-content/plugins/wp-simple-firewall/src/lib/src/Modules/Email/Processor.php'),(410,139,'bt_line','117'),(411,140,'title','En Bloc'),(412,140,'type','page'),(413,140,'uid','3'),(414,141,'title','En Bloc'),(415,141,'type','page'),(416,141,'uid','3'),(417,142,'title','En Bloc'),(418,142,'type','page'),(419,142,'uid','3'),(420,143,'title','En Bloc'),(421,143,'type','page'),(422,143,'uid','3'),(423,144,'title','En Bloc'),(424,144,'type','page'),(425,144,'uid','3'),(426,145,'title','En Bloc'),(427,145,'type','page'),(428,145,'uid','3'),(429,146,'title','En Bloc'),(430,146,'type','page'),(431,146,'uid','3'),(432,147,'title','En Bloc'),(433,147,'type','page'),(434,147,'uid','3'),(435,148,'title','En Bloc'),(436,148,'type','page'),(437,148,'uid','3'),(438,149,'title','En Bloc'),(439,149,'type','page'),(440,149,'uid','3'),(441,150,'title','En Bloc'),(442,150,'type','page'),(443,150,'uid','3'),(444,151,'title','En Bloc'),(445,151,'type','page'),(446,151,'uid','3'),(447,152,'title','En Bloc'),(448,152,'type','page'),(449,152,'uid','3'),(450,153,'title','En Bloc'),(451,153,'type','page'),(452,153,'uid','3'),(453,154,'title','En Bloc'),(454,154,'type','page'),(455,154,'uid','3'),(456,155,'title','En Bloc'),(457,155,'type','page'),(458,155,'uid','3'),(459,156,'title','En Bloc'),(460,156,'type','page'),(461,156,'uid','3'),(462,157,'title','En Bloc'),(463,157,'type','page'),(464,157,'uid','3'),(465,158,'title','En Bloc'),(466,158,'type','page'),(467,158,'uid','3'),(468,159,'title','En Bloc'),(469,159,'type','page'),(470,159,'uid','3'),(471,160,'title','En Bloc'),(472,160,'type','page'),(473,160,'uid','3'),(474,161,'title','En Bloc'),(475,161,'type','page'),(476,161,'uid','3'),(477,162,'title','En Bloc'),(478,162,'type','page'),(479,162,'uid','3'),(480,163,'title','En Bloc'),(481,163,'type','page'),(482,163,'uid','3'),(483,164,'title','En Bloc'),(484,164,'type','page'),(485,164,'uid','3'),(486,165,'title','En Bloc'),(487,165,'type','page'),(488,165,'uid','3'),(489,166,'title','En Bloc'),(490,166,'type','page'),(491,166,'uid','3'),(492,167,'title','En Bloc'),(493,167,'type','page'),(494,167,'uid','3'),(495,168,'title','En Bloc'),(496,168,'type','page'),(497,168,'uid','3'),(498,169,'title','En Bloc'),(499,169,'type','page'),(500,169,'uid','3'),(501,170,'title','En Bloc'),(502,170,'type','page'),(503,170,'uid','3'),(504,171,'title','En Bloc'),(505,171,'type','page'),(506,171,'uid','3'),(507,172,'title','En Bloc'),(508,172,'type','page'),(509,172,'uid','3'),(510,173,'title','En Bloc'),(511,173,'type','page'),(512,173,'uid','3'),(513,174,'title','En Bloc'),(514,174,'type','page'),(515,174,'uid','3'),(516,175,'title','En Bloc'),(517,175,'type','page'),(518,175,'uid','3'),(519,176,'title','GLS'),(520,176,'type','page'),(521,176,'uid','3'),(522,177,'title','GLS'),(523,177,'type','page'),(524,177,'uid','3'),(525,178,'title','GLS'),(526,178,'type','page'),(527,178,'uid','3'),(528,179,'title','GLS'),(529,179,'type','page'),(530,179,'uid','3'),(531,180,'title','GLS'),(532,180,'type','page'),(533,180,'uid','3'),(534,181,'title','GLS'),(535,181,'type','page'),(536,181,'uid','3'),(537,182,'title','GLS'),(538,182,'type','page'),(539,182,'uid','3'),(540,183,'title','GLS'),(541,183,'type','page'),(542,183,'uid','3'),(543,184,'title','GLS'),(544,184,'type','page'),(545,184,'uid','3'),(546,185,'title','GLS'),(547,185,'type','page'),(548,185,'uid','3'),(549,186,'title','GLS'),(550,186,'type','page'),(551,186,'uid','3'),(552,187,'title','GLS'),(553,187,'type','page'),(554,187,'uid','3'),(555,188,'title','GLS'),(556,188,'type','page'),(557,188,'uid','3'),(558,189,'title','GLS'),(559,189,'type','page'),(560,189,'uid','3'),(561,190,'title','GLS'),(562,190,'type','page'),(563,190,'uid','3'),(564,191,'title','GLS'),(565,191,'type','page'),(566,191,'uid','3'),(567,192,'title','GLS'),(568,192,'type','page'),(569,192,'uid','3'),(570,193,'title','GLS'),(571,193,'type','page'),(572,193,'uid','3'),(573,194,'title','Collections'),(574,194,'type','page'),(575,194,'uid','3'),(576,195,'title','Collections'),(577,195,'type','page'),(578,195,'uid','3'),(579,196,'title','Collections'),(580,196,'type','page'),(581,196,'uid','3'),(582,197,'title','Collections'),(583,197,'type','page'),(584,197,'uid','3'),(585,198,'title','Collections'),(586,198,'type','page'),(587,198,'uid','3'),(588,199,'title','Collections'),(589,199,'type','page'),(590,199,'uid','3'),(591,200,'title','Home'),(592,200,'type','page'),(593,200,'uid','3'),(594,201,'title','Home'),(595,201,'type','page'),(596,201,'uid','3'),(597,202,'title','Home'),(598,202,'type','page'),(599,202,'uid','3'),(600,203,'title','Home'),(601,203,'type','page'),(602,203,'uid','3'),(603,204,'title','Home'),(604,204,'type','page'),(605,204,'uid','3'),(606,205,'title','Home'),(607,205,'type','page'),(608,205,'uid','3'),(609,206,'title','Home'),(610,206,'type','page'),(611,206,'uid','3'),(612,207,'title','Home'),(613,207,'type','page'),(614,207,'uid','3'),(615,208,'title','Home'),(616,208,'type','page'),(617,208,'uid','3'),(618,209,'title','Home'),(619,209,'type','page'),(620,209,'uid','3'),(621,210,'title','Home'),(622,210,'type','page'),(623,210,'uid','3'),(624,211,'title','Home'),(625,211,'type','page'),(626,211,'uid','3'),(627,212,'title','Home'),(628,212,'type','page'),(629,212,'uid','3'),(630,213,'title','Home'),(631,213,'type','page'),(632,213,'uid','3'),(633,214,'title','Home'),(634,214,'type','page'),(635,214,'uid','3'),(636,215,'title','Home'),(637,215,'type','page'),(638,215,'uid','3'),(639,216,'title','Home'),(640,216,'type','page'),(641,216,'uid','3'),(642,217,'title','Home'),(643,217,'type','page'),(644,217,'uid','3'),(645,218,'title','Home'),(646,218,'type','page'),(647,218,'uid','3'),(648,219,'title','Home'),(649,219,'type','page'),(650,219,'uid','3'),(651,220,'title','Home'),(652,220,'type','page'),(653,220,'uid','3'),(654,221,'title','Home'),(655,221,'type','page'),(656,221,'uid','3'),(657,222,'title','Home'),(658,222,'type','page'),(659,222,'uid','3'),(660,223,'title','Home'),(661,223,'type','page'),(662,223,'uid','3'),(663,224,'title','Home'),(664,224,'type','page'),(665,224,'uid','3'),(666,225,'title','Home'),(667,225,'type','page'),(668,225,'uid','3'),(669,226,'title','Home'),(670,226,'type','page'),(671,226,'uid','3'),(672,227,'title','Resources'),(673,227,'type','page'),(674,227,'uid','3'),(675,228,'title','Resources'),(676,228,'type','page'),(677,228,'uid','3'),(678,229,'title','Resources'),(679,229,'type','page'),(680,229,'uid','3'),(681,230,'title','Resources'),(682,230,'type','page'),(683,230,'uid','3'),(684,231,'title','Resources'),(685,231,'type','page'),(686,231,'uid','3'),(687,232,'title','Resources'),(688,232,'type','page'),(689,232,'uid','3'),(690,233,'title','Resources'),(691,233,'type','page'),(692,233,'uid','3'),(693,234,'title','Resources'),(694,234,'type','page'),(695,234,'uid','3'),(696,235,'title','Resources'),(697,235,'type','page'),(698,235,'uid','3'),(699,236,'title','Resources'),(700,236,'type','page'),(701,236,'uid','3'),(702,237,'title','Resources'),(703,237,'type','page'),(704,237,'uid','3'),(705,238,'title','Resources'),(706,238,'type','page'),(707,238,'uid','3'),(708,239,'title','Resources'),(709,239,'type','page'),(710,239,'uid','3'),(711,240,'title','Resources'),(712,240,'type','page'),(713,240,'uid','3'),(714,241,'title','Resources'),(715,241,'type','page'),(716,241,'uid','3'),(717,242,'title','Resources'),(718,242,'type','page'),(719,242,'uid','3'),(720,243,'title','Resources'),(721,243,'type','page'),(722,243,'uid','3'),(723,244,'title','Resources'),(724,244,'type','page'),(725,244,'uid','3'),(726,245,'title','Resources'),(727,245,'type','page'),(728,245,'uid','3'),(729,246,'title','Resources'),(730,246,'type','page'),(731,246,'uid','3'),(732,247,'title','Resources'),(733,247,'type','page'),(734,247,'uid','3'),(735,248,'title','Resources'),(736,248,'type','page'),(737,248,'uid','3'),(738,249,'title','Resources'),(739,249,'type','page'),(740,249,'uid','3'),(741,250,'title','Resources'),(742,250,'type','page'),(743,250,'uid','3'),(744,251,'score','100'),(745,251,'minimum','45'),(746,252,'form_provider','WordPress'),(747,252,'action','wordpress-login'),(748,252,'username','james'),(749,254,'user_login','james'),(750,255,'to','it@medinex.com.sg'),(751,255,'subject','[My blog] Notice - Administrator+ Just Logged Into https://d36hk7ck-staging.dreamwp.com'),(752,255,'cc','-'),(753,255,'bcc','-'),(754,255,'bt_file','wp-content/plugins/wp-simple-firewall/src/lib/src/Modules/Email/Processor.php'),(755,255,'bt_line','117'),(756,256,'title','Resources'),(757,256,'type','page'),(758,256,'uid','3'),(759,257,'title','Resources'),(760,257,'type','page'),(761,257,'uid','3'),(762,258,'title','Resources'),(763,258,'type','page'),(764,258,'uid','3'),(765,259,'title','Resources'),(766,259,'type','page'),(767,259,'uid','3'),(768,260,'title','Resources'),(769,260,'type','page'),(770,260,'uid','3'),(771,261,'title','Resources'),(772,261,'type','page'),(773,261,'uid','3'),(774,262,'title','Resources'),(775,262,'type','page'),(776,262,'uid','3'),(777,263,'title','Resources'),(778,263,'type','page'),(779,263,'uid','3'),(780,264,'title','Resources'),(781,264,'type','page'),(782,264,'uid','3'),(783,265,'title','Resources'),(784,265,'type','page'),(785,265,'uid','3'),(786,266,'title','Resources'),(787,266,'type','page'),(788,266,'uid','3'),(789,267,'title','Resources'),(790,267,'type','page'),(791,267,'uid','3'),(792,268,'title','Resources'),(793,268,'type','page'),(794,268,'uid','3'),(795,269,'title','Resources'),(796,269,'type','page'),(797,269,'uid','3'),(798,270,'title','Resources'),(799,270,'type','page'),(800,270,'uid','3'),(801,271,'title','Resources'),(802,271,'type','page'),(803,271,'uid','3'),(804,272,'title','Resources'),(805,272,'type','page'),(806,272,'uid','3'),(807,273,'title','Resources'),(808,273,'type','page'),(809,273,'uid','3'),(810,274,'title','Resources'),(811,274,'type','page'),(812,274,'uid','3'),(813,275,'title','Resources'),(814,275,'type','page'),(815,275,'uid','3'),(816,276,'title','Resources'),(817,276,'type','page'),(818,276,'uid','3'),(819,277,'title','Resources'),(820,277,'type','page'),(821,277,'uid','3'),(822,278,'title','Resources'),(823,278,'type','page'),(824,278,'uid','3'),(825,279,'title','Resources'),(826,279,'type','page'),(827,279,'uid','3'),(828,280,'title','Resources'),(829,280,'type','page'),(830,280,'uid','3'),(831,281,'title','Resources'),(832,281,'type','page'),(833,281,'uid','3'),(834,282,'title','Resources'),(835,282,'type','page'),(836,282,'uid','3'),(837,283,'title','Resources'),(838,283,'type','page'),(839,283,'uid','3'),(840,284,'title','Resources'),(841,284,'type','page'),(842,284,'uid','3'),(843,285,'title','Resources'),(844,285,'type','page'),(845,285,'uid','3'),(846,286,'title','Resources'),(847,286,'type','page'),(848,286,'uid','3'),(849,287,'title','Resources'),(850,287,'type','page'),(851,287,'uid','3'),(852,288,'title','Resources'),(853,288,'type','page'),(854,288,'uid','3'),(855,289,'title','Resources'),(856,289,'type','page'),(857,289,'uid','3'),(858,290,'title','Resources'),(859,290,'type','page'),(860,290,'uid','3'),(861,291,'title','Resources'),(862,291,'type','page'),(863,291,'uid','3'),(864,292,'title','Resources'),(865,292,'type','page'),(866,292,'uid','3'),(867,293,'title','Resources'),(868,293,'type','page'),(869,293,'uid','3'),(870,294,'title','Resources'),(871,294,'type','page'),(872,294,'uid','3'),(873,295,'title','Resources'),(874,295,'type','page'),(875,295,'uid','3'),(876,296,'title','Resources'),(877,296,'type','page'),(878,296,'uid','3'),(879,297,'title','Resources'),(880,297,'type','page'),(881,297,'uid','3'),(882,298,'title','Resources'),(883,298,'type','page'),(884,298,'uid','3'),(885,299,'title','Resources'),(886,299,'type','page'),(887,299,'uid','3'),(888,300,'title','Resources'),(889,300,'type','page'),(890,300,'uid','3'),(891,301,'title','Resources'),(892,301,'type','page'),(893,301,'uid','3'),(894,302,'title','Resources'),(895,302,'type','page'),(896,302,'uid','3'),(897,303,'title','Resources'),(898,303,'type','page'),(899,303,'uid','3'),(900,304,'title','Resources'),(901,304,'type','page'),(902,304,'uid','3'),(903,305,'title','Resources'),(904,305,'type','page'),(905,305,'uid','3'),(906,306,'title','Resources'),(907,306,'type','page'),(908,306,'uid','3'),(909,307,'title','Resources'),(910,307,'type','page'),(911,307,'uid','3'),(912,308,'title','Resources'),(913,308,'type','page'),(914,308,'uid','3'),(915,309,'title','Resources'),(916,309,'type','page'),(917,309,'uid','3'),(918,310,'title','Resources'),(919,310,'type','page'),(920,310,'uid','3'),(921,311,'title','Resources'),(922,311,'type','page'),(923,311,'uid','3'),(924,312,'title','Resources'),(925,312,'type','page'),(926,312,'uid','3'),(927,313,'title','Resources'),(928,313,'type','page'),(929,313,'uid','3'),(930,314,'title','Resources'),(931,314,'type','page'),(932,314,'uid','3'),(933,315,'title','Resources'),(934,315,'type','page'),(935,315,'uid','3'),(936,316,'title','Default Kit'),(937,316,'type','elementor_library'),(938,316,'uid','3'),(939,317,'title','Default Kit'),(940,317,'type','elementor_library'),(941,317,'uid','3'),(942,318,'title','Default Kit'),(943,318,'type','elementor_library'),(944,318,'uid','3'),(945,319,'title','Resources'),(946,319,'type','page'),(947,319,'uid','3'),(948,320,'title','Resources'),(949,320,'type','page'),(950,320,'uid','3'),(951,321,'title','Resources'),(952,321,'type','page'),(953,321,'uid','3'),(954,322,'title','Resources'),(955,322,'type','page'),(956,322,'uid','3'),(957,323,'title','Resources'),(958,323,'type','page'),(959,323,'uid','3'),(960,324,'title','Resources'),(961,324,'type','page'),(962,324,'uid','3'),(963,325,'title','Resources'),(964,325,'type','page'),(965,325,'uid','3'),(966,326,'title','Resources'),(967,326,'type','page'),(968,326,'uid','3'),(969,327,'title','Resources'),(970,327,'type','page'),(971,327,'uid','3'),(972,328,'title','Resources'),(973,328,'type','page'),(974,328,'uid','3'),(975,329,'title','Resources'),(976,329,'type','page'),(977,329,'uid','3'),(978,330,'title','Resources'),(979,330,'type','page'),(980,330,'uid','3'),(981,331,'title','Resources'),(982,331,'type','page'),(983,331,'uid','3'),(984,332,'title','Resources'),(985,332,'type','page'),(986,332,'uid','3'),(987,333,'title','Resources'),(988,333,'type','page'),(989,333,'uid','3'),(990,334,'title','Resources'),(991,334,'type','page'),(992,334,'uid','3'),(993,335,'title','Resources'),(994,335,'type','page'),(995,335,'uid','3'),(996,336,'title','Resources'),(997,336,'type','page'),(998,336,'uid','3'),(999,337,'title','Resources'),(1000,337,'type','page'),(1001,337,'uid','3'),(1002,338,'title','Resources'),(1003,338,'type','page'),(1004,338,'uid','3'),(1005,339,'title','Resources'),(1006,339,'type','page'),(1007,339,'uid','3'),(1008,340,'score','100'),(1009,340,'minimum','45'),(1010,341,'form_provider','WordPress'),(1011,341,'action','wordpress-login'),(1012,341,'username','james'),(1013,343,'user_login','james'),(1014,344,'to','it@medinex.com.sg'),(1015,344,'subject','[My blog] Notice - Administrator+ Just Logged Into https://d36hk7ck-staging.dreamwp.com'),(1016,344,'cc','-'),(1017,344,'bcc','-'),(1018,344,'bt_file','wp-content/plugins/wp-simple-firewall/src/lib/src/Modules/Email/Processor.php'),(1019,344,'bt_line','117'),(1020,345,'title','Home'),(1021,345,'type','page'),(1022,345,'uid','3'),(1023,346,'title','Home'),(1024,346,'type','page'),(1025,346,'uid','3'),(1026,347,'title','Home'),(1027,347,'type','page'),(1028,347,'uid','3'),(1029,348,'score','100'),(1030,348,'minimum','45'),(1031,349,'form_provider','WordPress'),(1032,349,'action','wordpress-login'),(1033,349,'username','eugene'),(1034,351,'user_login','eugene'),(1035,352,'to','it@medinex.com.sg'),(1036,352,'subject','[My blog] Notice - Administrator+ Just Logged Into https://d36hk7ck-staging.dreamwp.com'),(1037,352,'cc','-'),(1038,352,'bcc','-'),(1039,352,'bt_file','wp-content/plugins/wp-simple-firewall/src/lib/src/Modules/Email/Processor.php'),(1040,352,'bt_line','117'),(1041,353,'title','Default Kit'),(1042,353,'type','elementor_library'),(1043,353,'uid','2'),(1044,354,'title','Default Kit'),(1045,354,'type','elementor_library'),(1046,354,'uid','2'),(1047,355,'to','it@medinex.com.sg'),(1048,355,'subject','[Property To Home] Site Report - Shield Security'),(1049,355,'cc','-'),(1050,355,'bcc','-'),(1051,355,'bt_file','wp-content/plugins/wp-simple-firewall/src/lib/src/Modules/Email/Processor.php'),(1052,355,'bt_line','117');

--
-- Table structure for table `wp_icwp_wpsf_botsignal`
--

CREATE TABLE `wp_icwp_wpsf_botsignal` (
  `id` int(11) unsigned NOT NULL AUTO_INCREMENT COMMENT 'Primary ID',
  `ip_ref` int(11) unsigned NOT NULL COMMENT 'Foreign Key For Primary ID',
  `notbot_at` int(15) unsigned NOT NULL DEFAULT 0 COMMENT 'NotBot',
  `frontpage_at` int(15) unsigned NOT NULL DEFAULT 0 COMMENT 'Any Frontend Page Loaded',
  `loginpage_at` int(15) unsigned NOT NULL DEFAULT 0 COMMENT 'Login Page Loaded',
  `bt404_at` int(15) unsigned NOT NULL DEFAULT 0 COMMENT 'BotTrack 404',
  `btfake_at` int(15) unsigned NOT NULL DEFAULT 0 COMMENT 'BotTrack FakeWebCrawler',
  `btcheese_at` int(15) unsigned NOT NULL DEFAULT 0 COMMENT 'BotTrack LinkCheese',
  `btloginfail_at` int(15) unsigned NOT NULL DEFAULT 0 COMMENT 'BotTrack LoginFailed',
  `btua_at` int(15) unsigned NOT NULL DEFAULT 0 COMMENT 'BotTrack Useragent Fail',
  `btxml_at` int(15) unsigned NOT NULL DEFAULT 0 COMMENT 'BotTrack XMLRPC Access',
  `btlogininvalid_at` int(15) unsigned NOT NULL DEFAULT 0 COMMENT 'BotTrack LoginInvalid',
  `btinvalidscript_at` int(15) unsigned NOT NULL DEFAULT 0 COMMENT 'BotTrack InvalidScript',
  `btauthorfishing_at` int(15) unsigned NOT NULL DEFAULT 0 COMMENT 'BotTrack Author Username Fishing',
  `cooldown_at` int(15) unsigned NOT NULL DEFAULT 0 COMMENT 'Cooldown Triggered',
  `humanspam_at` int(15) unsigned NOT NULL DEFAULT 0 COMMENT 'Comment Marked As Human SPAM',
  `markspam_at` int(15) unsigned NOT NULL DEFAULT 0 COMMENT 'Mark Comment As SPAM',
  `unmarkspam_at` int(15) unsigned NOT NULL DEFAULT 0 COMMENT 'Unmark Comment As SPAM',
  `captchapass_at` int(15) unsigned NOT NULL DEFAULT 0 COMMENT 'Captcha Passed',
  `captchafail_at` int(15) unsigned NOT NULL DEFAULT 0 COMMENT 'Captcha Failed',
  `auth_at` int(15) unsigned NOT NULL DEFAULT 0 COMMENT 'Successful Login',
  `firewall_at` int(15) unsigned NOT NULL DEFAULT 0 COMMENT 'Triggered Firewall',
  `ratelimit_at` int(15) unsigned NOT NULL DEFAULT 0 COMMENT 'Rate Limit Exceeded',
  `offense_at` int(15) unsigned NOT NULL DEFAULT 0 COMMENT 'Last Offense',
  `blocked_at` int(15) unsigned NOT NULL DEFAULT 0 COMMENT 'Last Block',
  `unblocked_at` int(15) unsigned NOT NULL DEFAULT 0 COMMENT 'Unblocked',
  `bypass_at` int(15) unsigned NOT NULL DEFAULT 0 COMMENT 'Bypass',
  `snsent_at` int(15) unsigned NOT NULL DEFAULT 0 COMMENT 'Sent To ShieldNET',
  `updated_at` int(15) unsigned NOT NULL DEFAULT 0 COMMENT 'Last Updated',
  `created_at` int(15) unsigned NOT NULL DEFAULT 0 COMMENT 'Created',
  `deleted_at` int(15) unsigned NOT NULL DEFAULT 0 COMMENT 'Soft Deleted',
  PRIMARY KEY (`id`),
  KEY `ip_ref` (`ip_ref`),
  CONSTRAINT `wp_icwp_wpsf_botsignal_ibfk_1` FOREIGN KEY (`ip_ref`) REFERENCES `wp_icwp_wpsf_ips` (`id`) ON DELETE CASCADE ON UPDATE CASCADE
) ENGINE=InnoDB AUTO_INCREMENT=13 DEFAULT CHARSET=utf8mb4 COLLATE=utf8mb4_unicode_ci;

--
-- Dumping data for table `wp_icwp_wpsf_botsignal`
--

INSERT INTO `wp_icwp_wpsf_botsignal` VALUES (1,1,1656140374,1656137629,1656137528,0,0,0,0,0,0,0,0,0,0,0,0,0,0,0,1656137533,0,0,0,0,0,0,0,1656140374,1655719099,0),(3,7,0,1656336251,0,0,0,0,0,0,0,0,0,0,0,0,0,0,0,0,0,0,0,0,0,0,0,0,1656336251,1655736260,0),(4,8,1656042022,1656042025,1656042037,0,0,0,0,0,0,0,0,0,0,0,0,0,0,0,1656041946,0,0,0,0,0,0,0,1656042037,1655738622,0),(5,9,1655738635,1655738632,0,0,0,0,0,0,0,0,0,0,0,0,0,0,0,0,0,0,0,0,0,0,0,0,1655738635,1655738632,0),(6,10,1655738676,1655738673,0,0,0,0,0,0,0,0,0,0,0,0,0,0,0,0,0,0,0,0,0,0,0,0,1655738676,1655738673,0),(7,12,1655978221,1655978255,1655978278,0,0,0,0,0,0,0,1655978282,0,0,0,0,0,0,0,1655973814,0,0,0,0,0,0,0,1655978282,1655973765,0),(8,11,1655973779,1655973773,0,0,0,0,0,0,0,0,0,0,0,0,0,0,0,0,0,0,0,0,0,0,0,0,1655973779,1655973773,0),(9,13,1655973826,1655973824,0,0,0,0,0,0,0,0,0,0,0,0,0,0,0,0,0,0,0,0,0,0,0,0,1655973826,1655973823,0),(10,14,1656041556,0,0,0,0,0,0,0,0,0,0,0,0,0,0,0,0,0,0,0,0,0,0,0,0,0,1656041556,1656041556,0),(11,15,1656045223,1656045211,0,0,0,0,0,0,0,0,0,0,0,0,0,0,0,0,0,0,0,0,0,0,0,0,1656045223,1656045211,0),(12,16,1656051954,0,0,0,0,0,0,0,0,0,0,0,0,0,0,0,0,0,0,0,0,0,0,0,0,0,1656051954,1656051954,0);

--
-- Table structure for table `wp_icwp_wpsf_events`
--

CREATE TABLE `wp_icwp_wpsf_events` (
  `id` int(11) unsigned NOT NULL AUTO_INCREMENT,
  `event` varchar(50) COLLATE utf8mb4_unicode_ci NOT NULL DEFAULT 'none' COMMENT 'Event ID',
  `count` int(11) unsigned NOT NULL DEFAULT 0 COMMENT 'Total',
  `created_at` int(15) unsigned NOT NULL DEFAULT 0 COMMENT 'Created At',
  `deleted_at` int(15) unsigned NOT NULL DEFAULT 0 COMMENT 'Soft Deleted At',
  PRIMARY KEY (`id`)
) ENGINE=InnoDB AUTO_INCREMENT=194 DEFAULT CHARSET=utf8mb4 COLLATE=utf8mb4_unicode_ci;

--
-- Dumping data for table `wp_icwp_wpsf_events`
--

INSERT INTO `wp_icwp_wpsf_events` VALUES (1,'key_success',1,1655719179,0),(2,'scan_run',2,1655719707,0),(4,'hide_login_url',1,1655738667,0),(5,'antibot_pass',1,1655738708,0),(6,'user_form_bot_pass',1,1655738708,0),(7,'user_login',1,1655738708,0),(14,'post_updated',15,1655737201,0),(21,'scan_run',2,1655838001,0),(25,'email_attempt_send',3,1655683201,0),(26,'scan_run',2,1655881201,0),(27,'test_cron_run',1,1655899690,0),(28,'email_attempt_send',1,1655926827,0),(29,'plugin_upgraded',1,1655926827,0),(69,'bottrack_invalidscript',1,1655978282,0),(70,'hide_login_url',1,1655978282,0),(151,'test_cron_run',4,1655769601,0),(160,'scan_run',2,1656036001,0),(162,'test_cron_run',1,1656099552,0),(163,'antibot_pass',1,1656137533,0),(164,'user_form_bot_pass',1,1656137533,0),(165,'user_login',1,1656137533,0),(166,'email_attempt_send',1,1656137533,0),(169,'key_success',1,1656137560,0),(170,'post_updated',2,1656137609,0),(171,'user_login',3,1655942401,0),(172,'user_form_bot_pass',2,1655942401,0),(173,'antibot_pass',2,1655942401,0),(174,'post_updated',210,1655942401,0),(175,'scan_run',2,1656136801,0),(176,'email_attempt_send',3,1655942401,0),(177,'test_cron_run',1,1656185852,0),(180,'user_login',2,1656028801,0),(181,'user_form_bot_pass',2,1656028801,0),(182,'antibot_pass',2,1656028801,0),(183,'post_updated',87,1656028801,0),(184,'scan_run',2,1656205201,0),(185,'email_attempt_send',2,1656028801,0),(186,'test_cron_run',1,1656242494,0),(187,'report_generated',1,1656296373,0),(188,'email_attempt_send',1,1656296373,0),(189,'report_sent',1,1656296373,0),(192,'scan_run',2,1656295201,0),(193,'test_cron_run',1,1656336250,0);

--
-- Table structure for table `wp_icwp_wpsf_ip_lists`
--

CREATE TABLE `wp_icwp_wpsf_ip_lists` (
  `id` int(11) unsigned NOT NULL AUTO_INCREMENT,
  `ip` varchar(60) COLLATE utf8mb4_unicode_ci NOT NULL DEFAULT '' COMMENT 'Human readable IP address or range',
  `label` varchar(255) COLLATE utf8mb4_unicode_ci NOT NULL DEFAULT '' COMMENT 'Description',
  `list` varchar(4) COLLATE utf8mb4_unicode_ci NOT NULL DEFAULT '' COMMENT 'Block or Bypass',
  `ip6` tinyint(1) unsigned NOT NULL DEFAULT 0 COMMENT 'Is IPv6',
  `is_range` tinyint(1) unsigned NOT NULL DEFAULT 0 COMMENT 'Is Range',
  `transgressions` int(10) unsigned NOT NULL DEFAULT 0 COMMENT 'Total Offenses',
  `last_access_at` int(15) unsigned NOT NULL DEFAULT 0 COMMENT 'Last Access By IP',
  `blocked_at` int(15) unsigned NOT NULL DEFAULT 0 COMMENT 'IP Blocked',
  `created_at` int(15) unsigned NOT NULL DEFAULT 0 COMMENT 'Created At',
  `deleted_at` int(15) unsigned NOT NULL DEFAULT 0 COMMENT 'Soft Deleted At',
  PRIMARY KEY (`id`)
) ENGINE=InnoDB DEFAULT CHARSET=utf8mb4 COLLATE=utf8mb4_unicode_ci;

--
-- Dumping data for table `wp_icwp_wpsf_ip_lists`
--


--
-- Table structure for table `wp_icwp_wpsf_ips`
--

CREATE TABLE `wp_icwp_wpsf_ips` (
  `id` int(11) unsigned NOT NULL AUTO_INCREMENT COMMENT 'Primary ID',
  `ip` varbinary(16) DEFAULT NULL COMMENT 'IP Address',
  `geo` text COLLATE utf8mb4_unicode_ci DEFAULT NULL COMMENT 'GeoIP Data',
  `created_at` int(15) unsigned NOT NULL DEFAULT 0 COMMENT 'Created',
  PRIMARY KEY (`id`),
  UNIQUE KEY `ip` (`ip`)
) ENGINE=InnoDB AUTO_INCREMENT=21 DEFAULT CHARSET=utf8mb4 COLLATE=utf8mb4_unicode_ci;

--
-- Dumping data for table `wp_icwp_wpsf_ips`
--

INSERT INTO `wp_icwp_wpsf_ips` VALUES (1,'�7�',NULL,1655719097),(6,'\r1}�',NULL,1655730679),(7,'+�v�',NULL,1655733676),(8,'t\'4',NULL,1655738622),(9,'(^�b',NULL,1655738632),(10,'(^�3',NULL,1655738673),(11,'(^�',NULL,1655973773),(12,'oAE�',NULL,1655973765),(13,'(^�G',NULL,1655973823),(14,'oAE�',NULL,1656041556),(15,'z֬',NULL,1656045211),(16,'w8l�',NULL,1656051954),(17,'oA\"]',NULL,1656242486),(18,'���',NULL,1656336240),(19,'����',NULL,1656336253),(20,'����',NULL,1656336809);

--
-- Table structure for table `wp_icwp_wpsf_notes`
--

CREATE TABLE `wp_icwp_wpsf_notes` (
  `id` int(11) unsigned NOT NULL AUTO_INCREMENT,
  `wp_username` varchar(255) COLLATE utf8mb4_unicode_ci NOT NULL DEFAULT 'unknown',
  `note` text COLLATE utf8mb4_unicode_ci DEFAULT NULL,
  `updated_at` int(15) unsigned NOT NULL DEFAULT 0 COMMENT 'Updated At',
  `created_at` int(15) unsigned NOT NULL DEFAULT 0 COMMENT 'Created At',
  `deleted_at` int(15) unsigned NOT NULL DEFAULT 0 COMMENT 'Soft Deleted At',
  PRIMARY KEY (`id`)
) ENGINE=InnoDB DEFAULT CHARSET=utf8mb4 COLLATE=utf8mb4_unicode_ci;

--
-- Dumping data for table `wp_icwp_wpsf_notes`
--


--
-- Table structure for table `wp_icwp_wpsf_reports`
--

CREATE TABLE `wp_icwp_wpsf_reports` (
  `id` int(11) unsigned NOT NULL AUTO_INCREMENT,
  `rid` int(11) unsigned NOT NULL DEFAULT 0 COMMENT 'Report ID',
  `type` varchar(3) COLLATE utf8mb4_unicode_ci NOT NULL DEFAULT '' COMMENT 'Report Type',
  `frequency` varchar(10) COLLATE utf8mb4_unicode_ci NOT NULL DEFAULT '' COMMENT 'Report Interval/Frequency',
  `interval_end_at` int(15) unsigned NOT NULL DEFAULT 0 COMMENT 'Reporting Interval End',
  `sent_at` int(15) unsigned NOT NULL DEFAULT 0 COMMENT 'Report Sent',
  `created_at` int(15) unsigned NOT NULL DEFAULT 0 COMMENT 'Created At',
  `deleted_at` int(15) unsigned NOT NULL DEFAULT 0 COMMENT 'Soft Deleted At',
  PRIMARY KEY (`id`)
) ENGINE=InnoDB AUTO_INCREMENT=2 DEFAULT CHARSET=utf8mb4 COLLATE=utf8mb4_unicode_ci;

--
-- Dumping data for table `wp_icwp_wpsf_reports`
--

INSERT INTO `wp_icwp_wpsf_reports` VALUES (1,1,'nfo','weekly',1656287999,1656296373,1656296373,0);

--
-- Table structure for table `wp_icwp_wpsf_req_logs`
--

CREATE TABLE `wp_icwp_wpsf_req_logs` (
  `id` int(11) unsigned NOT NULL AUTO_INCREMENT COMMENT 'Primary ID',
  `req_id` varchar(10) COLLATE utf8mb4_unicode_ci DEFAULT '',
  `ip_ref` int(11) unsigned NOT NULL COMMENT 'Foreign Key For Primary ID',
  `type` char(1) COLLATE utf8mb4_unicode_ci NOT NULL DEFAULT '' COMMENT 'Type of requests',
  `verb` varchar(8) COLLATE utf8mb4_unicode_ci NOT NULL DEFAULT '' COMMENT 'Request Verb',
  `path` varchar(512) COLLATE utf8mb4_unicode_ci NOT NULL DEFAULT '' COMMENT 'Request Path',
  `code` smallint(3) unsigned NOT NULL DEFAULT 0 COMMENT 'Response Code',
  `uid` bigint(20) unsigned NOT NULL DEFAULT 0 COMMENT 'User ID',
  `offense` tinyint(1) unsigned NOT NULL DEFAULT 0 COMMENT 'Was Offense',
  `meta` text COLLATE utf8mb4_unicode_ci DEFAULT NULL COMMENT 'Meta Data',
  `created_at` int(15) unsigned NOT NULL DEFAULT 0 COMMENT 'Created',
  PRIMARY KEY (`id`),
  UNIQUE KEY `req_id` (`req_id`),
  KEY `ip_ref` (`ip_ref`),
  CONSTRAINT `wp_icwp_wpsf_req_logs_ibfk_1` FOREIGN KEY (`ip_ref`) REFERENCES `wp_icwp_wpsf_ips` (`id`) ON DELETE CASCADE ON UPDATE CASCADE
) ENGINE=InnoDB AUTO_INCREMENT=281 DEFAULT CHARSET=utf8mb4 COLLATE=utf8mb4_unicode_ci;

--
-- Dumping data for table `wp_icwp_wpsf_req_logs`
--

INSERT INTO `wp_icwp_wpsf_req_logs` VALUES (4,'ae35392385',7,'C','POST','/wp-cron.php',200,0,0,'eyJ0cyI6MTY1NTczMzY3OC4wNDAzOTEsInVhIjoiV29yZFByZXNzXC82LjA7IGh0dHBzOlwvXC9kMzZoazdjay1zdGFnaW5nLmRyZWFtd3AuY29tIiwicXVlcnkiOiJkb2luZ193cF9jcm9uPTE2NTU3MzM2NzYuNzI3NjkwOTM1MTM0ODg3Njk1MzEyNSIsInNpdGVfaWQiOjF9',1655733676),(5,'6dfd635ecf',8,'H','GET','/',200,0,0,'eyJ0cyI6MTY1NTczODYyNS42Mjc3MzksInVhIjoiTW96aWxsYVwvNS4wIChXaW5kb3dzIE5UIDEwLjA7IFdpbjY0OyB4NjQpIEFwcGxlV2ViS2l0XC81MzcuMzYgKEtIVE1MLCBsaWtlIEdlY2tvKSBDaHJvbWVcLzEwMi4wLjAuMCBTYWZhcmlcLzUzNy4zNiIsInNpdGVfaWQiOjF9',1655738622),(6,'f0af42d660',8,'A','POST','/wp-admin/admin-ajax.php',200,0,0,'eyJ0cyI6MTY1NTczODYyNi4yOTU1NDMsInVhIjoiTW96aWxsYVwvNS4wIChXaW5kb3dzIE5UIDEwLjA7IFdpbjY0OyB4NjQpIEFwcGxlV2ViS2l0XC81MzcuMzYgKEtIVE1MLCBsaWtlIEdlY2tvKSBDaHJvbWVcLzEwMi4wLjAuMCBTYWZhcmlcLzUzNy4zNiIsInNpdGVfaWQiOjF9',1655738625),(7,'4e2b5e2dac',9,'H','GET','/',200,0,0,'eyJ0cyI6MTY1NTczODYzMy4zODUzMjMsInVhIjoiTW96aWxsYVwvNS4wIChXaW5kb3dzIE5UIDEwLjA7IFdpbjY0OyB4NjQpIEFwcGxlV2ViS2l0XC81MzcuMzYgKEtIVE1MLCBsaWtlIEdlY2tvKSBDaHJvbWVcLzgwLjAuMzk4Ny44NyBTYWZhcmlcLzUzNy4zNiIsInNpdGVfaWQiOjF9',1655738632),(8,'071ba6329b',9,'A','POST','/wp-admin/admin-ajax.php',200,0,0,'eyJ0cyI6MTY1NTczODYzNS45Mzg3MzUsInVhIjoiTW96aWxsYVwvNS4wIChXaW5kb3dzIE5UIDEwLjA7IFdpbjY0OyB4NjQpIEFwcGxlV2ViS2l0XC81MzcuMzYgKEtIVE1MLCBsaWtlIEdlY2tvKSBDaHJvbWVcLzgwLjAuMzk4Ny44NyBTYWZhcmlcLzUzNy4zNiIsInNpdGVfaWQiOjF9',1655738635),(9,'e80578d612',8,'H','GET','/wp-admin/',302,0,0,'eyJ0cyI6MTY1NTczODY2Ny40OTMxNjYsInVhIjoiTW96aWxsYVwvNS4wIChXaW5kb3dzIE5UIDEwLjA7IFdpbjY0OyB4NjQpIEFwcGxlV2ViS2l0XC81MzcuMzYgKEtIVE1MLCBsaWtlIEdlY2tvKSBDaHJvbWVcLzEwMi4wLjAuMCBTYWZhcmlcLzUzNy4zNiIsInNpdGVfaWQiOjF9',1655738667),(10,'f93b0e872a',8,'H','GET','/wp-login.php',404,0,0,'eyJ0cyI6MTY1NTczODY2Ny43ODYwMzUsInVhIjoiTW96aWxsYVwvNS4wIChXaW5kb3dzIE5UIDEwLjA7IFdpbjY0OyB4NjQpIEFwcGxlV2ViS2l0XC81MzcuMzYgKEtIVE1MLCBsaWtlIEdlY2tvKSBDaHJvbWVcLzEwMi4wLjAuMCBTYWZhcmlcLzUzNy4zNiIsInF1ZXJ5IjoicmVkaXJlY3RfdG89aHR0cHMlM0ElMkYlMkZkMzZoazdjay1zdGFnaW5nLmRyZWFtd3AuY29tJTJGd3AtYWRtaW4lMkYmcmVhdXRoPTEiLCJzaXRlX2lkIjoxfQ==',1655738667),(11,'1ce800ddb4',10,'H','GET','/home/',301,0,0,'eyJ0cyI6MTY1NTczODY3My43MjQxOTMsInVhIjoiTW96aWxsYVwvNS4wIChXaW5kb3dzIE5UIDEwLjA7IFdpbjY0OyB4NjQpIEFwcGxlV2ViS2l0XC81MzcuMzYgKEtIVE1MLCBsaWtlIEdlY2tvKSBDaHJvbWVcLzgwLjAuMzk4Ny44NyBTYWZhcmlcLzUzNy4zNiIsInNpdGVfaWQiOjF9',1655738673),(12,'29b1208a31',10,'H','GET','/',200,0,0,'eyJ0cyI6MTY1NTczODY3NC4yMzYzODUsInVhIjoiTW96aWxsYVwvNS4wIChXaW5kb3dzIE5UIDEwLjA7IFdpbjY0OyB4NjQpIEFwcGxlV2ViS2l0XC81MzcuMzYgKEtIVE1MLCBsaWtlIEdlY2tvKSBDaHJvbWVcLzgwLjAuMzk4Ny44NyBTYWZhcmlcLzUzNy4zNiIsInNpdGVfaWQiOjF9',1655738673),(13,'746397bb32',10,'A','POST','/wp-admin/admin-ajax.php',200,0,0,'eyJ0cyI6MTY1NTczODY3Ni42MTEwMzcsInVhIjoiTW96aWxsYVwvNS4wIChXaW5kb3dzIE5UIDEwLjA7IFdpbjY0OyB4NjQpIEFwcGxlV2ViS2l0XC81MzcuMzYgKEtIVE1MLCBsaWtlIEdlY2tvKSBDaHJvbWVcLzk2LjAuNDY2NC4xMTAgU2FmYXJpXC81MzcuMzYiLCJzaXRlX2lkIjoxfQ==',1655738676),(14,'d536664147',8,'H','GET','/slogin',200,0,0,'eyJ0cyI6MTY1NTczODY5My4wMzM5OTEsInVhIjoiTW96aWxsYVwvNS4wIChXaW5kb3dzIE5UIDEwLjA7IFdpbjY0OyB4NjQpIEFwcGxlV2ViS2l0XC81MzcuMzYgKEtIVE1MLCBsaWtlIEdlY2tvKSBDaHJvbWVcLzEwMi4wLjAuMCBTYWZhcmlcLzUzNy4zNiIsInNpdGVfaWQiOjF9',1655738692),(15,'7eb5f275b9',8,'L','POST','/slogin',302,0,0,'eyJ0cyI6MTY1NTczODcxMC43NDMxMjMsInVhIjoiTW96aWxsYVwvNS4wIChXaW5kb3dzIE5UIDEwLjA7IFdpbjY0OyB4NjQpIEFwcGxlV2ViS2l0XC81MzcuMzYgKEtIVE1MLCBsaWtlIEdlY2tvKSBDaHJvbWVcLzEwMi4wLjAuMCBTYWZhcmlcLzUzNy4zNiIsInNpdGVfaWQiOjF9',1655738708),(16,'a7c0dc13b2',8,'A','POST','/wp-admin/admin-ajax.php',200,3,0,'eyJ0cyI6MTY1NTczOTY2NC4wMzcyMzMsInVhIjoiTW96aWxsYVwvNS4wIChXaW5kb3dzIE5UIDEwLjA7IFdpbjY0OyB4NjQpIEFwcGxlV2ViS2l0XC81MzcuMzYgKEtIVE1MLCBsaWtlIEdlY2tvKSBDaHJvbWVcLzEwMi4wLjAuMCBTYWZhcmlcLzUzNy4zNiIsInNpdGVfaWQiOjF9',1655739663),(17,'550d425543',8,'A','POST','/wp-admin/admin-ajax.php',200,3,0,'eyJ0cyI6MTY1NTc0MDE4MC40MTAzNDIsInVhIjoiTW96aWxsYVwvNS4wIChXaW5kb3dzIE5UIDEwLjA7IFdpbjY0OyB4NjQpIEFwcGxlV2ViS2l0XC81MzcuMzYgKEtIVE1MLCBsaWtlIEdlY2tvKSBDaHJvbWVcLzEwMi4wLjAuMCBTYWZhcmlcLzUzNy4zNiIsInNpdGVfaWQiOjF9',1655740180),(18,'52febe1e10',8,'A','POST','/wp-admin/admin-ajax.php',200,3,0,'eyJ0cyI6MTY1NTc0MDIyMS43OTY3NzEsInVhIjoiTW96aWxsYVwvNS4wIChXaW5kb3dzIE5UIDEwLjA7IFdpbjY0OyB4NjQpIEFwcGxlV2ViS2l0XC81MzcuMzYgKEtIVE1MLCBsaWtlIEdlY2tvKSBDaHJvbWVcLzEwMi4wLjAuMCBTYWZhcmlcLzUzNy4zNiIsInNpdGVfaWQiOjF9',1655740221),(19,'fa97d80bb6',8,'A','POST','/wp-admin/admin-ajax.php',200,3,0,'eyJ0cyI6MTY1NTc0MDQ0MC4xODEyMTYsInVhIjoiTW96aWxsYVwvNS4wIChXaW5kb3dzIE5UIDEwLjA7IFdpbjY0OyB4NjQpIEFwcGxlV2ViS2l0XC81MzcuMzYgKEtIVE1MLCBsaWtlIEdlY2tvKSBDaHJvbWVcLzEwMi4wLjAuMCBTYWZhcmlcLzUzNy4zNiIsInNpdGVfaWQiOjF9',1655740439),(20,'2e244c9360',8,'A','POST','/wp-admin/admin-ajax.php',200,3,0,'eyJ0cyI6MTY1NTc0MDc1OS41OTI4NTYsInVhIjoiTW96aWxsYVwvNS4wIChXaW5kb3dzIE5UIDEwLjA7IFdpbjY0OyB4NjQpIEFwcGxlV2ViS2l0XC81MzcuMzYgKEtIVE1MLCBsaWtlIEdlY2tvKSBDaHJvbWVcLzEwMi4wLjAuMCBTYWZhcmlcLzUzNy4zNiIsInNpdGVfaWQiOjF9',1655740759),(21,'6f0ffedd23',8,'H','GET','/',200,0,0,'eyJ0cyI6MTY1NTg5OTY5My44NTg4NDMsInVhIjoiTW96aWxsYVwvNS4wIChMaW51eDsgQW5kcm9pZCAxMjsgU0FNU1VORyBTTS1HOTk2QikgQXBwbGVXZWJLaXRcLzUzNy4zNiAoS0hUTUwsIGxpa2UgR2Vja28pIFNhbXN1bmdCcm93c2VyXC8xNy4wIENocm9tZVwvOTYuMC40NjY0LjEwNCBNb2JpbGUgU2FmYXJpXC81MzcuMzYiLCJzaXRlX2lkIjoxfQ==',1655899683),(22,'b5d029728f',8,'A','POST','/wp-admin/admin-ajax.php',200,0,0,'eyJ0cyI6MTY1NTg5OTY5NS44MjkyMDUsInVhIjoiTW96aWxsYVwvNS4wIChMaW51eDsgQW5kcm9pZCAxMjsgU0FNU1VORyBTTS1HOTk2QikgQXBwbGVXZWJLaXRcLzUzNy4zNiAoS0hUTUwsIGxpa2UgR2Vja28pIFNhbXN1bmdCcm93c2VyXC8xNy4wIENocm9tZVwvOTYuMC40NjY0LjEwNCBNb2JpbGUgU2FmYXJpXC81MzcuMzYiLCJzaXRlX2lkIjoxfQ==',1655899694),(23,'62370236b4',8,'H','GET','/',200,0,0,'eyJ0cyI6MTY1NTg5OTcyMC4yMDM3NTgsInVhIjoiTW96aWxsYVwvNS4wIChMaW51eDsgQW5kcm9pZCAxMjsgU0FNU1VORyBTTS1HOTk2QikgQXBwbGVXZWJLaXRcLzUzNy4zNiAoS0hUTUwsIGxpa2UgR2Vja28pIFNhbXN1bmdCcm93c2VyXC8xNy4wIENocm9tZVwvOTYuMC40NjY0LjEwNCBNb2JpbGUgU2FmYXJpXC81MzcuMzYiLCJzaXRlX2lkIjoxfQ==',1655899719),(24,'6f7b7dd881',8,'H','GET','/amo-residence/',200,0,0,'eyJ0cyI6MTY1NTg5OTcyNC40NTA1ODMsInVhIjoiTW96aWxsYVwvNS4wIChMaW51eDsgQW5kcm9pZCAxMjsgU0FNU1VORyBTTS1HOTk2QikgQXBwbGVXZWJLaXRcLzUzNy4zNiAoS0hUTUwsIGxpa2UgR2Vja28pIFNhbXN1bmdCcm93c2VyXC8xNy4wIENocm9tZVwvOTYuMC40NjY0LjEwNCBNb2JpbGUgU2FmYXJpXC81MzcuMzYiLCJzaXRlX2lkIjoxfQ==',1655899724),(25,'4f36767707',8,'H','GET','/gls/',200,0,0,'eyJ0cyI6MTY1NTg5OTc1OS40MDg1ODksInVhIjoiTW96aWxsYVwvNS4wIChMaW51eDsgQW5kcm9pZCAxMjsgU0FNU1VORyBTTS1HOTk2QikgQXBwbGVXZWJLaXRcLzUzNy4zNiAoS0hUTUwsIGxpa2UgR2Vja28pIFNhbXN1bmdCcm93c2VyXC8xNy4wIENocm9tZVwvOTYuMC40NjY0LjEwNCBNb2JpbGUgU2FmYXJpXC81MzcuMzYiLCJzaXRlX2lkIjoxfQ==',1655899758),(26,'ea759f68ba',8,'H','GET','/en-bloc/',200,0,0,'eyJ0cyI6MTY1NTg5OTc5Ny4xODIyODEsInVhIjoiTW96aWxsYVwvNS4wIChMaW51eDsgQW5kcm9pZCAxMjsgU0FNU1VORyBTTS1HOTk2QikgQXBwbGVXZWJLaXRcLzUzNy4zNiAoS0hUTUwsIGxpa2UgR2Vja28pIFNhbXN1bmdCcm93c2VyXC8xNy4wIENocm9tZVwvOTYuMC40NjY0LjEwNCBNb2JpbGUgU2FmYXJpXC81MzcuMzYiLCJzaXRlX2lkIjoxfQ==',1655899796),(27,'c8cae849a8',8,'H','GET','/en-bloc/',200,0,0,'eyJ0cyI6MTY1NTg5OTgwNy4xNDA3OCwidWEiOiJNb3ppbGxhXC81LjAgKExpbnV4OyBBbmRyb2lkIDEyOyBTQU1TVU5HIFNNLUc5OTZCKSBBcHBsZVdlYktpdFwvNTM3LjM2IChLSFRNTCwgbGlrZSBHZWNrbykgU2Ftc3VuZ0Jyb3dzZXJcLzE3LjAgQ2hyb21lXC85Ni4wLjQ2NjQuMTA0IE1vYmlsZSBTYWZhcmlcLzUzNy4zNiIsInNpdGVfaWQiOjF9',1655899806),(28,'4ca8618230',8,'H','GET','/collections/',200,0,0,'eyJ0cyI6MTY1NTg5OTgxNC4yMTg0OTIsInVhIjoiTW96aWxsYVwvNS4wIChMaW51eDsgQW5kcm9pZCAxMjsgU0FNU1VORyBTTS1HOTk2QikgQXBwbGVXZWJLaXRcLzUzNy4zNiAoS0hUTUwsIGxpa2UgR2Vja28pIFNhbXN1bmdCcm93c2VyXC8xNy4wIENocm9tZVwvOTYuMC40NjY0LjEwNCBNb2JpbGUgU2FmYXJpXC81MzcuMzYiLCJzaXRlX2lkIjoxfQ==',1655899813),(29,'ec14728d8b',8,'H','GET','/resources/',200,0,0,'eyJ0cyI6MTY1NTg5OTg0My4wMjE5NTYsInVhIjoiTW96aWxsYVwvNS4wIChMaW51eDsgQW5kcm9pZCAxMjsgU0FNU1VORyBTTS1HOTk2QikgQXBwbGVXZWJLaXRcLzUzNy4zNiAoS0hUTUwsIGxpa2UgR2Vja28pIFNhbXN1bmdCcm93c2VyXC8xNy4wIENocm9tZVwvOTYuMC40NjY0LjEwNCBNb2JpbGUgU2FmYXJpXC81MzcuMzYiLCJzaXRlX2lkIjoxfQ==',1655899842),(30,'fb0fc91b57',8,'H','GET','/resources/',200,0,0,'eyJ0cyI6MTY1NTg5OTg0OC44MTYwNDUsInVhIjoiTW96aWxsYVwvNS4wIChMaW51eDsgQW5kcm9pZCAxMjsgU0FNU1VORyBTTS1HOTk2QikgQXBwbGVXZWJLaXRcLzUzNy4zNiAoS0hUTUwsIGxpa2UgR2Vja28pIFNhbXN1bmdCcm93c2VyXC8xNy4wIENocm9tZVwvOTYuMC40NjY0LjEwNCBNb2JpbGUgU2FmYXJpXC81MzcuMzYiLCJzaXRlX2lkIjoxfQ==',1655899848),(31,'09153a54d6',8,'H','GET','/contact-us/',200,0,0,'eyJ0cyI6MTY1NTg5OTg1MS4zNDQ1MzMsInVhIjoiTW96aWxsYVwvNS4wIChMaW51eDsgQW5kcm9pZCAxMjsgU0FNU1VORyBTTS1HOTk2QikgQXBwbGVXZWJLaXRcLzUzNy4zNiAoS0hUTUwsIGxpa2UgR2Vja28pIFNhbXN1bmdCcm93c2VyXC8xNy4wIENocm9tZVwvOTYuMC40NjY0LjEwNCBNb2JpbGUgU2FmYXJpXC81MzcuMzYiLCJzaXRlX2lkIjoxfQ==',1655899850),(32,'6cf4a36038',8,'H','GET','/contact-us/',200,0,0,'eyJ0cyI6MTY1NTg5OTg2NC42NDg5NzIsInVhIjoiTW96aWxsYVwvNS4wIChMaW51eDsgQW5kcm9pZCAxMjsgU0FNU1VORyBTTS1HOTk2QikgQXBwbGVXZWJLaXRcLzUzNy4zNiAoS0hUTUwsIGxpa2UgR2Vja28pIFNhbXN1bmdCcm93c2VyXC8xNy4wIENocm9tZVwvOTYuMC40NjY0LjEwNCBNb2JpbGUgU2FmYXJpXC81MzcuMzYiLCJzaXRlX2lkIjoxfQ==',1655899863),(33,'0275a12994',8,'H','GET','/collections/',200,0,0,'eyJ0cyI6MTY1NTg5OTg4NC4wMjM4MzYsInVhIjoiTW96aWxsYVwvNS4wIChMaW51eDsgQW5kcm9pZCAxMjsgU0FNU1VORyBTTS1HOTk2QikgQXBwbGVXZWJLaXRcLzUzNy4zNiAoS0hUTUwsIGxpa2UgR2Vja28pIFNhbXN1bmdCcm93c2VyXC8xNy4wIENocm9tZVwvOTYuMC40NjY0LjEwNCBNb2JpbGUgU2FmYXJpXC81MzcuMzYiLCJzaXRlX2lkIjoxfQ==',1655899883),(34,'e09361db9c',8,'H','GET','/',200,0,0,'eyJ0cyI6MTY1NTg5OTg4OC43NzkyNzMsInVhIjoiTW96aWxsYVwvNS4wIChMaW51eDsgQW5kcm9pZCAxMjsgU0FNU1VORyBTTS1HOTk2QikgQXBwbGVXZWJLaXRcLzUzNy4zNiAoS0hUTUwsIGxpa2UgR2Vja28pIFNhbXN1bmdCcm93c2VyXC8xNy4wIENocm9tZVwvOTYuMC40NjY0LjEwNCBNb2JpbGUgU2FmYXJpXC81MzcuMzYiLCJzaXRlX2lkIjoxfQ==',1655899888),(35,'ff821a36a8',8,'H','GET','/collections/',200,0,0,'eyJ0cyI6MTY1NTg5OTg4OS40Nzg2NTcsInVhIjoiTW96aWxsYVwvNS4wIChMaW51eDsgQW5kcm9pZCAxMjsgU0FNU1VORyBTTS1HOTk2QikgQXBwbGVXZWJLaXRcLzUzNy4zNiAoS0hUTUwsIGxpa2UgR2Vja28pIFNhbXN1bmdCcm93c2VyXC8xNy4wIENocm9tZVwvOTYuMC40NjY0LjEwNCBNb2JpbGUgU2FmYXJpXC81MzcuMzYiLCJzaXRlX2lkIjoxfQ==',1655899889),(36,'12862647a7',8,'H','GET','/amo-residence/',200,0,0,'eyJ0cyI6MTY1NTg5OTkxMi4wMzA4OCwidWEiOiJNb3ppbGxhXC81LjAgKExpbnV4OyBBbmRyb2lkIDEyOyBTQU1TVU5HIFNNLUc5OTZCKSBBcHBsZVdlYktpdFwvNTM3LjM2IChLSFRNTCwgbGlrZSBHZWNrbykgU2Ftc3VuZ0Jyb3dzZXJcLzE3LjAgQ2hyb21lXC85Ni4wLjQ2NjQuMTA0IE1vYmlsZSBTYWZhcmlcLzUzNy4zNiIsInNpdGVfaWQiOjF9',1655899911),(37,'ae8c72d617',8,'H','GET','/',200,0,0,'eyJ0cyI6MTY1NTg5OTkxMi42MjU0MzQsInVhIjoiTW96aWxsYVwvNS4wIChMaW51eDsgQW5kcm9pZCAxMjsgU0FNU1VORyBTTS1HOTk2QikgQXBwbGVXZWJLaXRcLzUzNy4zNiAoS0hUTUwsIGxpa2UgR2Vja28pIFNhbXN1bmdCcm93c2VyXC8xNy4wIENocm9tZVwvOTYuMC40NjY0LjEwNCBNb2JpbGUgU2FmYXJpXC81MzcuMzYiLCJzaXRlX2lkIjoxfQ==',1655899912),(38,'87409bf5e3',8,'A','POST','/wp-admin/admin-ajax.php',200,0,0,'eyJ0cyI6MTY1NTkwMDAzNi43MjY2MDgsInVhIjoiTW96aWxsYVwvNS4wIChMaW51eDsgQW5kcm9pZCAxMjsgU0FNU1VORyBTTS1HOTk2QikgQXBwbGVXZWJLaXRcLzUzNy4zNiAoS0hUTUwsIGxpa2UgR2Vja28pIFNhbXN1bmdCcm93c2VyXC8xNy4wIENocm9tZVwvOTYuMC40NjY0LjEwNCBNb2JpbGUgU2FmYXJpXC81MzcuMzYiLCJzaXRlX2lkIjoxfQ==',1655900035),(39,'e568a7571c',8,'A','POST','/wp-admin/admin-ajax.php',200,0,0,'eyJ0cyI6MTY1NTkwMjM2OC4wNTAwNjksInVhIjoiTW96aWxsYVwvNS4wIChMaW51eDsgQW5kcm9pZCAxMjsgU0FNU1VORyBTTS1HOTk2QikgQXBwbGVXZWJLaXRcLzUzNy4zNiAoS0hUTUwsIGxpa2UgR2Vja28pIFNhbXN1bmdCcm93c2VyXC8xNy4wIENocm9tZVwvOTYuMC40NjY0LjEwNCBNb2JpbGUgU2FmYXJpXC81MzcuMzYiLCJzaXRlX2lkIjoxfQ==',1655902359),(40,'eebbc77f71',7,'C','POST','/wp-cron.php',200,0,0,'eyJ0cyI6MTY1NTkyNjg2MS42ODI4LCJ1YSI6IldvcmRQcmVzc1wvNi4wOyBodHRwczpcL1wvZDM2aGs3Y2stc3RhZ2luZy5kcmVhbXdwLmNvbSIsInF1ZXJ5IjoiZG9pbmdfd3BfY3Jvbj0xNjU1OTI2ODI3LjYzMTIwMDA3NTE0OTUzNjEzMjgxMjUiLCJzaXRlX2lkIjoxfQ==',1655926827),(41,'c485e7e860',12,'H','GET','/',200,0,0,'eyJ0cyI6MTY1NTk3Mzc3Ni44MDEzNzIsInVhIjoiTW96aWxsYVwvNS4wIChXaW5kb3dzIE5UIDEwLjA7IFdpbjY0OyB4NjQpIEFwcGxlV2ViS2l0XC81MzcuMzYgKEtIVE1MLCBsaWtlIEdlY2tvKSBDaHJvbWVcLzEwMi4wLjAuMCBTYWZhcmlcLzUzNy4zNiIsInNpdGVfaWQiOjF9',1655973765),(42,'d52c3f0478',11,'H','GET','/',200,0,0,'eyJ0cyI6MTY1NTk3Mzc3Ni44MDEzNzIsInVhIjoiTW96aWxsYVwvNS4wIChXaW5kb3dzIE5UIDEwLjA7IFdpbjY0OyB4NjQpIEFwcGxlV2ViS2l0XC81MzcuMzYgKEtIVE1MLCBsaWtlIEdlY2tvKSBDaHJvbWVcLzk3LjAuNDY5Mi45OSBTYWZhcmlcLzUzNy4zNiIsInNpdGVfaWQiOjF9',1655973773),(43,'23c2e393b8',12,'A','POST','/wp-admin/admin-ajax.php',200,0,0,'eyJ0cyI6MTY1NTk3Mzc3OC45MTgxNTksInVhIjoiTW96aWxsYVwvNS4wIChXaW5kb3dzIE5UIDEwLjA7IFdpbjY0OyB4NjQpIEFwcGxlV2ViS2l0XC81MzcuMzYgKEtIVE1MLCBsaWtlIEdlY2tvKSBDaHJvbWVcLzEwMi4wLjAuMCBTYWZhcmlcLzUzNy4zNiIsInNpdGVfaWQiOjF9',1655973777),(44,'a3e3d67d76',11,'A','POST','/wp-admin/admin-ajax.php',200,0,0,'eyJ0cyI6MTY1NTk3Mzc3OS41NDMxNSwidWEiOiJNb3ppbGxhXC81LjAgKFdpbmRvd3MgTlQgMTAuMDsgV2luNjQ7IHg2NCkgQXBwbGVXZWJLaXRcLzUzNy4zNiAoS0hUTUwsIGxpa2UgR2Vja28pIENocm9tZVwvOTcuMC40NjkyLjk5IFNhZmFyaVwvNTM3LjM2Iiwic2l0ZV9pZCI6MX0=',1655973779),(45,'6bb861d338',12,'H','GET','/slogin',200,0,0,'eyJ0cyI6MTY1NTk3Mzc5Ni44ODc4NDgsInVhIjoiTW96aWxsYVwvNS4wIChXaW5kb3dzIE5UIDEwLjA7IFdpbjY0OyB4NjQpIEFwcGxlV2ViS2l0XC81MzcuMzYgKEtIVE1MLCBsaWtlIEdlY2tvKSBDaHJvbWVcLzEwMi4wLjAuMCBTYWZhcmlcLzUzNy4zNiIsInNpdGVfaWQiOjF9',1655973796),(46,'a875981f3d',12,'L','POST','/slogin',302,0,0,'eyJ0cyI6MTY1NTk3MzgxMy43MTUzMzcsInVhIjoiTW96aWxsYVwvNS4wIChXaW5kb3dzIE5UIDEwLjA7IFdpbjY0OyB4NjQpIEFwcGxlV2ViS2l0XC81MzcuMzYgKEtIVE1MLCBsaWtlIEdlY2tvKSBDaHJvbWVcLzEwMi4wLjAuMCBTYWZhcmlcLzUzNy4zNiIsInNpdGVfaWQiOjF9',1655973808),(47,'d4aa1bfeb9',12,'L','POST','/slogin',302,3,0,'eyJ0cyI6MTY1NTk3MzgxNS44MjAzNjksInVhIjoiTW96aWxsYVwvNS4wIChXaW5kb3dzIE5UIDEwLjA7IFdpbjY0OyB4NjQpIEFwcGxlV2ViS2l0XC81MzcuMzYgKEtIVE1MLCBsaWtlIEdlY2tvKSBDaHJvbWVcLzEwMi4wLjAuMCBTYWZhcmlcLzUzNy4zNiIsInNpdGVfaWQiOjF9',1655973814),(48,'2265ac8fd7',13,'H','GET','/home/',301,0,0,'eyJ0cyI6MTY1NTk3MzgyMy44OTc3MiwidWEiOiJNb3ppbGxhXC81LjAgKFdpbmRvd3MgTlQgMTAuMDsgV2luNjQ7IHg2NCkgQXBwbGVXZWJLaXRcLzUzNy4zNiAoS0hUTUwsIGxpa2UgR2Vja28pIENocm9tZVwvOTcuMC40NjkyLjk5IFNhZmFyaVwvNTM3LjM2Iiwic2l0ZV9pZCI6MX0=',1655973823),(49,'44d4ee9230',13,'H','GET','/',200,0,0,'eyJ0cyI6MTY1NTk3MzgyNC41OTQxODUsInVhIjoiTW96aWxsYVwvNS4wIChXaW5kb3dzIE5UIDEwLjA7IFdpbjY0OyB4NjQpIEFwcGxlV2ViS2l0XC81MzcuMzYgKEtIVE1MLCBsaWtlIEdlY2tvKSBDaHJvbWVcLzk3LjAuNDY5Mi45OSBTYWZhcmlcLzUzNy4zNiIsInNpdGVfaWQiOjF9',1655973824),(50,'fde7d631fe',13,'A','POST','/wp-admin/admin-ajax.php',200,0,0,'eyJ0cyI6MTY1NTk3MzgyNy4wNzcyMTUsInVhIjoiTW96aWxsYVwvNS4wIChXaW5kb3dzIE5UIDEwLjA7IFdpbjY0OyB4NjQpIEFwcGxlV2ViS2l0XC81MzcuMzYgKEtIVE1MLCBsaWtlIEdlY2tvKSBDaHJvbWVcLzc5LjAuMzk0NS4xMzYgU2FmYXJpXC81MzcuMzYiLCJzaXRlX2lkIjoxfQ==',1655973826),(51,'d844d24eac',12,'A','POST','/wp-admin/admin-ajax.php',200,3,0,'eyJ0cyI6MTY1NTk3NDEyMi4xMTc3NzYsInVhIjoiTW96aWxsYVwvNS4wIChXaW5kb3dzIE5UIDEwLjA7IFdpbjY0OyB4NjQpIEFwcGxlV2ViS2l0XC81MzcuMzYgKEtIVE1MLCBsaWtlIEdlY2tvKSBDaHJvbWVcLzEwMi4wLjAuMCBTYWZhcmlcLzUzNy4zNiIsInNpdGVfaWQiOjF9',1655974121),(52,'753ec56dbe',12,'A','POST','/wp-admin/admin-ajax.php',200,3,0,'eyJ0cyI6MTY1NTk3NDE2OS41NDEwMTIsInVhIjoiTW96aWxsYVwvNS4wIChXaW5kb3dzIE5UIDEwLjA7IFdpbjY0OyB4NjQpIEFwcGxlV2ViS2l0XC81MzcuMzYgKEtIVE1MLCBsaWtlIEdlY2tvKSBDaHJvbWVcLzEwMi4wLjAuMCBTYWZhcmlcLzUzNy4zNiIsInNpdGVfaWQiOjF9',1655974169),(53,'b0f172d042',12,'A','POST','/wp-admin/admin-ajax.php',200,3,0,'eyJ0cyI6MTY1NTk3NDI3MC41Njg4NTIsInVhIjoiTW96aWxsYVwvNS4wIChXaW5kb3dzIE5UIDEwLjA7IFdpbjY0OyB4NjQpIEFwcGxlV2ViS2l0XC81MzcuMzYgKEtIVE1MLCBsaWtlIEdlY2tvKSBDaHJvbWVcLzEwMi4wLjAuMCBTYWZhcmlcLzUzNy4zNiIsInNpdGVfaWQiOjF9',1655974268),(54,'864a2f4ed6',12,'H','GET','/gls/',200,0,0,'eyJ0cyI6MTY1NTk3NDMyMC44NTU2LCJ1YSI6Ik1vemlsbGFcLzUuMCAoTGludXg7IEFuZHJvaWQgMTI7IFNNLUc5OTZCKSBBcHBsZVdlYktpdFwvNTM3LjM2IChLSFRNTCwgbGlrZSBHZWNrbykgQ2hyb21lXC8xMDIuMC4wLjAgTW9iaWxlIFNhZmFyaVwvNTM3LjM2Iiwic2l0ZV9pZCI6MX0=',1655974319),(55,'f8e7e4df7a',12,'A','POST','/wp-admin/admin-ajax.php',200,0,0,'eyJ0cyI6MTY1NTk3NDMyMS41OTIzMTgsInVhIjoiTW96aWxsYVwvNS4wIChMaW51eDsgQW5kcm9pZCAxMjsgU00tRzk5NkIpIEFwcGxlV2ViS2l0XC81MzcuMzYgKEtIVE1MLCBsaWtlIEdlY2tvKSBDaHJvbWVcLzEwMi4wLjAuMCBNb2JpbGUgU2FmYXJpXC81MzcuMzYiLCJzaXRlX2lkIjoxfQ==',1655974321),(56,'a254208db3',12,'H','GET','/gls/',200,0,0,'eyJ0cyI6MTY1NTk3NDMyNC41NTE1NzksInVhIjoiTW96aWxsYVwvNS4wIChMaW51eDsgQW5kcm9pZCAxMjsgU00tRzk5NkIpIEFwcGxlV2ViS2l0XC81MzcuMzYgKEtIVE1MLCBsaWtlIEdlY2tvKSBDaHJvbWVcLzEwMi4wLjAuMCBNb2JpbGUgU2FmYXJpXC81MzcuMzYiLCJzaXRlX2lkIjoxfQ==',1655974323),(57,'403d45cb99',12,'H','GET','/gls/',200,0,0,'eyJ0cyI6MTY1NTk3NDMyNi44NDEyMzgsInVhIjoiTW96aWxsYVwvNS4wIChMaW51eDsgQW5kcm9pZCAxMjsgU00tRzk5NkIpIEFwcGxlV2ViS2l0XC81MzcuMzYgKEtIVE1MLCBsaWtlIEdlY2tvKSBDaHJvbWVcLzEwMi4wLjAuMCBNb2JpbGUgU2FmYXJpXC81MzcuMzYiLCJzaXRlX2lkIjoxfQ==',1655974326),(58,'e14977761a',12,'A','POST','/wp-admin/admin-ajax.php',200,3,0,'eyJ0cyI6MTY1NTk3NDM2MC4yMzI0MzIsInVhIjoiTW96aWxsYVwvNS4wIChXaW5kb3dzIE5UIDEwLjA7IFdpbjY0OyB4NjQpIEFwcGxlV2ViS2l0XC81MzcuMzYgKEtIVE1MLCBsaWtlIEdlY2tvKSBDaHJvbWVcLzEwMi4wLjAuMCBTYWZhcmlcLzUzNy4zNiIsInNpdGVfaWQiOjF9',1655974359),(59,'0e39534a7b',12,'H','GET','/gls/',200,0,0,'eyJ0cyI6MTY1NTk3NDM2Mi43MjMwMjYsInVhIjoiTW96aWxsYVwvNS4wIChMaW51eDsgQW5kcm9pZCAxMjsgU00tRzk5NkIpIEFwcGxlV2ViS2l0XC81MzcuMzYgKEtIVE1MLCBsaWtlIEdlY2tvKSBDaHJvbWVcLzEwMi4wLjAuMCBNb2JpbGUgU2FmYXJpXC81MzcuMzYiLCJzaXRlX2lkIjoxfQ==',1655974362),(60,'a4d67ddce1',12,'A','POST','/wp-admin/admin-ajax.php',200,3,0,'eyJ0cyI6MTY1NTk3NDM5Ni4wNTIwMDMsInVhIjoiTW96aWxsYVwvNS4wIChXaW5kb3dzIE5UIDEwLjA7IFdpbjY0OyB4NjQpIEFwcGxlV2ViS2l0XC81MzcuMzYgKEtIVE1MLCBsaWtlIEdlY2tvKSBDaHJvbWVcLzEwMi4wLjAuMCBTYWZhcmlcLzUzNy4zNiIsInNpdGVfaWQiOjF9',1655974395),(61,'25856114c5',12,'H','GET','/gls/',200,0,0,'eyJ0cyI6MTY1NTk3NDQwMS42NTQ4NDcsInVhIjoiTW96aWxsYVwvNS4wIChMaW51eDsgQW5kcm9pZCAxMjsgU00tRzk5NkIpIEFwcGxlV2ViS2l0XC81MzcuMzYgKEtIVE1MLCBsaWtlIEdlY2tvKSBDaHJvbWVcLzEwMi4wLjAuMCBNb2JpbGUgU2FmYXJpXC81MzcuMzYiLCJzaXRlX2lkIjoxfQ==',1655974401),(62,'0a400bf6c0',12,'H','GET','/gls/',200,0,0,'eyJ0cyI6MTY1NTk3NDQwNC4xODU3NTcsInVhIjoiTW96aWxsYVwvNS4wIChMaW51eDsgQW5kcm9pZCAxMjsgU00tRzk5NkIpIEFwcGxlV2ViS2l0XC81MzcuMzYgKEtIVE1MLCBsaWtlIEdlY2tvKSBDaHJvbWVcLzEwMi4wLjAuMCBNb2JpbGUgU2FmYXJpXC81MzcuMzYiLCJzaXRlX2lkIjoxfQ==',1655974403),(63,'acbdf294ae',12,'H','GET','/gls/',200,0,0,'eyJ0cyI6MTY1NTk3NDQwNi41MDkyNDksInVhIjoiTW96aWxsYVwvNS4wIChMaW51eDsgQW5kcm9pZCAxMjsgU00tRzk5NkIpIEFwcGxlV2ViS2l0XC81MzcuMzYgKEtIVE1MLCBsaWtlIEdlY2tvKSBDaHJvbWVcLzEwMi4wLjAuMCBNb2JpbGUgU2FmYXJpXC81MzcuMzYiLCJzaXRlX2lkIjoxfQ==',1655974406),(64,'ea59fc5dff',12,'A','POST','/wp-admin/admin-ajax.php',200,3,0,'eyJ0cyI6MTY1NTk3NDQyNC4yMDE3MjksInVhIjoiTW96aWxsYVwvNS4wIChXaW5kb3dzIE5UIDEwLjA7IFdpbjY0OyB4NjQpIEFwcGxlV2ViS2l0XC81MzcuMzYgKEtIVE1MLCBsaWtlIEdlY2tvKSBDaHJvbWVcLzEwMi4wLjAuMCBTYWZhcmlcLzUzNy4zNiIsInNpdGVfaWQiOjF9',1655974423),(65,'818dc1ee85',12,'H','GET','/gls/',200,0,0,'eyJ0cyI6MTY1NTk3NDQyNi4yODc0NTMsInVhIjoiTW96aWxsYVwvNS4wIChMaW51eDsgQW5kcm9pZCAxMjsgU00tRzk5NkIpIEFwcGxlV2ViS2l0XC81MzcuMzYgKEtIVE1MLCBsaWtlIEdlY2tvKSBDaHJvbWVcLzEwMi4wLjAuMCBNb2JpbGUgU2FmYXJpXC81MzcuMzYiLCJzaXRlX2lkIjoxfQ==',1655974425),(66,'75368d11d0',12,'H','GET','/gls/',200,0,0,'eyJ0cyI6MTY1NTk3NDQ2OS43MTY5NTQsInVhIjoiTW96aWxsYVwvNS4wIChMaW51eDsgQW5kcm9pZCAxMjsgU00tRzk5NkIpIEFwcGxlV2ViS2l0XC81MzcuMzYgKEtIVE1MLCBsaWtlIEdlY2tvKSBDaHJvbWVcLzEwMi4wLjAuMCBNb2JpbGUgU2FmYXJpXC81MzcuMzYiLCJzaXRlX2lkIjoxfQ==',1655974469),(67,'23fa88fd43',12,'A','POST','/wp-admin/admin-ajax.php',200,3,0,'eyJ0cyI6MTY1NTk3NDU5OC4zMTI5NTgsInVhIjoiTW96aWxsYVwvNS4wIChXaW5kb3dzIE5UIDEwLjA7IFdpbjY0OyB4NjQpIEFwcGxlV2ViS2l0XC81MzcuMzYgKEtIVE1MLCBsaWtlIEdlY2tvKSBDaHJvbWVcLzEwMi4wLjAuMCBTYWZhcmlcLzUzNy4zNiIsInNpdGVfaWQiOjF9',1655974597),(68,'7d76eaa64f',12,'A','POST','/wp-admin/admin-ajax.php',200,0,0,'eyJ0cyI6MTY1NTk3NDY2OS4yNjk5NjcsInVhIjoiTW96aWxsYVwvNS4wIChMaW51eDsgQW5kcm9pZCAxMjsgU00tRzk5NkIpIEFwcGxlV2ViS2l0XC81MzcuMzYgKEtIVE1MLCBsaWtlIEdlY2tvKSBDaHJvbWVcLzEwMi4wLjAuMCBNb2JpbGUgU2FmYXJpXC81MzcuMzYiLCJzaXRlX2lkIjoxfQ==',1655974669),(69,'aeab390136',12,'H','GET','/gls/',200,0,0,'eyJ0cyI6MTY1NTk3NDY2OS4zNjQzNTQsInVhIjoiTW96aWxsYVwvNS4wIChMaW51eDsgQW5kcm9pZCAxMjsgU00tRzk5NkIpIEFwcGxlV2ViS2l0XC81MzcuMzYgKEtIVE1MLCBsaWtlIEdlY2tvKSBDaHJvbWVcLzEwMi4wLjAuMCBNb2JpbGUgU2FmYXJpXC81MzcuMzYiLCJzaXRlX2lkIjoxfQ==',1655974668),(70,'55fb80744c',12,'A','POST','/wp-admin/admin-ajax.php',200,3,0,'eyJ0cyI6MTY1NTk3NDY3NC43NjMwNDUsInVhIjoiTW96aWxsYVwvNS4wIChXaW5kb3dzIE5UIDEwLjA7IFdpbjY0OyB4NjQpIEFwcGxlV2ViS2l0XC81MzcuMzYgKEtIVE1MLCBsaWtlIEdlY2tvKSBDaHJvbWVcLzEwMi4wLjAuMCBTYWZhcmlcLzUzNy4zNiIsInNpdGVfaWQiOjF9',1655974674),(71,'5726b00582',12,'H','GET','/gls/',200,0,0,'eyJ0cyI6MTY1NTk3NDY3Ny4yMzIxMjgsInVhIjoiTW96aWxsYVwvNS4wIChMaW51eDsgQW5kcm9pZCAxMjsgU00tRzk5NkIpIEFwcGxlV2ViS2l0XC81MzcuMzYgKEtIVE1MLCBsaWtlIEdlY2tvKSBDaHJvbWVcLzEwMi4wLjAuMCBNb2JpbGUgU2FmYXJpXC81MzcuMzYiLCJzaXRlX2lkIjoxfQ==',1655974676),(72,'42077611c5',12,'H','GET','/gls/',200,0,0,'eyJ0cyI6MTY1NTk3NDcyMi4xNDc2NTMsInVhIjoiTW96aWxsYVwvNS4wIChMaW51eDsgQW5kcm9pZCAxMjsgU00tRzk5NkIpIEFwcGxlV2ViS2l0XC81MzcuMzYgKEtIVE1MLCBsaWtlIEdlY2tvKSBDaHJvbWVcLzEwMi4wLjAuMCBNb2JpbGUgU2FmYXJpXC81MzcuMzYiLCJzaXRlX2lkIjoxfQ==',1655974721),(73,'07b8b2f494',12,'H','GET','/',200,0,0,'eyJ0cyI6MTY1NTk3NDcyNC44NTMzNDcsInVhIjoiTW96aWxsYVwvNS4wIChMaW51eDsgQW5kcm9pZCAxMjsgU00tRzk5NkIpIEFwcGxlV2ViS2l0XC81MzcuMzYgKEtIVE1MLCBsaWtlIEdlY2tvKSBDaHJvbWVcLzEwMi4wLjAuMCBNb2JpbGUgU2FmYXJpXC81MzcuMzYiLCJzaXRlX2lkIjoxfQ==',1655974724),(74,'d991f17630',12,'H','GET','/en-bloc/',200,0,0,'eyJ0cyI6MTY1NTk3NDc5NS4xNTM3MDMsInVhIjoiTW96aWxsYVwvNS4wIChMaW51eDsgQW5kcm9pZCAxMjsgU00tRzk5NkIpIEFwcGxlV2ViS2l0XC81MzcuMzYgKEtIVE1MLCBsaWtlIEdlY2tvKSBDaHJvbWVcLzEwMi4wLjAuMCBNb2JpbGUgU2FmYXJpXC81MzcuMzYiLCJzaXRlX2lkIjoxfQ==',1655974794),(75,'f35a8e5dc8',12,'A','POST','/wp-admin/admin-ajax.php',200,3,0,'eyJ0cyI6MTY1NTk3NTAxOS40NDk2MDgsInVhIjoiTW96aWxsYVwvNS4wIChXaW5kb3dzIE5UIDEwLjA7IFdpbjY0OyB4NjQpIEFwcGxlV2ViS2l0XC81MzcuMzYgKEtIVE1MLCBsaWtlIEdlY2tvKSBDaHJvbWVcLzEwMi4wLjAuMCBTYWZhcmlcLzUzNy4zNiIsInNpdGVfaWQiOjF9',1655975019),(76,'5f6cf0f6fe',12,'H','GET','/en-bloc/',200,0,0,'eyJ0cyI6MTY1NTk3NTAyOC43MzI0MTgsInVhIjoiTW96aWxsYVwvNS4wIChMaW51eDsgQW5kcm9pZCAxMjsgU00tRzk5NkIpIEFwcGxlV2ViS2l0XC81MzcuMzYgKEtIVE1MLCBsaWtlIEdlY2tvKSBDaHJvbWVcLzEwMi4wLjAuMCBNb2JpbGUgU2FmYXJpXC81MzcuMzYiLCJzaXRlX2lkIjoxfQ==',1655975028),(77,'95506cc092',12,'A','POST','/wp-admin/admin-ajax.php',200,0,0,'eyJ0cyI6MTY1NTk3NTAyOS4xNzkxOTYsInVhIjoiTW96aWxsYVwvNS4wIChMaW51eDsgQW5kcm9pZCAxMjsgU00tRzk5NkIpIEFwcGxlV2ViS2l0XC81MzcuMzYgKEtIVE1MLCBsaWtlIEdlY2tvKSBDaHJvbWVcLzEwMi4wLjAuMCBNb2JpbGUgU2FmYXJpXC81MzcuMzYiLCJzaXRlX2lkIjoxfQ==',1655975029),(78,'7a6500d48e',12,'A','POST','/wp-admin/admin-ajax.php',200,3,0,'eyJ0cyI6MTY1NTk3NTIxOC4yMTc5MzgsInVhIjoiTW96aWxsYVwvNS4wIChXaW5kb3dzIE5UIDEwLjA7IFdpbjY0OyB4NjQpIEFwcGxlV2ViS2l0XC81MzcuMzYgKEtIVE1MLCBsaWtlIEdlY2tvKSBDaHJvbWVcLzEwMi4wLjAuMCBTYWZhcmlcLzUzNy4zNiIsInNpdGVfaWQiOjF9',1655975217),(79,'c7e35fc8ec',12,'A','POST','/wp-admin/admin-ajax.php',200,3,0,'eyJ0cyI6MTY1NTk3NTM4Ny40NTk1NTMsInVhIjoiTW96aWxsYVwvNS4wIChXaW5kb3dzIE5UIDEwLjA7IFdpbjY0OyB4NjQpIEFwcGxlV2ViS2l0XC81MzcuMzYgKEtIVE1MLCBsaWtlIEdlY2tvKSBDaHJvbWVcLzEwMi4wLjAuMCBTYWZhcmlcLzUzNy4zNiIsInNpdGVfaWQiOjF9',1655975387),(80,'eeb1692953',12,'A','POST','/wp-admin/admin-ajax.php',200,3,0,'eyJ0cyI6MTY1NTk3NTQyMi44MzIyNDksInVhIjoiTW96aWxsYVwvNS4wIChXaW5kb3dzIE5UIDEwLjA7IFdpbjY0OyB4NjQpIEFwcGxlV2ViS2l0XC81MzcuMzYgKEtIVE1MLCBsaWtlIEdlY2tvKSBDaHJvbWVcLzEwMi4wLjAuMCBTYWZhcmlcLzUzNy4zNiIsInNpdGVfaWQiOjF9',1655975422),(81,'5895e93162',12,'A','POST','/wp-admin/admin-ajax.php',200,0,0,'eyJ0cyI6MTY1NTk3NTQzNy44ODAzMTQsInVhIjoiTW96aWxsYVwvNS4wIChMaW51eDsgQW5kcm9pZCAxMjsgU00tRzk5NkIpIEFwcGxlV2ViS2l0XC81MzcuMzYgKEtIVE1MLCBsaWtlIEdlY2tvKSBDaHJvbWVcLzEwMi4wLjAuMCBNb2JpbGUgU2FmYXJpXC81MzcuMzYiLCJzaXRlX2lkIjoxfQ==',1655975437),(82,'79d0a36319',12,'H','GET','/en-bloc/',200,0,0,'eyJ0cyI6MTY1NTk3NTQzNy45MDc0MjQsInVhIjoiTW96aWxsYVwvNS4wIChMaW51eDsgQW5kcm9pZCAxMjsgU00tRzk5NkIpIEFwcGxlV2ViS2l0XC81MzcuMzYgKEtIVE1MLCBsaWtlIEdlY2tvKSBDaHJvbWVcLzEwMi4wLjAuMCBNb2JpbGUgU2FmYXJpXC81MzcuMzYiLCJzaXRlX2lkIjoxfQ==',1655975437),(83,'d62c43aa62',12,'H','GET','/collections/',200,0,0,'eyJ0cyI6MTY1NTk3NTQ0NC44OTIyOSwidWEiOiJNb3ppbGxhXC81LjAgKExpbnV4OyBBbmRyb2lkIDEyOyBTTS1HOTk2QikgQXBwbGVXZWJLaXRcLzUzNy4zNiAoS0hUTUwsIGxpa2UgR2Vja28pIENocm9tZVwvMTAyLjAuMC4wIE1vYmlsZSBTYWZhcmlcLzUzNy4zNiIsInNpdGVfaWQiOjF9',1655975444),(84,'6ad39841e6',12,'A','POST','/wp-admin/admin-ajax.php',200,3,0,'eyJ0cyI6MTY1NTk3NTQ2OC4yNzk0MTcsInVhIjoiTW96aWxsYVwvNS4wIChXaW5kb3dzIE5UIDEwLjA7IFdpbjY0OyB4NjQpIEFwcGxlV2ViS2l0XC81MzcuMzYgKEtIVE1MLCBsaWtlIEdlY2tvKSBDaHJvbWVcLzEwMi4wLjAuMCBTYWZhcmlcLzUzNy4zNiIsInNpdGVfaWQiOjF9',1655975467),(85,'daeb4c80c8',12,'H','GET','/en-bloc/',200,0,0,'eyJ0cyI6MTY1NTk3NTQ4MC4xODc1NDIsInVhIjoiTW96aWxsYVwvNS4wIChMaW51eDsgQW5kcm9pZCAxMjsgU00tRzk5NkIpIEFwcGxlV2ViS2l0XC81MzcuMzYgKEtIVE1MLCBsaWtlIEdlY2tvKSBDaHJvbWVcLzEwMi4wLjAuMCBNb2JpbGUgU2FmYXJpXC81MzcuMzYiLCJzaXRlX2lkIjoxfQ==',1655975479),(86,'ff6fc1c8c9',12,'H','GET','/en-bloc/',200,0,0,'eyJ0cyI6MTY1NTk3NTQ4Mi41MTE4MiwidWEiOiJNb3ppbGxhXC81LjAgKExpbnV4OyBBbmRyb2lkIDEyOyBTTS1HOTk2QikgQXBwbGVXZWJLaXRcLzUzNy4zNiAoS0hUTUwsIGxpa2UgR2Vja28pIENocm9tZVwvMTAyLjAuMC4wIE1vYmlsZSBTYWZhcmlcLzUzNy4zNiIsInNpdGVfaWQiOjF9',1655975482),(87,'c5bb3c7ef1',12,'H','GET','/en-bloc/',200,0,0,'eyJ0cyI6MTY1NTk3NTQ4My45OTY5MDgsInVhIjoiTW96aWxsYVwvNS4wIChMaW51eDsgQW5kcm9pZCAxMjsgU00tRzk5NkIpIEFwcGxlV2ViS2l0XC81MzcuMzYgKEtIVE1MLCBsaWtlIEdlY2tvKSBDaHJvbWVcLzEwMi4wLjAuMCBNb2JpbGUgU2FmYXJpXC81MzcuMzYiLCJzaXRlX2lkIjoxfQ==',1655975483),(88,'78c7ddb59b',12,'A','POST','/wp-admin/admin-ajax.php',200,3,0,'eyJ0cyI6MTY1NTk3NTUxNy4yMjc4MiwidWEiOiJNb3ppbGxhXC81LjAgKFdpbmRvd3MgTlQgMTAuMDsgV2luNjQ7IHg2NCkgQXBwbGVXZWJLaXRcLzUzNy4zNiAoS0hUTUwsIGxpa2UgR2Vja28pIENocm9tZVwvMTAyLjAuMC4wIFNhZmFyaVwvNTM3LjM2Iiwic2l0ZV9pZCI6MX0=',1655975516),(89,'579077fd7b',12,'H','GET','/en-bloc/',200,0,0,'eyJ0cyI6MTY1NTk3NTUxOS4xNzU1MzksInVhIjoiTW96aWxsYVwvNS4wIChMaW51eDsgQW5kcm9pZCAxMjsgU00tRzk5NkIpIEFwcGxlV2ViS2l0XC81MzcuMzYgKEtIVE1MLCBsaWtlIEdlY2tvKSBDaHJvbWVcLzEwMi4wLjAuMCBNb2JpbGUgU2FmYXJpXC81MzcuMzYiLCJzaXRlX2lkIjoxfQ==',1655975518),(90,'d496bb4e52',12,'H','GET','/gls/',200,0,0,'eyJ0cyI6MTY1NTk3NTUyNS4zMjY2OTcsInVhIjoiTW96aWxsYVwvNS4wIChMaW51eDsgQW5kcm9pZCAxMjsgU00tRzk5NkIpIEFwcGxlV2ViS2l0XC81MzcuMzYgKEtIVE1MLCBsaWtlIEdlY2tvKSBDaHJvbWVcLzEwMi4wLjAuMCBNb2JpbGUgU2FmYXJpXC81MzcuMzYiLCJzaXRlX2lkIjoxfQ==',1655975524),(91,'047698cdab',12,'H','GET','/gls/',200,0,0,'eyJ0cyI6MTY1NTk3NTUzMC4zMDI3MDMsInVhIjoiTW96aWxsYVwvNS4wIChMaW51eDsgQW5kcm9pZCAxMjsgU00tRzk5NkIpIEFwcGxlV2ViS2l0XC81MzcuMzYgKEtIVE1MLCBsaWtlIEdlY2tvKSBDaHJvbWVcLzEwMi4wLjAuMCBNb2JpbGUgU2FmYXJpXC81MzcuMzYiLCJzaXRlX2lkIjoxfQ==',1655975529),(92,'44303b57fd',12,'H','GET','/en-bloc/',200,0,0,'eyJ0cyI6MTY1NTk3NTUzNS42NjY1NSwidWEiOiJNb3ppbGxhXC81LjAgKExpbnV4OyBBbmRyb2lkIDEyOyBTTS1HOTk2QikgQXBwbGVXZWJLaXRcLzUzNy4zNiAoS0hUTUwsIGxpa2UgR2Vja28pIENocm9tZVwvMTAyLjAuMC4wIE1vYmlsZSBTYWZhcmlcLzUzNy4zNiIsInNpdGVfaWQiOjF9',1655975535),(93,'ac55d51873',12,'A','POST','/wp-admin/admin-ajax.php',200,3,0,'eyJ0cyI6MTY1NTk3NjA0My44NzU4MzYsInVhIjoiTW96aWxsYVwvNS4wIChXaW5kb3dzIE5UIDEwLjA7IFdpbjY0OyB4NjQpIEFwcGxlV2ViS2l0XC81MzcuMzYgKEtIVE1MLCBsaWtlIEdlY2tvKSBDaHJvbWVcLzEwMi4wLjAuMCBTYWZhcmlcLzUzNy4zNiIsInNpdGVfaWQiOjF9',1655976043),(94,'38b33be397',12,'A','POST','/wp-admin/admin-ajax.php',200,3,0,'eyJ0cyI6MTY1NTk3NjA5Mi45MjkwMDgsInVhIjoiTW96aWxsYVwvNS4wIChXaW5kb3dzIE5UIDEwLjA7IFdpbjY0OyB4NjQpIEFwcGxlV2ViS2l0XC81MzcuMzYgKEtIVE1MLCBsaWtlIEdlY2tvKSBDaHJvbWVcLzEwMi4wLjAuMCBTYWZhcmlcLzUzNy4zNiIsInNpdGVfaWQiOjF9',1655976092),(95,'0f9352bb93',12,'A','POST','/wp-admin/admin-ajax.php',200,3,0,'eyJ0cyI6MTY1NTk3NjM3My4xMTg4ODQsInVhIjoiTW96aWxsYVwvNS4wIChXaW5kb3dzIE5UIDEwLjA7IFdpbjY0OyB4NjQpIEFwcGxlV2ViS2l0XC81MzcuMzYgKEtIVE1MLCBsaWtlIEdlY2tvKSBDaHJvbWVcLzEwMi4wLjAuMCBTYWZhcmlcLzUzNy4zNiIsInNpdGVfaWQiOjF9',1655976372),(96,'21117c9866',12,'A','POST','/wp-admin/admin-ajax.php',200,3,0,'eyJ0cyI6MTY1NTk3Njc0My4xNjk3NzMsInVhIjoiTW96aWxsYVwvNS4wIChXaW5kb3dzIE5UIDEwLjA7IFdpbjY0OyB4NjQpIEFwcGxlV2ViS2l0XC81MzcuMzYgKEtIVE1MLCBsaWtlIEdlY2tvKSBDaHJvbWVcLzEwMi4wLjAuMCBTYWZhcmlcLzUzNy4zNiIsInNpdGVfaWQiOjF9',1655976742),(97,'8bc179c1e7',12,'A','POST','/wp-admin/admin-ajax.php',200,3,0,'eyJ0cyI6MTY1NTk3Njc3OS4yMjMzNTMsInVhIjoiTW96aWxsYVwvNS4wIChXaW5kb3dzIE5UIDEwLjA7IFdpbjY0OyB4NjQpIEFwcGxlV2ViS2l0XC81MzcuMzYgKEtIVE1MLCBsaWtlIEdlY2tvKSBDaHJvbWVcLzEwMi4wLjAuMCBTYWZhcmlcLzUzNy4zNiIsInNpdGVfaWQiOjF9',1655976778),(98,'60b917dcbb',12,'A','POST','/wp-admin/admin-ajax.php',200,3,0,'eyJ0cyI6MTY1NTk3NjkxOS45OTkxMTYsInVhIjoiTW96aWxsYVwvNS4wIChXaW5kb3dzIE5UIDEwLjA7IFdpbjY0OyB4NjQpIEFwcGxlV2ViS2l0XC81MzcuMzYgKEtIVE1MLCBsaWtlIEdlY2tvKSBDaHJvbWVcLzEwMi4wLjAuMCBTYWZhcmlcLzUzNy4zNiIsInNpdGVfaWQiOjF9',1655976919),(99,'c4774c1fc3',12,'A','POST','/wp-admin/admin-ajax.php',200,3,0,'eyJ0cyI6MTY1NTk3NzA1OS45NjExODEsInVhIjoiTW96aWxsYVwvNS4wIChXaW5kb3dzIE5UIDEwLjA7IFdpbjY0OyB4NjQpIEFwcGxlV2ViS2l0XC81MzcuMzYgKEtIVE1MLCBsaWtlIEdlY2tvKSBDaHJvbWVcLzEwMi4wLjAuMCBTYWZhcmlcLzUzNy4zNiIsInNpdGVfaWQiOjF9',1655977059),(100,'92ba54b27f',12,'A','POST','/wp-admin/admin-ajax.php',200,3,0,'eyJ0cyI6MTY1NTk3NzIxNS40NDIwNDMsInVhIjoiTW96aWxsYVwvNS4wIChXaW5kb3dzIE5UIDEwLjA7IFdpbjY0OyB4NjQpIEFwcGxlV2ViS2l0XC81MzcuMzYgKEtIVE1MLCBsaWtlIEdlY2tvKSBDaHJvbWVcLzEwMi4wLjAuMCBTYWZhcmlcLzUzNy4zNiIsInNpdGVfaWQiOjF9',1655977214),(101,'0635e877a1',12,'A','POST','/wp-admin/admin-ajax.php',200,3,0,'eyJ0cyI6MTY1NTk3NzMzNy41NjI5NTYsInVhIjoiTW96aWxsYVwvNS4wIChXaW5kb3dzIE5UIDEwLjA7IFdpbjY0OyB4NjQpIEFwcGxlV2ViS2l0XC81MzcuMzYgKEtIVE1MLCBsaWtlIEdlY2tvKSBDaHJvbWVcLzEwMi4wLjAuMCBTYWZhcmlcLzUzNy4zNiIsInNpdGVfaWQiOjF9',1655977337),(102,'eefb775d9b',12,'A','POST','/wp-admin/admin-ajax.php',200,3,0,'eyJ0cyI6MTY1NTk3NzQyNy4zODUwNTksInVhIjoiTW96aWxsYVwvNS4wIChXaW5kb3dzIE5UIDEwLjA7IFdpbjY0OyB4NjQpIEFwcGxlV2ViS2l0XC81MzcuMzYgKEtIVE1MLCBsaWtlIEdlY2tvKSBDaHJvbWVcLzEwMi4wLjAuMCBTYWZhcmlcLzUzNy4zNiIsInNpdGVfaWQiOjF9',1655977426),(103,'cdecca760f',12,'A','POST','/wp-admin/admin-ajax.php',200,3,0,'eyJ0cyI6MTY1NTk3NzQ3MS45NzkxMzQsInVhIjoiTW96aWxsYVwvNS4wIChXaW5kb3dzIE5UIDEwLjA7IFdpbjY0OyB4NjQpIEFwcGxlV2ViS2l0XC81MzcuMzYgKEtIVE1MLCBsaWtlIEdlY2tvKSBDaHJvbWVcLzEwMi4wLjAuMCBTYWZhcmlcLzUzNy4zNiIsInNpdGVfaWQiOjF9',1655977471),(104,'abb0b13331',12,'A','POST','/wp-admin/admin-ajax.php',200,3,0,'eyJ0cyI6MTY1NTk3NzY4My44NTIxNjYsInVhIjoiTW96aWxsYVwvNS4wIChXaW5kb3dzIE5UIDEwLjA7IFdpbjY0OyB4NjQpIEFwcGxlV2ViS2l0XC81MzcuMzYgKEtIVE1MLCBsaWtlIEdlY2tvKSBDaHJvbWVcLzEwMi4wLjAuMCBTYWZhcmlcLzUzNy4zNiIsInNpdGVfaWQiOjF9',1655977683),(105,'2eabbf6551',12,'A','POST','/wp-admin/admin-ajax.php',200,3,0,'eyJ0cyI6MTY1NTk3NzcyNC42NDU5NTMsInVhIjoiTW96aWxsYVwvNS4wIChXaW5kb3dzIE5UIDEwLjA7IFdpbjY0OyB4NjQpIEFwcGxlV2ViS2l0XC81MzcuMzYgKEtIVE1MLCBsaWtlIEdlY2tvKSBDaHJvbWVcLzEwMi4wLjAuMCBTYWZhcmlcLzUzNy4zNiIsInNpdGVfaWQiOjF9',1655977724),(106,'5c1daa884b',12,'A','POST','/wp-admin/admin-ajax.php',200,3,0,'eyJ0cyI6MTY1NTk3NzgxMS44MzE2MzgsInVhIjoiTW96aWxsYVwvNS4wIChXaW5kb3dzIE5UIDEwLjA7IFdpbjY0OyB4NjQpIEFwcGxlV2ViS2l0XC81MzcuMzYgKEtIVE1MLCBsaWtlIEdlY2tvKSBDaHJvbWVcLzEwMi4wLjAuMCBTYWZhcmlcLzUzNy4zNiIsInNpdGVfaWQiOjF9',1655977811),(107,'ed2f4f6c67',12,'A','POST','/wp-admin/admin-ajax.php',200,3,0,'eyJ0cyI6MTY1NTk3Nzg5My4wNTI5ODEsInVhIjoiTW96aWxsYVwvNS4wIChXaW5kb3dzIE5UIDEwLjA7IFdpbjY0OyB4NjQpIEFwcGxlV2ViS2l0XC81MzcuMzYgKEtIVE1MLCBsaWtlIEdlY2tvKSBDaHJvbWVcLzEwMi4wLjAuMCBTYWZhcmlcLzUzNy4zNiIsInNpdGVfaWQiOjF9',1655977892),(108,'db4aad393e',12,'A','POST','/wp-admin/admin-ajax.php',200,3,0,'eyJ0cyI6MTY1NTk3ODAyMi44OTk1NDEsInVhIjoiTW96aWxsYVwvNS4wIChXaW5kb3dzIE5UIDEwLjA7IFdpbjY0OyB4NjQpIEFwcGxlV2ViS2l0XC81MzcuMzYgKEtIVE1MLCBsaWtlIEdlY2tvKSBDaHJvbWVcLzEwMi4wLjAuMCBTYWZhcmlcLzUzNy4zNiIsInNpdGVfaWQiOjF9',1655978022),(109,'ae07733670',12,'A','POST','/wp-admin/admin-ajax.php',200,3,0,'eyJ0cyI6MTY1NTk3ODA1OC4xNjQ0MjYsInVhIjoiTW96aWxsYVwvNS4wIChXaW5kb3dzIE5UIDEwLjA7IFdpbjY0OyB4NjQpIEFwcGxlV2ViS2l0XC81MzcuMzYgKEtIVE1MLCBsaWtlIEdlY2tvKSBDaHJvbWVcLzEwMi4wLjAuMCBTYWZhcmlcLzUzNy4zNiIsInNpdGVfaWQiOjF9',1655978057),(110,'135ed91b63',12,'A','POST','/wp-admin/admin-ajax.php',200,3,0,'eyJ0cyI6MTY1NTk3ODE1Mi4zMTMzMTksInVhIjoiTW96aWxsYVwvNS4wIChXaW5kb3dzIE5UIDEwLjA7IFdpbjY0OyB4NjQpIEFwcGxlV2ViS2l0XC81MzcuMzYgKEtIVE1MLCBsaWtlIEdlY2tvKSBDaHJvbWVcLzEwMi4wLjAuMCBTYWZhcmlcLzUzNy4zNiIsInNpdGVfaWQiOjF9',1655978151),(111,'fd91367d78',12,'A','POST','/wp-admin/admin-ajax.php',200,3,0,'eyJ0cyI6MTY1NTk3ODIxNi4zMzExMjUsInVhIjoiTW96aWxsYVwvNS4wIChXaW5kb3dzIE5UIDEwLjA7IFdpbjY0OyB4NjQpIEFwcGxlV2ViS2l0XC81MzcuMzYgKEtIVE1MLCBsaWtlIEdlY2tvKSBDaHJvbWVcLzEwMi4wLjAuMCBTYWZhcmlcLzUzNy4zNiIsInNpdGVfaWQiOjF9',1655978215),(112,'0a4496eae9',12,'A','POST','/wp-admin/admin-ajax.php',200,0,0,'eyJ0cyI6MTY1NTk3ODIyMS43Mzg2MzUsInVhIjoiTW96aWxsYVwvNS4wIChMaW51eDsgQW5kcm9pZCAxMjsgU00tRzk5NkIpIEFwcGxlV2ViS2l0XC81MzcuMzYgKEtIVE1MLCBsaWtlIEdlY2tvKSBDaHJvbWVcLzEwMi4wLjAuMCBNb2JpbGUgU2FmYXJpXC81MzcuMzYiLCJzaXRlX2lkIjoxfQ==',1655978221),(113,'5bd43154a0',12,'H','GET','/en-bloc/',200,0,0,'eyJ0cyI6MTY1NTk3ODIyMy41MTk1NjQsInVhIjoiTW96aWxsYVwvNS4wIChMaW51eDsgQW5kcm9pZCAxMjsgU00tRzk5NkIpIEFwcGxlV2ViS2l0XC81MzcuMzYgKEtIVE1MLCBsaWtlIEdlY2tvKSBDaHJvbWVcLzEwMi4wLjAuMCBNb2JpbGUgU2FmYXJpXC81MzcuMzYiLCJzaXRlX2lkIjoxfQ==',1655978222),(114,'d90149842b',12,'H','GET','/en-bloc/',200,0,0,'eyJ0cyI6MTY1NTk3ODIzNy40MjEzMSwidWEiOiJNb3ppbGxhXC81LjAgKExpbnV4OyBBbmRyb2lkIDEyOyBTTS1HOTk2QikgQXBwbGVXZWJLaXRcLzUzNy4zNiAoS0hUTUwsIGxpa2UgR2Vja28pIENocm9tZVwvMTAyLjAuMC4wIE1vYmlsZSBTYWZhcmlcLzUzNy4zNiIsInNpdGVfaWQiOjF9',1655978236),(115,'c3f9aab4da',12,'H','GET','/slogin',302,0,0,'eyJ0cyI6MTY1NTk3ODI2Ny4wMzIzNjcsInVhIjoiTW96aWxsYVwvNS4wIChXaW5kb3dzIE5UIDEwLjA7IFdpbjY0OyB4NjQpIEFwcGxlV2ViS2l0XC81MzcuMzYgKEtIVE1MLCBsaWtlIEdlY2tvKSBDaHJvbWVcLzEwMi4wLjAuMCBTYWZhcmlcLzUzNy4zNiIsInF1ZXJ5IjoiYWN0aW9uPWxvZ291dCZfd3Bub25jZT03NjViMzEzNDI3Iiwic2l0ZV9pZCI6MX0=',1655978266),(116,'30bbd88121',12,'H','GET','/slogin',200,0,0,'eyJ0cyI6MTY1NTk3ODI2Ny40MDQ3NDgsInVhIjoiTW96aWxsYVwvNS4wIChXaW5kb3dzIE5UIDEwLjA7IFdpbjY0OyB4NjQpIEFwcGxlV2ViS2l0XC81MzcuMzYgKEtIVE1MLCBsaWtlIEdlY2tvKSBDaHJvbWVcLzEwMi4wLjAuMCBTYWZhcmlcLzUzNy4zNiIsInF1ZXJ5IjoibG9nZ2Vkb3V0PXRydWUmd3BfbGFuZz1lbiIsInNpdGVfaWQiOjF9',1655978267),(117,'73446c3b7d',12,'A','POST','/wp-admin/admin-ajax.php',200,0,0,'eyJ0cyI6MTY1NTk3ODI3Mi45NTEzNDYsInVhIjoiTW96aWxsYVwvNS4wIChXaW5kb3dzIE5UIDEwLjA7IFdpbjY0OyB4NjQpIEFwcGxlV2ViS2l0XC81MzcuMzYgKEtIVE1MLCBsaWtlIEdlY2tvKSBDaHJvbWVcLzEwMi4wLjAuMCBTYWZhcmlcLzUzNy4zNiIsInNpdGVfaWQiOjF9',1655978272),(118,'f4db3bdf18',12,'H','GET','/slogin',200,0,0,'eyJ0cyI6MTY1NTk3ODI3My4yMzY1ODgsInVhIjoiTW96aWxsYVwvNS4wIChXaW5kb3dzIE5UIDEwLjA7IFdpbjY0OyB4NjQpIEFwcGxlV2ViS2l0XC81MzcuMzYgKEtIVE1MLCBsaWtlIEdlY2tvKSBDaHJvbWVcLzEwMi4wLjAuMCBTYWZhcmlcLzUzNy4zNiIsInF1ZXJ5IjoiaW50ZXJpbS1sb2dpbj0xJndwX2xhbmc9ZW4iLCJzaXRlX2lkIjoxfQ==',1655978273),(119,'a1efea7f16',12,'A','POST','/wp-admin/admin-ajax.php',200,0,0,'eyJ0cyI6MTY1NTk3ODI3OC4xMTAwMjgsInVhIjoiTW96aWxsYVwvNS4wIChXaW5kb3dzIE5UIDEwLjA7IFdpbjY0OyB4NjQpIEFwcGxlV2ViS2l0XC81MzcuMzYgKEtIVE1MLCBsaWtlIEdlY2tvKSBDaHJvbWVcLzEwMi4wLjAuMCBTYWZhcmlcLzUzNy4zNiIsInNpdGVfaWQiOjF9',1655978277),(120,'5b7582df01',12,'H','GET','/slogin',200,0,0,'eyJ0cyI6MTY1NTk3ODI3OC40NDExMjMsInVhIjoiTW96aWxsYVwvNS4wIChXaW5kb3dzIE5UIDEwLjA7IFdpbjY0OyB4NjQpIEFwcGxlV2ViS2l0XC81MzcuMzYgKEtIVE1MLCBsaWtlIEdlY2tvKSBDaHJvbWVcLzEwMi4wLjAuMCBTYWZhcmlcLzUzNy4zNiIsInF1ZXJ5IjoiaW50ZXJpbS1sb2dpbj0xJndwX2xhbmc9ZW4iLCJzaXRlX2lkIjoxfQ==',1655978278),(121,'3056ff6657',12,'H','GET','/wp-admin/profile.php',302,0,0,'eyJ0cyI6MTY1NTk3ODI4Mi42ODI0NDMsInVhIjoiTW96aWxsYVwvNS4wIChXaW5kb3dzIE5UIDEwLjA7IFdpbjY0OyB4NjQpIEFwcGxlV2ViS2l0XC81MzcuMzYgKEtIVE1MLCBsaWtlIEdlY2tvKSBDaHJvbWVcLzEwMi4wLjAuMCBTYWZhcmlcLzUzNy4zNiIsInNpdGVfaWQiOjF9',1655978282),(122,'0ed3de048e',12,'H','GET','/wp-login.php',404,0,0,'eyJ0cyI6MTY1NTk3ODI4My4wNjEzODcsInVhIjoiTW96aWxsYVwvNS4wIChXaW5kb3dzIE5UIDEwLjA7IFdpbjY0OyB4NjQpIEFwcGxlV2ViS2l0XC81MzcuMzYgKEtIVE1MLCBsaWtlIEdlY2tvKSBDaHJvbWVcLzEwMi4wLjAuMCBTYWZhcmlcLzUzNy4zNiIsInF1ZXJ5IjoicmVkaXJlY3RfdG89aHR0cHMlM0ElMkYlMkZkMzZoazdjay1zdGFnaW5nLmRyZWFtd3AuY29tJTJGd3AtYWRtaW4lMkZwcm9maWxlLnBocCZyZWF1dGg9MSIsInNpdGVfaWQiOjF9',1655978282),(123,'18f9fa2a96',8,'H','GET','/',200,0,0,'eyJ0cyI6MTY1NTk5Mjk5OC4zOTY1MDQsInVhIjoiTW96aWxsYVwvNS4wIChXaW5kb3dzIE5UIDEwLjA7IFdpbjY0OyB4NjQpIEFwcGxlV2ViS2l0XC81MzcuMzYgKEtIVE1MLCBsaWtlIEdlY2tvKSBDaHJvbWVcLzEwMi4wLjAuMCBTYWZhcmlcLzUzNy4zNiIsInNpdGVfaWQiOjF9',1655992988),(124,'27122a5453',8,'A','POST','/wp-admin/admin-ajax.php',200,0,0,'eyJ0cyI6MTY1NTk5MzAwMC4wNzc1NDgsInVhIjoiTW96aWxsYVwvNS4wIChXaW5kb3dzIE5UIDEwLjA7IFdpbjY0OyB4NjQpIEFwcGxlV2ViS2l0XC81MzcuMzYgKEtIVE1MLCBsaWtlIEdlY2tvKSBDaHJvbWVcLzEwMi4wLjAuMCBTYWZhcmlcLzUzNy4zNiIsInNpdGVfaWQiOjF9',1655992999),(125,'249dcf1717',8,'H','GET','/slogin',200,0,0,'eyJ0cyI6MTY1NTk5MzAyNS45MzQ4ODMsInVhIjoiTW96aWxsYVwvNS4wIChXaW5kb3dzIE5UIDEwLjA7IFdpbjY0OyB4NjQpIEFwcGxlV2ViS2l0XC81MzcuMzYgKEtIVE1MLCBsaWtlIEdlY2tvKSBDaHJvbWVcLzEwMi4wLjAuMCBTYWZhcmlcLzUzNy4zNiIsInNpdGVfaWQiOjF9',1655993025),(126,'9ff5254e66',8,'L','POST','/slogin',302,0,0,'eyJ0cyI6MTY1NTk5MzA0Ny42MjkwMDMsInVhIjoiTW96aWxsYVwvNS4wIChXaW5kb3dzIE5UIDEwLjA7IFdpbjY0OyB4NjQpIEFwcGxlV2ViS2l0XC81MzcuMzYgKEtIVE1MLCBsaWtlIEdlY2tvKSBDaHJvbWVcLzEwMi4wLjAuMCBTYWZhcmlcLzUzNy4zNiIsInNpdGVfaWQiOjF9',1655993046),(127,'d9ab532aff',8,'H','GET','/en-bloc/',200,0,0,'eyJ0cyI6MTY1NTk5NDcwOC4xNzgyMDYsInVhIjoiTW96aWxsYVwvNS4wIChMaW51eDsgQW5kcm9pZCAxMjsgU00tRzk5NkIpIEFwcGxlV2ViS2l0XC81MzcuMzYgKEtIVE1MLCBsaWtlIEdlY2tvKSBDaHJvbWVcLzEwMi4wLjAuMCBNb2JpbGUgU2FmYXJpXC81MzcuMzYiLCJzaXRlX2lkIjoxfQ==',1655994707),(128,'bdf9a3718d',8,'A','POST','/wp-admin/admin-ajax.php',200,0,0,'eyJ0cyI6MTY1NTk5NDcwOC42NTkxODcsInVhIjoiTW96aWxsYVwvNS4wIChMaW51eDsgQW5kcm9pZCAxMjsgU00tRzk5NkIpIEFwcGxlV2ViS2l0XC81MzcuMzYgKEtIVE1MLCBsaWtlIEdlY2tvKSBDaHJvbWVcLzEwMi4wLjAuMCBNb2JpbGUgU2FmYXJpXC81MzcuMzYiLCJzaXRlX2lkIjoxfQ==',1655994708),(129,'970e0abdbd',8,'A','POST','/wp-admin/admin-ajax.php',200,3,0,'eyJ0cyI6MTY1NTk5NDgyMS4zNzY5NTIsInVhIjoiTW96aWxsYVwvNS4wIChXaW5kb3dzIE5UIDEwLjA7IFdpbjY0OyB4NjQpIEFwcGxlV2ViS2l0XC81MzcuMzYgKEtIVE1MLCBsaWtlIEdlY2tvKSBDaHJvbWVcLzEwMi4wLjAuMCBTYWZhcmlcLzUzNy4zNiIsInNpdGVfaWQiOjF9',1655994820),(130,'50fd4320bd',8,'A','POST','/wp-admin/admin-ajax.php',200,3,0,'eyJ0cyI6MTY1NTk5NDg2NS4xNjgyNTgsInVhIjoiTW96aWxsYVwvNS4wIChXaW5kb3dzIE5UIDEwLjA7IFdpbjY0OyB4NjQpIEFwcGxlV2ViS2l0XC81MzcuMzYgKEtIVE1MLCBsaWtlIEdlY2tvKSBDaHJvbWVcLzEwMi4wLjAuMCBTYWZhcmlcLzUzNy4zNiIsInNpdGVfaWQiOjF9',1655994864),(131,'e840d0e3fc',8,'H','GET','/en-bloc/',200,0,0,'eyJ0cyI6MTY1NTk5NDg4NS4xNjU3NDIsInVhIjoiTW96aWxsYVwvNS4wIChMaW51eDsgQW5kcm9pZCAxMjsgU00tRzk5NkIpIEFwcGxlV2ViS2l0XC81MzcuMzYgKEtIVE1MLCBsaWtlIEdlY2tvKSBDaHJvbWVcLzEwMi4wLjAuMCBNb2JpbGUgU2FmYXJpXC81MzcuMzYiLCJzaXRlX2lkIjoxfQ==',1655994884),(132,'c5e18af163',8,'A','POST','/wp-admin/admin-ajax.php',200,0,0,'eyJ0cyI6MTY1NTk5NTYwNy40NTU4ODgsInVhIjoiTW96aWxsYVwvNS4wIChMaW51eDsgQW5kcm9pZCAxMjsgU00tRzk5NkIpIEFwcGxlV2ViS2l0XC81MzcuMzYgKEtIVE1MLCBsaWtlIEdlY2tvKSBDaHJvbWVcLzEwMi4wLjAuMCBNb2JpbGUgU2FmYXJpXC81MzcuMzYiLCJzaXRlX2lkIjoxfQ==',1655995607),(133,'6c8a44efbd',8,'A','POST','/wp-admin/admin-ajax.php',200,3,0,'eyJ0cyI6MTY1NTk5NjI3NC45NzU0MDcsInVhIjoiTW96aWxsYVwvNS4wIChXaW5kb3dzIE5UIDEwLjA7IFdpbjY0OyB4NjQpIEFwcGxlV2ViS2l0XC81MzcuMzYgKEtIVE1MLCBsaWtlIEdlY2tvKSBDaHJvbWVcLzEwMi4wLjAuMCBTYWZhcmlcLzUzNy4zNiIsInNpdGVfaWQiOjF9',1655996274),(134,'b64c3d6e84',8,'A','POST','/wp-admin/admin-ajax.php',200,3,0,'eyJ0cyI6MTY1NTk5NjI4OS42MDA4NzYsInVhIjoiTW96aWxsYVwvNS4wIChXaW5kb3dzIE5UIDEwLjA7IFdpbjY0OyB4NjQpIEFwcGxlV2ViS2l0XC81MzcuMzYgKEtIVE1MLCBsaWtlIEdlY2tvKSBDaHJvbWVcLzEwMi4wLjAuMCBTYWZhcmlcLzUzNy4zNiIsInNpdGVfaWQiOjF9',1655996289),(135,'92dff11473',8,'H','GET','/en-bloc/',200,0,0,'eyJ0cyI6MTY1NTk5NjI5OC45Mjc4MzQsInVhIjoiTW96aWxsYVwvNS4wIChMaW51eDsgQW5kcm9pZCAxMjsgU00tRzk5NkIpIEFwcGxlV2ViS2l0XC81MzcuMzYgKEtIVE1MLCBsaWtlIEdlY2tvKSBDaHJvbWVcLzEwMi4wLjAuMCBNb2JpbGUgU2FmYXJpXC81MzcuMzYiLCJzaXRlX2lkIjoxfQ==',1655996297),(136,'953590e5fb',8,'A','POST','/wp-admin/admin-ajax.php',200,0,0,'eyJ0cyI6MTY1NTk5NjI5OS40Mjg1NTEsInVhIjoiTW96aWxsYVwvNS4wIChMaW51eDsgQW5kcm9pZCAxMjsgU00tRzk5NkIpIEFwcGxlV2ViS2l0XC81MzcuMzYgKEtIVE1MLCBsaWtlIEdlY2tvKSBDaHJvbWVcLzEwMi4wLjAuMCBNb2JpbGUgU2FmYXJpXC81MzcuMzYiLCJzaXRlX2lkIjoxfQ==',1655996299),(137,'8b63e39e29',8,'A','POST','/wp-admin/admin-ajax.php',200,3,0,'eyJ0cyI6MTY1NTk5NjU2Mi41MDEwODQsInVhIjoiTW96aWxsYVwvNS4wIChXaW5kb3dzIE5UIDEwLjA7IFdpbjY0OyB4NjQpIEFwcGxlV2ViS2l0XC81MzcuMzYgKEtIVE1MLCBsaWtlIEdlY2tvKSBDaHJvbWVcLzEwMi4wLjAuMCBTYWZhcmlcLzUzNy4zNiIsInNpdGVfaWQiOjF9',1655996562),(138,'4c59c98490',8,'A','POST','/wp-admin/admin-ajax.php',200,3,0,'eyJ0cyI6MTY1NTk5NjY1MC40OTE1NzksInVhIjoiTW96aWxsYVwvNS4wIChXaW5kb3dzIE5UIDEwLjA7IFdpbjY0OyB4NjQpIEFwcGxlV2ViS2l0XC81MzcuMzYgKEtIVE1MLCBsaWtlIEdlY2tvKSBDaHJvbWVcLzEwMi4wLjAuMCBTYWZhcmlcLzUzNy4zNiIsInNpdGVfaWQiOjF9',1655996650),(139,'aa555560a1',8,'A','POST','/wp-admin/admin-ajax.php',200,3,0,'eyJ0cyI6MTY1NTk5NjY3Mi43NTEzNjksInVhIjoiTW96aWxsYVwvNS4wIChXaW5kb3dzIE5UIDEwLjA7IFdpbjY0OyB4NjQpIEFwcGxlV2ViS2l0XC81MzcuMzYgKEtIVE1MLCBsaWtlIEdlY2tvKSBDaHJvbWVcLzEwMi4wLjAuMCBTYWZhcmlcLzUzNy4zNiIsInNpdGVfaWQiOjF9',1655996672),(140,'7c0c57ad1b',8,'A','POST','/wp-admin/admin-ajax.php',200,3,0,'eyJ0cyI6MTY1NTk5NjY5NC40NjkzMjUsInVhIjoiTW96aWxsYVwvNS4wIChXaW5kb3dzIE5UIDEwLjA7IFdpbjY0OyB4NjQpIEFwcGxlV2ViS2l0XC81MzcuMzYgKEtIVE1MLCBsaWtlIEdlY2tvKSBDaHJvbWVcLzEwMi4wLjAuMCBTYWZhcmlcLzUzNy4zNiIsInNpdGVfaWQiOjF9',1655996694),(141,'323495ce86',8,'A','POST','/wp-admin/admin-ajax.php',200,3,0,'eyJ0cyI6MTY1NTk5NjczNS44Njc3ODYsInVhIjoiTW96aWxsYVwvNS4wIChXaW5kb3dzIE5UIDEwLjA7IFdpbjY0OyB4NjQpIEFwcGxlV2ViS2l0XC81MzcuMzYgKEtIVE1MLCBsaWtlIEdlY2tvKSBDaHJvbWVcLzEwMi4wLjAuMCBTYWZhcmlcLzUzNy4zNiIsInNpdGVfaWQiOjF9',1655996735),(142,'1714e8137d',8,'A','POST','/wp-admin/admin-ajax.php',200,3,0,'eyJ0cyI6MTY1NTk5Njc2Mi4zODgxNDMsInVhIjoiTW96aWxsYVwvNS4wIChXaW5kb3dzIE5UIDEwLjA7IFdpbjY0OyB4NjQpIEFwcGxlV2ViS2l0XC81MzcuMzYgKEtIVE1MLCBsaWtlIEdlY2tvKSBDaHJvbWVcLzEwMi4wLjAuMCBTYWZhcmlcLzUzNy4zNiIsInNpdGVfaWQiOjF9',1655996761),(143,'6b828db637',8,'A','POST','/wp-admin/admin-ajax.php',200,3,0,'eyJ0cyI6MTY1NTk5Njg4NC40MTU0NTMsInVhIjoiTW96aWxsYVwvNS4wIChXaW5kb3dzIE5UIDEwLjA7IFdpbjY0OyB4NjQpIEFwcGxlV2ViS2l0XC81MzcuMzYgKEtIVE1MLCBsaWtlIEdlY2tvKSBDaHJvbWVcLzEwMi4wLjAuMCBTYWZhcmlcLzUzNy4zNiIsInNpdGVfaWQiOjF9',1655996883),(144,'47adc3da6b',8,'A','POST','/wp-admin/admin-ajax.php',200,3,0,'eyJ0cyI6MTY1NTk5Njk0NS4wOTQxODIsInVhIjoiTW96aWxsYVwvNS4wIChXaW5kb3dzIE5UIDEwLjA7IFdpbjY0OyB4NjQpIEFwcGxlV2ViS2l0XC81MzcuMzYgKEtIVE1MLCBsaWtlIEdlY2tvKSBDaHJvbWVcLzEwMi4wLjAuMCBTYWZhcmlcLzUzNy4zNiIsInNpdGVfaWQiOjF9',1655996944),(145,'14a2d5dc78',8,'A','POST','/wp-admin/admin-ajax.php',200,3,0,'eyJ0cyI6MTY1NTk5NzAzMi41NDIwODQsInVhIjoiTW96aWxsYVwvNS4wIChXaW5kb3dzIE5UIDEwLjA7IFdpbjY0OyB4NjQpIEFwcGxlV2ViS2l0XC81MzcuMzYgKEtIVE1MLCBsaWtlIEdlY2tvKSBDaHJvbWVcLzEwMi4wLjAuMCBTYWZhcmlcLzUzNy4zNiIsInNpdGVfaWQiOjF9',1655997032),(146,'e8d66e26aa',8,'A','POST','/wp-admin/admin-ajax.php',200,3,0,'eyJ0cyI6MTY1NTk5NzA3MS4wNzA4MSwidWEiOiJNb3ppbGxhXC81LjAgKFdpbmRvd3MgTlQgMTAuMDsgV2luNjQ7IHg2NCkgQXBwbGVXZWJLaXRcLzUzNy4zNiAoS0hUTUwsIGxpa2UgR2Vja28pIENocm9tZVwvMTAyLjAuMC4wIFNhZmFyaVwvNTM3LjM2Iiwic2l0ZV9pZCI6MX0=',1655997070),(147,'fc0a51bfc7',8,'A','POST','/wp-admin/admin-ajax.php',200,3,0,'eyJ0cyI6MTY1NTk5NzA5NS4zNzAyNTMsInVhIjoiTW96aWxsYVwvNS4wIChXaW5kb3dzIE5UIDEwLjA7IFdpbjY0OyB4NjQpIEFwcGxlV2ViS2l0XC81MzcuMzYgKEtIVE1MLCBsaWtlIEdlY2tvKSBDaHJvbWVcLzEwMi4wLjAuMCBTYWZhcmlcLzUzNy4zNiIsInNpdGVfaWQiOjF9',1655997094),(148,'097f78156c',8,'A','POST','/wp-admin/admin-ajax.php',200,3,0,'eyJ0cyI6MTY1NTk5NzExNi41MDAxNzUsInVhIjoiTW96aWxsYVwvNS4wIChXaW5kb3dzIE5UIDEwLjA7IFdpbjY0OyB4NjQpIEFwcGxlV2ViS2l0XC81MzcuMzYgKEtIVE1MLCBsaWtlIEdlY2tvKSBDaHJvbWVcLzEwMi4wLjAuMCBTYWZhcmlcLzUzNy4zNiIsInNpdGVfaWQiOjF9',1655997116),(149,'0050fecf09',8,'A','POST','/wp-admin/admin-ajax.php',200,3,0,'eyJ0cyI6MTY1NTk5NzEyNS43MzU5NTcsInVhIjoiTW96aWxsYVwvNS4wIChXaW5kb3dzIE5UIDEwLjA7IFdpbjY0OyB4NjQpIEFwcGxlV2ViS2l0XC81MzcuMzYgKEtIVE1MLCBsaWtlIEdlY2tvKSBDaHJvbWVcLzEwMi4wLjAuMCBTYWZhcmlcLzUzNy4zNiIsInNpdGVfaWQiOjF9',1655997124),(150,'d409024404',8,'A','POST','/wp-admin/admin-ajax.php',200,3,0,'eyJ0cyI6MTY1NTk5NzEzNC45NTAwNzcsInVhIjoiTW96aWxsYVwvNS4wIChXaW5kb3dzIE5UIDEwLjA7IFdpbjY0OyB4NjQpIEFwcGxlV2ViS2l0XC81MzcuMzYgKEtIVE1MLCBsaWtlIEdlY2tvKSBDaHJvbWVcLzEwMi4wLjAuMCBTYWZhcmlcLzUzNy4zNiIsInNpdGVfaWQiOjF9',1655997134),(151,'68fb0d784e',8,'A','POST','/wp-admin/admin-ajax.php',200,3,0,'eyJ0cyI6MTY1NTk5NzI0Mi4xMjAxNzMsInVhIjoiTW96aWxsYVwvNS4wIChXaW5kb3dzIE5UIDEwLjA7IFdpbjY0OyB4NjQpIEFwcGxlV2ViS2l0XC81MzcuMzYgKEtIVE1MLCBsaWtlIEdlY2tvKSBDaHJvbWVcLzEwMi4wLjAuMCBTYWZhcmlcLzUzNy4zNiIsInNpdGVfaWQiOjF9',1655997241),(152,'a0cbad3cb3',8,'A','POST','/wp-admin/admin-ajax.php',200,3,0,'eyJ0cyI6MTY1NTk5NzI4Mi4xMDMyNDYsInVhIjoiTW96aWxsYVwvNS4wIChXaW5kb3dzIE5UIDEwLjA7IFdpbjY0OyB4NjQpIEFwcGxlV2ViS2l0XC81MzcuMzYgKEtIVE1MLCBsaWtlIEdlY2tvKSBDaHJvbWVcLzEwMi4wLjAuMCBTYWZhcmlcLzUzNy4zNiIsInNpdGVfaWQiOjF9',1655997281),(153,'11ddabb65d',8,'A','POST','/wp-admin/admin-ajax.php',200,3,0,'eyJ0cyI6MTY1NTk5NzQ4MC42NzQ0MywidWEiOiJNb3ppbGxhXC81LjAgKFdpbmRvd3MgTlQgMTAuMDsgV2luNjQ7IHg2NCkgQXBwbGVXZWJLaXRcLzUzNy4zNiAoS0hUTUwsIGxpa2UgR2Vja28pIENocm9tZVwvMTAyLjAuMC4wIFNhZmFyaVwvNTM3LjM2Iiwic2l0ZV9pZCI6MX0=',1655997480),(154,'4dd116a010',8,'A','POST','/wp-admin/admin-ajax.php',200,3,0,'eyJ0cyI6MTY1NTk5ODEwOS45NTI2MjcsInVhIjoiTW96aWxsYVwvNS4wIChXaW5kb3dzIE5UIDEwLjA7IFdpbjY0OyB4NjQpIEFwcGxlV2ViS2l0XC81MzcuMzYgKEtIVE1MLCBsaWtlIEdlY2tvKSBDaHJvbWVcLzEwMi4wLjAuMCBTYWZhcmlcLzUzNy4zNiIsInNpdGVfaWQiOjF9',1655998109),(155,'85af58b3c5',8,'A','POST','/wp-admin/admin-ajax.php',200,3,0,'eyJ0cyI6MTY1NTk5ODE4Ni42ODg5NDUsInVhIjoiTW96aWxsYVwvNS4wIChXaW5kb3dzIE5UIDEwLjA7IFdpbjY0OyB4NjQpIEFwcGxlV2ViS2l0XC81MzcuMzYgKEtIVE1MLCBsaWtlIEdlY2tvKSBDaHJvbWVcLzEwMi4wLjAuMCBTYWZhcmlcLzUzNy4zNiIsInNpdGVfaWQiOjF9',1655998186),(156,'0959f1f4bd',8,'A','POST','/wp-admin/admin-ajax.php',200,3,0,'eyJ0cyI6MTY1NTk5ODgxMy4wMTc4MTQsInVhIjoiTW96aWxsYVwvNS4wIChXaW5kb3dzIE5UIDEwLjA7IFdpbjY0OyB4NjQpIEFwcGxlV2ViS2l0XC81MzcuMzYgKEtIVE1MLCBsaWtlIEdlY2tvKSBDaHJvbWVcLzEwMi4wLjAuMCBTYWZhcmlcLzUzNy4zNiIsInNpdGVfaWQiOjF9',1655998812),(157,'81b1c075da',8,'A','POST','/wp-admin/admin-ajax.php',200,3,0,'eyJ0cyI6MTY1NTk5ODgzMi40ODI3NDIsInVhIjoiTW96aWxsYVwvNS4wIChXaW5kb3dzIE5UIDEwLjA7IFdpbjY0OyB4NjQpIEFwcGxlV2ViS2l0XC81MzcuMzYgKEtIVE1MLCBsaWtlIEdlY2tvKSBDaHJvbWVcLzEwMi4wLjAuMCBTYWZhcmlcLzUzNy4zNiIsInNpdGVfaWQiOjF9',1655998831),(158,'c95f19defe',8,'A','POST','/wp-admin/admin-ajax.php',200,3,0,'eyJ0cyI6MTY1NTk5ODg3OS4yNzM1MDcsInVhIjoiTW96aWxsYVwvNS4wIChXaW5kb3dzIE5UIDEwLjA7IFdpbjY0OyB4NjQpIEFwcGxlV2ViS2l0XC81MzcuMzYgKEtIVE1MLCBsaWtlIEdlY2tvKSBDaHJvbWVcLzEwMi4wLjAuMCBTYWZhcmlcLzUzNy4zNiIsInNpdGVfaWQiOjF9',1655998878),(159,'fe39f6ea9a',8,'A','POST','/wp-admin/admin-ajax.php',200,3,0,'eyJ0cyI6MTY1NTk5ODkwMy42MTk2MjksInVhIjoiTW96aWxsYVwvNS4wIChXaW5kb3dzIE5UIDEwLjA7IFdpbjY0OyB4NjQpIEFwcGxlV2ViS2l0XC81MzcuMzYgKEtIVE1MLCBsaWtlIEdlY2tvKSBDaHJvbWVcLzEwMi4wLjAuMCBTYWZhcmlcLzUzNy4zNiIsInNpdGVfaWQiOjF9',1655998903),(160,'734207519b',8,'A','POST','/wp-admin/admin-ajax.php',200,3,0,'eyJ0cyI6MTY1NTk5ODk0OS41NzM0NjUsInVhIjoiTW96aWxsYVwvNS4wIChXaW5kb3dzIE5UIDEwLjA7IFdpbjY0OyB4NjQpIEFwcGxlV2ViS2l0XC81MzcuMzYgKEtIVE1MLCBsaWtlIEdlY2tvKSBDaHJvbWVcLzEwMi4wLjAuMCBTYWZhcmlcLzUzNy4zNiIsInNpdGVfaWQiOjF9',1655998949),(161,'5b0dc73c63',8,'A','POST','/wp-admin/admin-ajax.php',200,0,0,'eyJ0cyI6MTY1NTk5ODk2MC45MDc0NTMsInVhIjoiTW96aWxsYVwvNS4wIChMaW51eDsgQW5kcm9pZCAxMjsgU00tRzk5NkIpIEFwcGxlV2ViS2l0XC81MzcuMzYgKEtIVE1MLCBsaWtlIEdlY2tvKSBDaHJvbWVcLzEwMi4wLjAuMCBNb2JpbGUgU2FmYXJpXC81MzcuMzYiLCJzaXRlX2lkIjoxfQ==',1655998960),(162,'f6150e6c1d',8,'H','GET','/en-bloc/',200,0,0,'eyJ0cyI6MTY1NTk5ODk2MS45NTk1MjQsInVhIjoiTW96aWxsYVwvNS4wIChMaW51eDsgQW5kcm9pZCAxMjsgU00tRzk5NkIpIEFwcGxlV2ViS2l0XC81MzcuMzYgKEtIVE1MLCBsaWtlIEdlY2tvKSBDaHJvbWVcLzEwMi4wLjAuMCBNb2JpbGUgU2FmYXJpXC81MzcuMzYiLCJzaXRlX2lkIjoxfQ==',1655998960),(163,'9278434f1a',8,'H','GET','/collections/',200,0,0,'eyJ0cyI6MTY1NTk5ODk3Ni4wMDg3MzIsInVhIjoiTW96aWxsYVwvNS4wIChMaW51eDsgQW5kcm9pZCAxMjsgU00tRzk5NkIpIEFwcGxlV2ViS2l0XC81MzcuMzYgKEtIVE1MLCBsaWtlIEdlY2tvKSBDaHJvbWVcLzEwMi4wLjAuMCBNb2JpbGUgU2FmYXJpXC81MzcuMzYiLCJzaXRlX2lkIjoxfQ==',1655998975),(164,'ea35407277',8,'H','GET','/contact-us/',200,0,0,'eyJ0cyI6MTY1NTk5OTAwMi40OTcyNDYsInVhIjoiTW96aWxsYVwvNS4wIChMaW51eDsgQW5kcm9pZCAxMjsgU00tRzk5NkIpIEFwcGxlV2ViS2l0XC81MzcuMzYgKEtIVE1MLCBsaWtlIEdlY2tvKSBDaHJvbWVcLzEwMi4wLjAuMCBNb2JpbGUgU2FmYXJpXC81MzcuMzYiLCJzaXRlX2lkIjoxfQ==',1655999002),(165,'70fb5a099b',8,'H','GET','/',200,0,0,'eyJ0cyI6MTY1NTk5OTAxNi43NDkzODcsInVhIjoiTW96aWxsYVwvNS4wIChMaW51eDsgQW5kcm9pZCAxMjsgU00tRzk5NkIpIEFwcGxlV2ViS2l0XC81MzcuMzYgKEtIVE1MLCBsaWtlIEdlY2tvKSBDaHJvbWVcLzEwMi4wLjAuMCBNb2JpbGUgU2FmYXJpXC81MzcuMzYiLCJzaXRlX2lkIjoxfQ==',1655999016),(166,'7a10ba20f5',8,'A','POST','/wp-admin/admin-ajax.php',200,0,0,'eyJ0cyI6MTY1NTk5OTc1My4yNjYwNTgsInVhIjoiTW96aWxsYVwvNS4wIChMaW51eDsgQW5kcm9pZCAxMjsgU00tRzk5NkIpIEFwcGxlV2ViS2l0XC81MzcuMzYgKEtIVE1MLCBsaWtlIEdlY2tvKSBDaHJvbWVcLzEwMi4wLjAuMCBNb2JpbGUgU2FmYXJpXC81MzcuMzYiLCJzaXRlX2lkIjoxfQ==',1655999753),(167,'2d335a71cc',8,'A','POST','/wp-admin/admin-ajax.php',200,3,0,'eyJ0cyI6MTY1NjAwMDY2MS41MzA4NjIsInVhIjoiTW96aWxsYVwvNS4wIChXaW5kb3dzIE5UIDEwLjA7IFdpbjY0OyB4NjQpIEFwcGxlV2ViS2l0XC81MzcuMzYgKEtIVE1MLCBsaWtlIEdlY2tvKSBDaHJvbWVcLzEwMi4wLjAuMCBTYWZhcmlcLzUzNy4zNiIsInNpdGVfaWQiOjF9',1656000660),(168,'836438b8b1',8,'H','GET','/',200,0,0,'eyJ0cyI6MTY1NjAwMDY3NC4zODQ0ODcsInVhIjoiTW96aWxsYVwvNS4wIChMaW51eDsgQW5kcm9pZCAxMjsgU00tRzk5NkIpIEFwcGxlV2ViS2l0XC81MzcuMzYgKEtIVE1MLCBsaWtlIEdlY2tvKSBDaHJvbWVcLzEwMi4wLjAuMCBNb2JpbGUgU2FmYXJpXC81MzcuMzYiLCJzaXRlX2lkIjoxfQ==',1656000673),(169,'bf3372de1e',8,'A','POST','/wp-admin/admin-ajax.php',200,0,0,'eyJ0cyI6MTY1NjAwMDY3NC44MTE2NTYsInVhIjoiTW96aWxsYVwvNS4wIChMaW51eDsgQW5kcm9pZCAxMjsgU00tRzk5NkIpIEFwcGxlV2ViS2l0XC81MzcuMzYgKEtIVE1MLCBsaWtlIEdlY2tvKSBDaHJvbWVcLzEwMi4wLjAuMCBNb2JpbGUgU2FmYXJpXC81MzcuMzYiLCJzaXRlX2lkIjoxfQ==',1656000674),(170,'2b0e00655c',8,'A','POST','/wp-admin/admin-ajax.php',200,3,0,'eyJ0cyI6MTY1NjAwMTI4NC42MjMxMywidWEiOiJNb3ppbGxhXC81LjAgKFdpbmRvd3MgTlQgMTAuMDsgV2luNjQ7IHg2NCkgQXBwbGVXZWJLaXRcLzUzNy4zNiAoS0hUTUwsIGxpa2UgR2Vja28pIENocm9tZVwvMTAyLjAuMC4wIFNhZmFyaVwvNTM3LjM2Iiwic2l0ZV9pZCI6MX0=',1656001284),(171,'8c54eaf5c0',8,'A','POST','/wp-admin/admin-ajax.php',200,3,0,'eyJ0cyI6MTY1NjAwMTUwOS4yNjg1NDksInVhIjoiTW96aWxsYVwvNS4wIChXaW5kb3dzIE5UIDEwLjA7IFdpbjY0OyB4NjQpIEFwcGxlV2ViS2l0XC81MzcuMzYgKEtIVE1MLCBsaWtlIEdlY2tvKSBDaHJvbWVcLzEwMi4wLjAuMCBTYWZhcmlcLzUzNy4zNiIsInNpdGVfaWQiOjF9',1656001508),(172,'6cb31e6fd4',8,'A','POST','/wp-admin/admin-ajax.php',200,3,0,'eyJ0cyI6MTY1NjAwMTY3OS44ODQ2MTcsInVhIjoiTW96aWxsYVwvNS4wIChXaW5kb3dzIE5UIDEwLjA7IFdpbjY0OyB4NjQpIEFwcGxlV2ViS2l0XC81MzcuMzYgKEtIVE1MLCBsaWtlIEdlY2tvKSBDaHJvbWVcLzEwMi4wLjAuMCBTYWZhcmlcLzUzNy4zNiIsInNpdGVfaWQiOjF9',1656001679),(173,'6c19db0a21',8,'A','POST','/wp-admin/admin-ajax.php',200,3,0,'eyJ0cyI6MTY1NjAwMTc0Ni43Nzc4MzksInVhIjoiTW96aWxsYVwvNS4wIChXaW5kb3dzIE5UIDEwLjA7IFdpbjY0OyB4NjQpIEFwcGxlV2ViS2l0XC81MzcuMzYgKEtIVE1MLCBsaWtlIEdlY2tvKSBDaHJvbWVcLzEwMi4wLjAuMCBTYWZhcmlcLzUzNy4zNiIsInNpdGVfaWQiOjF9',1656001746),(174,'f8908f66be',8,'A','POST','/wp-admin/admin-ajax.php',200,3,0,'eyJ0cyI6MTY1NjAwMTc4OS45MjE1MjYsInVhIjoiTW96aWxsYVwvNS4wIChXaW5kb3dzIE5UIDEwLjA7IFdpbjY0OyB4NjQpIEFwcGxlV2ViS2l0XC81MzcuMzYgKEtIVE1MLCBsaWtlIEdlY2tvKSBDaHJvbWVcLzEwMi4wLjAuMCBTYWZhcmlcLzUzNy4zNiIsInNpdGVfaWQiOjF9',1656001789),(175,'3d0695193c',8,'A','POST','/wp-admin/admin-ajax.php',200,3,0,'eyJ0cyI6MTY1NjAwMTg0Mi4yOTcwMTMsInVhIjoiTW96aWxsYVwvNS4wIChXaW5kb3dzIE5UIDEwLjA7IFdpbjY0OyB4NjQpIEFwcGxlV2ViS2l0XC81MzcuMzYgKEtIVE1MLCBsaWtlIEdlY2tvKSBDaHJvbWVcLzEwMi4wLjAuMCBTYWZhcmlcLzUzNy4zNiIsInNpdGVfaWQiOjF9',1656001841),(176,'f65cfa4022',8,'A','POST','/wp-admin/admin-ajax.php',200,3,0,'eyJ0cyI6MTY1NjAwMTkwMC4zNjI1MTQsInVhIjoiTW96aWxsYVwvNS4wIChXaW5kb3dzIE5UIDEwLjA7IFdpbjY0OyB4NjQpIEFwcGxlV2ViS2l0XC81MzcuMzYgKEtIVE1MLCBsaWtlIEdlY2tvKSBDaHJvbWVcLzEwMi4wLjAuMCBTYWZhcmlcLzUzNy4zNiIsInNpdGVfaWQiOjF9',1656001899),(177,'e5ad69ca26',8,'A','POST','/wp-admin/admin-ajax.php',200,0,0,'eyJ0cyI6MTY1NjAwMTkzMS4yMTg1MjQsInVhIjoiTW96aWxsYVwvNS4wIChMaW51eDsgQW5kcm9pZCAxMjsgU00tRzk5NkIpIEFwcGxlV2ViS2l0XC81MzcuMzYgKEtIVE1MLCBsaWtlIEdlY2tvKSBDaHJvbWVcLzEwMi4wLjAuMCBNb2JpbGUgU2FmYXJpXC81MzcuMzYiLCJzaXRlX2lkIjoxfQ==',1656001930),(178,'2f75ca3078',8,'H','GET','/resources/',200,0,0,'eyJ0cyI6MTY1NjAwMTkzNS4xMzA4MjEsInVhIjoiTW96aWxsYVwvNS4wIChMaW51eDsgQW5kcm9pZCAxMjsgU00tRzk5NkIpIEFwcGxlV2ViS2l0XC81MzcuMzYgKEtIVE1MLCBsaWtlIEdlY2tvKSBDaHJvbWVcLzEwMi4wLjAuMCBNb2JpbGUgU2FmYXJpXC81MzcuMzYiLCJzaXRlX2lkIjoxfQ==',1656001934),(179,'9a4a976b3c',8,'H','GET','/resources/',200,0,0,'eyJ0cyI6MTY1NjAwMTk0MC4xOTYxMDUsInVhIjoiTW96aWxsYVwvNS4wIChMaW51eDsgQW5kcm9pZCAxMjsgU00tRzk5NkIpIEFwcGxlV2ViS2l0XC81MzcuMzYgKEtIVE1MLCBsaWtlIEdlY2tvKSBDaHJvbWVcLzEwMi4wLjAuMCBNb2JpbGUgU2FmYXJpXC81MzcuMzYiLCJzaXRlX2lkIjoxfQ==',1656001939),(180,'5b54f9ebe3',8,'A','POST','/wp-admin/admin-ajax.php',200,3,0,'eyJ0cyI6MTY1NjAwMTk2OS4xODg2NiwidWEiOiJNb3ppbGxhXC81LjAgKFdpbmRvd3MgTlQgMTAuMDsgV2luNjQ7IHg2NCkgQXBwbGVXZWJLaXRcLzUzNy4zNiAoS0hUTUwsIGxpa2UgR2Vja28pIENocm9tZVwvMTAyLjAuMC4wIFNhZmFyaVwvNTM3LjM2Iiwic2l0ZV9pZCI6MX0=',1656001968),(181,'28ac72a2d0',8,'H','GET','/resources/',200,0,0,'eyJ0cyI6MTY1NjAwMTk3MS4zNjQyMjEsInVhIjoiTW96aWxsYVwvNS4wIChMaW51eDsgQW5kcm9pZCAxMjsgU00tRzk5NkIpIEFwcGxlV2ViS2l0XC81MzcuMzYgKEtIVE1MLCBsaWtlIEdlY2tvKSBDaHJvbWVcLzEwMi4wLjAuMCBNb2JpbGUgU2FmYXJpXC81MzcuMzYiLCJzaXRlX2lkIjoxfQ==',1656001970),(182,'6e1a3fe649',8,'H','GET','/slogin',302,0,0,'eyJ0cyI6MTY1NjAwMTk4NS42NjYwOSwidWEiOiJNb3ppbGxhXC81LjAgKFdpbmRvd3MgTlQgMTAuMDsgV2luNjQ7IHg2NCkgQXBwbGVXZWJLaXRcLzUzNy4zNiAoS0hUTUwsIGxpa2UgR2Vja28pIENocm9tZVwvMTAyLjAuMC4wIFNhZmFyaVwvNTM3LjM2IiwicXVlcnkiOiJhY3Rpb249bG9nb3V0Jl93cG5vbmNlPWNlOTQzYmYxYjMiLCJzaXRlX2lkIjoxfQ==',1656001985),(183,'6a32b7db46',8,'H','GET','/slogin',200,0,0,'eyJ0cyI6MTY1NjAwMTk4NS45NjAxOCwidWEiOiJNb3ppbGxhXC81LjAgKFdpbmRvd3MgTlQgMTAuMDsgV2luNjQ7IHg2NCkgQXBwbGVXZWJLaXRcLzUzNy4zNiAoS0hUTUwsIGxpa2UgR2Vja28pIENocm9tZVwvMTAyLjAuMC4wIFNhZmFyaVwvNTM3LjM2IiwicXVlcnkiOiJsb2dnZWRvdXQ9dHJ1ZSZ3cF9sYW5nPWVuIiwic2l0ZV9pZCI6MX0=',1656001985),(184,'e7b6a3e1be',8,'A','POST','/wp-admin/admin-ajax.php',200,0,0,'eyJ0cyI6MTY1NjAwNTM0My4wMTYwNzYsInVhIjoiTW96aWxsYVwvNS4wIChMaW51eDsgQW5kcm9pZCAxMjsgU00tRzk5NkIpIEFwcGxlV2ViS2l0XC81MzcuMzYgKEtIVE1MLCBsaWtlIEdlY2tvKSBDaHJvbWVcLzEwMi4wLjAuMCBNb2JpbGUgU2FmYXJpXC81MzcuMzYiLCJzaXRlX2lkIjoxfQ==',1656005334),(185,'0780d79f2e',8,'A','POST','/wp-admin/admin-ajax.php',200,0,0,'eyJ0cyI6MTY1NjAwNTYxMC4xMDU5ODUsInVhIjoiTW96aWxsYVwvNS4wIChMaW51eDsgQW5kcm9pZCAxMjsgU00tRzk5NkIpIEFwcGxlV2ViS2l0XC81MzcuMzYgKEtIVE1MLCBsaWtlIEdlY2tvKSBDaHJvbWVcLzEwMi4wLjAuMCBNb2JpbGUgU2FmYXJpXC81MzcuMzYiLCJzaXRlX2lkIjoxfQ==',1656005609),(186,'5a5b3fd247',8,'H','GET','/slogin',200,0,0,'eyJ0cyI6MTY1NjAzNzY3My41NjM3ODYsInVhIjoiTW96aWxsYVwvNS4wIChXaW5kb3dzIE5UIDEwLjA7IFdpbjY0OyB4NjQpIEFwcGxlV2ViS2l0XC81MzcuMzYgKEtIVE1MLCBsaWtlIEdlY2tvKSBDaHJvbWVcLzEwMi4wLjAuMCBTYWZhcmlcLzUzNy4zNiIsInNpdGVfaWQiOjF9',1656037667),(187,'28cb0a2153',8,'A','POST','/wp-admin/admin-ajax.php',200,0,0,'eyJ0cyI6MTY1NjAzNzY3Ni44MDUxOTUsInVhIjoiTW96aWxsYVwvNS4wIChXaW5kb3dzIE5UIDEwLjA7IFdpbjY0OyB4NjQpIEFwcGxlV2ViS2l0XC81MzcuMzYgKEtIVE1MLCBsaWtlIEdlY2tvKSBDaHJvbWVcLzEwMi4wLjAuMCBTYWZhcmlcLzUzNy4zNiIsInNpdGVfaWQiOjF9',1656037674),(188,'6c2a45e9aa',8,'H','GET','/',200,0,0,'eyJ0cyI6MTY1NjAzNzY3OC4wMzM2NDYsInVhIjoiTW96aWxsYVwvNS4wIChXaW5kb3dzIE5UIDEwLjA7IFdpbjY0OyB4NjQpIEFwcGxlV2ViS2l0XC81MzcuMzYgKEtIVE1MLCBsaWtlIEdlY2tvKSBDaHJvbWVcLzEwMi4wLjAuMCBTYWZhcmlcLzUzNy4zNiIsInNpdGVfaWQiOjF9',1656037665),(189,'d028d7e40d',8,'H','GET','/contact-us/',200,0,0,'eyJ0cyI6MTY1NjAzNzcwOS44ODUyNzMsInVhIjoiTW96aWxsYVwvNS4wIChMaW51eDsgQW5kcm9pZCAxMjsgU00tRzk5NkIpIEFwcGxlV2ViS2l0XC81MzcuMzYgKEtIVE1MLCBsaWtlIEdlY2tvKSBDaHJvbWVcLzEwMi4wLjAuMCBNb2JpbGUgU2FmYXJpXC81MzcuMzYiLCJzaXRlX2lkIjoxfQ==',1656037709),(190,'6a56623baf',8,'A','POST','/wp-admin/admin-ajax.php',200,0,0,'eyJ0cyI6MTY1NjAzNzcxMC44ODYyNDYsInVhIjoiTW96aWxsYVwvNS4wIChMaW51eDsgQW5kcm9pZCAxMjsgU00tRzk5NkIpIEFwcGxlV2ViS2l0XC81MzcuMzYgKEtIVE1MLCBsaWtlIEdlY2tvKSBDaHJvbWVcLzEwMi4wLjAuMCBNb2JpbGUgU2FmYXJpXC81MzcuMzYiLCJzaXRlX2lkIjoxfQ==',1656037710),(191,'dde34a4c17',8,'H','GET','/resources/',200,0,0,'eyJ0cyI6MTY1NjAzNzcxNS4yNjQwNzgsInVhIjoiTW96aWxsYVwvNS4wIChMaW51eDsgQW5kcm9pZCAxMjsgU00tRzk5NkIpIEFwcGxlV2ViS2l0XC81MzcuMzYgKEtIVE1MLCBsaWtlIEdlY2tvKSBDaHJvbWVcLzEwMi4wLjAuMCBNb2JpbGUgU2FmYXJpXC81MzcuMzYiLCJzaXRlX2lkIjoxfQ==',1656037714),(192,'308406ca4e',8,'L','POST','/slogin',302,0,0,'eyJ0cyI6MTY1NjAzNzczMi4xMjM5MzgsInVhIjoiTW96aWxsYVwvNS4wIChXaW5kb3dzIE5UIDEwLjA7IFdpbjY0OyB4NjQpIEFwcGxlV2ViS2l0XC81MzcuMzYgKEtIVE1MLCBsaWtlIEdlY2tvKSBDaHJvbWVcLzEwMi4wLjAuMCBTYWZhcmlcLzUzNy4zNiIsInNpdGVfaWQiOjF9',1656037728),(193,'fde6a02cf1',8,'A','POST','/wp-admin/admin-ajax.php',200,3,0,'eyJ0cyI6MTY1NjAzNzg3MC4yNTMxNDMsInVhIjoiTW96aWxsYVwvNS4wIChXaW5kb3dzIE5UIDEwLjA7IFdpbjY0OyB4NjQpIEFwcGxlV2ViS2l0XC81MzcuMzYgKEtIVE1MLCBsaWtlIEdlY2tvKSBDaHJvbWVcLzEwMi4wLjAuMCBTYWZhcmlcLzUzNy4zNiIsInNpdGVfaWQiOjF9',1656037869),(194,'8f85bbc2ae',8,'A','POST','/wp-admin/admin-ajax.php',200,3,0,'eyJ0cyI6MTY1NjAzNzk2OS44ODYwMTQsInVhIjoiTW96aWxsYVwvNS4wIChXaW5kb3dzIE5UIDEwLjA7IFdpbjY0OyB4NjQpIEFwcGxlV2ViS2l0XC81MzcuMzYgKEtIVE1MLCBsaWtlIEdlY2tvKSBDaHJvbWVcLzEwMi4wLjAuMCBTYWZhcmlcLzUzNy4zNiIsInNpdGVfaWQiOjF9',1656037969),(195,'ea4f956900',8,'A','POST','/wp-admin/admin-ajax.php',200,0,0,'eyJ0cyI6MTY1NjAzODAxOS4xOTQxNDUsInVhIjoiTW96aWxsYVwvNS4wIChMaW51eDsgQW5kcm9pZCAxMjsgU00tRzk5NkIpIEFwcGxlV2ViS2l0XC81MzcuMzYgKEtIVE1MLCBsaWtlIEdlY2tvKSBDaHJvbWVcLzEwMi4wLjAuMCBNb2JpbGUgU2FmYXJpXC81MzcuMzYiLCJzaXRlX2lkIjoxfQ==',1656038018),(196,'c3a6e5d4ac',8,'A','POST','/wp-admin/admin-ajax.php',200,3,0,'eyJ0cyI6MTY1NjAzODAyMS40ODIxODIsInVhIjoiTW96aWxsYVwvNS4wIChXaW5kb3dzIE5UIDEwLjA7IFdpbjY0OyB4NjQpIEFwcGxlV2ViS2l0XC81MzcuMzYgKEtIVE1MLCBsaWtlIEdlY2tvKSBDaHJvbWVcLzEwMi4wLjAuMCBTYWZhcmlcLzUzNy4zNiIsInNpdGVfaWQiOjF9',1656038020),(197,'de67e61097',8,'H','GET','/resources/',200,0,0,'eyJ0cyI6MTY1NjAzODAzNC40OTY2MTgsInVhIjoiTW96aWxsYVwvNS4wIChMaW51eDsgQW5kcm9pZCAxMjsgU00tRzk5NkIpIEFwcGxlV2ViS2l0XC81MzcuMzYgKEtIVE1MLCBsaWtlIEdlY2tvKSBDaHJvbWVcLzEwMi4wLjAuMCBNb2JpbGUgU2FmYXJpXC81MzcuMzYiLCJzaXRlX2lkIjoxfQ==',1656038034),(198,'377452253e',8,'H','GET','/resources/',200,0,0,'eyJ0cyI6MTY1NjAzODA2OS4xNzE5NDIsInVhIjoiTW96aWxsYVwvNS4wIChMaW51eDsgQW5kcm9pZCAxMjsgU00tRzk5NkIpIEFwcGxlV2ViS2l0XC81MzcuMzYgKEtIVE1MLCBsaWtlIEdlY2tvKSBDaHJvbWVcLzEwMi4wLjAuMCBNb2JpbGUgU2FmYXJpXC81MzcuMzYiLCJzaXRlX2lkIjoxfQ==',1656038068),(199,'2934e9c7c5',8,'A','POST','/wp-admin/admin-ajax.php',200,3,0,'eyJ0cyI6MTY1NjAzODA3MS4zODcxOTIsInVhIjoiTW96aWxsYVwvNS4wIChXaW5kb3dzIE5UIDEwLjA7IFdpbjY0OyB4NjQpIEFwcGxlV2ViS2l0XC81MzcuMzYgKEtIVE1MLCBsaWtlIEdlY2tvKSBDaHJvbWVcLzEwMi4wLjAuMCBTYWZhcmlcLzUzNy4zNiIsInNpdGVfaWQiOjF9',1656038070),(200,'91124f19d4',8,'H','GET','/resources/',200,0,0,'eyJ0cyI6MTY1NjAzODA3Mi45NTU4NjUsInVhIjoiTW96aWxsYVwvNS4wIChMaW51eDsgQW5kcm9pZCAxMjsgU00tRzk5NkIpIEFwcGxlV2ViS2l0XC81MzcuMzYgKEtIVE1MLCBsaWtlIEdlY2tvKSBDaHJvbWVcLzEwMi4wLjAuMCBNb2JpbGUgU2FmYXJpXC81MzcuMzYiLCJzaXRlX2lkIjoxfQ==',1656038072),(201,'9d058af126',8,'A','POST','/wp-admin/admin-ajax.php',200,3,0,'eyJ0cyI6MTY1NjAzODEyMi4yNjE2ODUsInVhIjoiTW96aWxsYVwvNS4wIChXaW5kb3dzIE5UIDEwLjA7IFdpbjY0OyB4NjQpIEFwcGxlV2ViS2l0XC81MzcuMzYgKEtIVE1MLCBsaWtlIEdlY2tvKSBDaHJvbWVcLzEwMi4wLjAuMCBTYWZhcmlcLzUzNy4zNiIsInNpdGVfaWQiOjF9',1656038121),(202,'695e44cc18',8,'H','GET','/resources/',200,0,0,'eyJ0cyI6MTY1NjAzODEzMS4xMzk5NTQsInVhIjoiTW96aWxsYVwvNS4wIChMaW51eDsgQW5kcm9pZCAxMjsgU00tRzk5NkIpIEFwcGxlV2ViS2l0XC81MzcuMzYgKEtIVE1MLCBsaWtlIEdlY2tvKSBDaHJvbWVcLzEwMi4wLjAuMCBNb2JpbGUgU2FmYXJpXC81MzcuMzYiLCJzaXRlX2lkIjoxfQ==',1656038130),(203,'692b9b57b3',8,'A','POST','/wp-admin/admin-ajax.php',200,3,0,'eyJ0cyI6MTY1NjAzODE0Ny40NTUxMDcsInVhIjoiTW96aWxsYVwvNS4wIChXaW5kb3dzIE5UIDEwLjA7IFdpbjY0OyB4NjQpIEFwcGxlV2ViS2l0XC81MzcuMzYgKEtIVE1MLCBsaWtlIEdlY2tvKSBDaHJvbWVcLzEwMi4wLjAuMCBTYWZhcmlcLzUzNy4zNiIsInNpdGVfaWQiOjF9',1656038147),(204,'2b2020ea52',8,'H','GET','/resources/',200,0,0,'eyJ0cyI6MTY1NjAzODE0OS4yNjYzNjYsInVhIjoiTW96aWxsYVwvNS4wIChMaW51eDsgQW5kcm9pZCAxMjsgU00tRzk5NkIpIEFwcGxlV2ViS2l0XC81MzcuMzYgKEtIVE1MLCBsaWtlIEdlY2tvKSBDaHJvbWVcLzEwMi4wLjAuMCBNb2JpbGUgU2FmYXJpXC81MzcuMzYiLCJzaXRlX2lkIjoxfQ==',1656038148),(205,'d0cafedea5',8,'A','POST','/wp-admin/admin-ajax.php',200,3,0,'eyJ0cyI6MTY1NjAzODMxMC41NjczMDgsInVhIjoiTW96aWxsYVwvNS4wIChXaW5kb3dzIE5UIDEwLjA7IFdpbjY0OyB4NjQpIEFwcGxlV2ViS2l0XC81MzcuMzYgKEtIVE1MLCBsaWtlIEdlY2tvKSBDaHJvbWVcLzEwMi4wLjAuMCBTYWZhcmlcLzUzNy4zNiIsInNpdGVfaWQiOjF9',1656038310),(206,'04a156c453',8,'A','POST','/wp-admin/admin-ajax.php',200,3,0,'eyJ0cyI6MTY1NjAzODMzMC44OTE2MDMsInVhIjoiTW96aWxsYVwvNS4wIChXaW5kb3dzIE5UIDEwLjA7IFdpbjY0OyB4NjQpIEFwcGxlV2ViS2l0XC81MzcuMzYgKEtIVE1MLCBsaWtlIEdlY2tvKSBDaHJvbWVcLzEwMi4wLjAuMCBTYWZhcmlcLzUzNy4zNiIsInNpdGVfaWQiOjF9',1656038330),(207,'9e5d83fca2',8,'A','POST','/wp-admin/admin-ajax.php',200,0,0,'eyJ0cyI6MTY1NjAzODMzMi4yMTk0NjIsInVhIjoiTW96aWxsYVwvNS4wIChMaW51eDsgQW5kcm9pZCAxMjsgU00tRzk5NkIpIEFwcGxlV2ViS2l0XC81MzcuMzYgKEtIVE1MLCBsaWtlIEdlY2tvKSBDaHJvbWVcLzEwMi4wLjAuMCBNb2JpbGUgU2FmYXJpXC81MzcuMzYiLCJzaXRlX2lkIjoxfQ==',1656038332),(208,'0fed090a1b',8,'A','POST','/wp-admin/admin-ajax.php',200,3,0,'eyJ0cyI6MTY1NjAzODM0Mi44MTcwODcsInVhIjoiTW96aWxsYVwvNS4wIChXaW5kb3dzIE5UIDEwLjA7IFdpbjY0OyB4NjQpIEFwcGxlV2ViS2l0XC81MzcuMzYgKEtIVE1MLCBsaWtlIEdlY2tvKSBDaHJvbWVcLzEwMi4wLjAuMCBTYWZhcmlcLzUzNy4zNiIsInNpdGVfaWQiOjF9',1656038342),(209,'0af5fb0608',8,'H','GET','/resources/',200,0,0,'eyJ0cyI6MTY1NjAzODM1MS45MTYwNTYsInVhIjoiTW96aWxsYVwvNS4wIChMaW51eDsgQW5kcm9pZCAxMjsgU00tRzk5NkIpIEFwcGxlV2ViS2l0XC81MzcuMzYgKEtIVE1MLCBsaWtlIEdlY2tvKSBDaHJvbWVcLzEwMi4wLjAuMCBNb2JpbGUgU2FmYXJpXC81MzcuMzYiLCJzaXRlX2lkIjoxfQ==',1656038351),(210,'3059339383',8,'H','GET','/resources/',200,0,0,'eyJ0cyI6MTY1NjAzODM1NS41Nzk4NzcsInVhIjoiTW96aWxsYVwvNS4wIChMaW51eDsgQW5kcm9pZCAxMjsgU00tRzk5NkIpIEFwcGxlV2ViS2l0XC81MzcuMzYgKEtIVE1MLCBsaWtlIEdlY2tvKSBDaHJvbWVcLzEwMi4wLjAuMCBNb2JpbGUgU2FmYXJpXC81MzcuMzYiLCJzaXRlX2lkIjoxfQ==',1656038355),(211,'f2cbe19b75',8,'A','POST','/wp-admin/admin-ajax.php',200,3,0,'eyJ0cyI6MTY1NjAzODU0OS4xNTM0MzUsInVhIjoiTW96aWxsYVwvNS4wIChXaW5kb3dzIE5UIDEwLjA7IFdpbjY0OyB4NjQpIEFwcGxlV2ViS2l0XC81MzcuMzYgKEtIVE1MLCBsaWtlIEdlY2tvKSBDaHJvbWVcLzEwMi4wLjAuMCBTYWZhcmlcLzUzNy4zNiIsInNpdGVfaWQiOjF9',1656038548),(212,'ead36ce1bc',8,'A','POST','/wp-admin/admin-ajax.php',200,3,0,'eyJ0cyI6MTY1NjAzODYwMS4zMDI1LCJ1YSI6Ik1vemlsbGFcLzUuMCAoV2luZG93cyBOVCAxMC4wOyBXaW42NDsgeDY0KSBBcHBsZVdlYktpdFwvNTM3LjM2IChLSFRNTCwgbGlrZSBHZWNrbykgQ2hyb21lXC8xMDIuMC4wLjAgU2FmYXJpXC81MzcuMzYiLCJzaXRlX2lkIjoxfQ==',1656038600),(213,'26b3381028',8,'A','POST','/wp-admin/admin-ajax.php',200,0,0,'eyJ0cyI6MTY1NjAzODY2MC4wOTc5ODYsInVhIjoiTW96aWxsYVwvNS4wIChMaW51eDsgQW5kcm9pZCAxMjsgU00tRzk5NkIpIEFwcGxlV2ViS2l0XC81MzcuMzYgKEtIVE1MLCBsaWtlIEdlY2tvKSBDaHJvbWVcLzEwMi4wLjAuMCBNb2JpbGUgU2FmYXJpXC81MzcuMzYiLCJzaXRlX2lkIjoxfQ==',1656038659),(214,'ff95683586',8,'A','POST','/wp-admin/admin-ajax.php',200,3,0,'eyJ0cyI6MTY1NjAzODY5OC4wNTM3MDEsInVhIjoiTW96aWxsYVwvNS4wIChXaW5kb3dzIE5UIDEwLjA7IFdpbjY0OyB4NjQpIEFwcGxlV2ViS2l0XC81MzcuMzYgKEtIVE1MLCBsaWtlIEdlY2tvKSBDaHJvbWVcLzEwMi4wLjAuMCBTYWZhcmlcLzUzNy4zNiIsInNpdGVfaWQiOjF9',1656038697),(215,'d271192a2b',8,'A','POST','/wp-admin/admin-ajax.php',200,3,0,'eyJ0cyI6MTY1NjAzODczOC4wMTI5MTcsInVhIjoiTW96aWxsYVwvNS4wIChXaW5kb3dzIE5UIDEwLjA7IFdpbjY0OyB4NjQpIEFwcGxlV2ViS2l0XC81MzcuMzYgKEtIVE1MLCBsaWtlIEdlY2tvKSBDaHJvbWVcLzEwMi4wLjAuMCBTYWZhcmlcLzUzNy4zNiIsInNpdGVfaWQiOjF9',1656038737),(216,'35f20b67da',8,'A','POST','/wp-admin/admin-ajax.php',200,3,0,'eyJ0cyI6MTY1NjAzOTQ3OS41NTg1ODgsInVhIjoiTW96aWxsYVwvNS4wIChXaW5kb3dzIE5UIDEwLjA7IFdpbjY0OyB4NjQpIEFwcGxlV2ViS2l0XC81MzcuMzYgKEtIVE1MLCBsaWtlIEdlY2tvKSBDaHJvbWVcLzEwMi4wLjAuMCBTYWZhcmlcLzUzNy4zNiIsInNpdGVfaWQiOjF9',1656039479),(217,'a2cbc81a5e',8,'A','POST','/wp-admin/admin-ajax.php',200,3,0,'eyJ0cyI6MTY1NjAzOTUxNy45MjYzMzMsInVhIjoiTW96aWxsYVwvNS4wIChXaW5kb3dzIE5UIDEwLjA7IFdpbjY0OyB4NjQpIEFwcGxlV2ViS2l0XC81MzcuMzYgKEtIVE1MLCBsaWtlIEdlY2tvKSBDaHJvbWVcLzEwMi4wLjAuMCBTYWZhcmlcLzUzNy4zNiIsInNpdGVfaWQiOjF9',1656039517),(218,'a260b74ac3',8,'A','POST','/wp-admin/admin-ajax.php',200,3,0,'eyJ0cyI6MTY1NjAzOTU2MC41OTAyODksInVhIjoiTW96aWxsYVwvNS4wIChXaW5kb3dzIE5UIDEwLjA7IFdpbjY0OyB4NjQpIEFwcGxlV2ViS2l0XC81MzcuMzYgKEtIVE1MLCBsaWtlIEdlY2tvKSBDaHJvbWVcLzEwMi4wLjAuMCBTYWZhcmlcLzUzNy4zNiIsInNpdGVfaWQiOjF9',1656039560),(219,'3a7d0ed9ea',8,'A','POST','/wp-admin/admin-ajax.php',200,0,0,'eyJ0cyI6MTY1NjAzOTYxMy42OTU3MDgsInVhIjoiTW96aWxsYVwvNS4wIChMaW51eDsgQW5kcm9pZCAxMjsgU00tRzk5NkIpIEFwcGxlV2ViS2l0XC81MzcuMzYgKEtIVE1MLCBsaWtlIEdlY2tvKSBDaHJvbWVcLzEwMi4wLjAuMCBNb2JpbGUgU2FmYXJpXC81MzcuMzYiLCJzaXRlX2lkIjoxfQ==',1656039613),(220,'a4c8093eb5',8,'H','GET','/resources/',200,0,0,'eyJ0cyI6MTY1NjAzOTYyNi43MDgyNjcsInVhIjoiTW96aWxsYVwvNS4wIChMaW51eDsgQW5kcm9pZCAxMjsgU00tRzk5NkIpIEFwcGxlV2ViS2l0XC81MzcuMzYgKEtIVE1MLCBsaWtlIEdlY2tvKSBDaHJvbWVcLzEwMi4wLjAuMCBNb2JpbGUgU2FmYXJpXC81MzcuMzYiLCJzaXRlX2lkIjoxfQ==',1656039625),(221,'b824ec79c7',8,'H','GET','/resources/',200,0,0,'eyJ0cyI6MTY1NjAzOTYzMC4xNjM5MjEsInVhIjoiTW96aWxsYVwvNS4wIChMaW51eDsgQW5kcm9pZCAxMjsgU00tRzk5NkIpIEFwcGxlV2ViS2l0XC81MzcuMzYgKEtIVE1MLCBsaWtlIEdlY2tvKSBDaHJvbWVcLzEwMi4wLjAuMCBNb2JpbGUgU2FmYXJpXC81MzcuMzYiLCJzaXRlX2lkIjoxfQ==',1656039614),(222,'865fc97e04',8,'H','GET','/resources/',200,0,0,'eyJ0cyI6MTY1NjAzOTYzNC43NzUzNjksInVhIjoiTW96aWxsYVwvNS4wIChMaW51eDsgQW5kcm9pZCAxMjsgU00tRzk5NkIpIEFwcGxlV2ViS2l0XC81MzcuMzYgKEtIVE1MLCBsaWtlIEdlY2tvKSBDaHJvbWVcLzEwMi4wLjAuMCBNb2JpbGUgU2FmYXJpXC81MzcuMzYiLCJzaXRlX2lkIjoxfQ==',1656039634),(223,'3ccb44aac5',8,'A','POST','/wp-admin/admin-ajax.php',200,3,0,'eyJ0cyI6MTY1NjAzOTc3MS4zMjM3NTYsInVhIjoiTW96aWxsYVwvNS4wIChXaW5kb3dzIE5UIDEwLjA7IFdpbjY0OyB4NjQpIEFwcGxlV2ViS2l0XC81MzcuMzYgKEtIVE1MLCBsaWtlIEdlY2tvKSBDaHJvbWVcLzEwMi4wLjAuMCBTYWZhcmlcLzUzNy4zNiIsInNpdGVfaWQiOjF9',1656039770),(224,'20288d7cea',8,'A','POST','/wp-admin/admin-ajax.php',200,3,0,'eyJ0cyI6MTY1NjAzOTgxMy42MTQ2MTUsInVhIjoiTW96aWxsYVwvNS4wIChXaW5kb3dzIE5UIDEwLjA7IFdpbjY0OyB4NjQpIEFwcGxlV2ViS2l0XC81MzcuMzYgKEtIVE1MLCBsaWtlIEdlY2tvKSBDaHJvbWVcLzEwMi4wLjAuMCBTYWZhcmlcLzUzNy4zNiIsInNpdGVfaWQiOjF9',1656039813),(225,'0f7553ec7b',8,'A','POST','/wp-admin/admin-ajax.php',200,3,0,'eyJ0cyI6MTY1NjAzOTg3Mi4yMTQyMzYsInVhIjoiTW96aWxsYVwvNS4wIChXaW5kb3dzIE5UIDEwLjA7IFdpbjY0OyB4NjQpIEFwcGxlV2ViS2l0XC81MzcuMzYgKEtIVE1MLCBsaWtlIEdlY2tvKSBDaHJvbWVcLzEwMi4wLjAuMCBTYWZhcmlcLzUzNy4zNiIsInNpdGVfaWQiOjF9',1656039871),(226,'4eaa27c8dd',8,'A','POST','/wp-admin/admin-ajax.php',200,0,0,'eyJ0cyI6MTY1NjAzOTkzOS4xOTc2OCwidWEiOiJNb3ppbGxhXC81LjAgKExpbnV4OyBBbmRyb2lkIDEyOyBTTS1HOTk2QikgQXBwbGVXZWJLaXRcLzUzNy4zNiAoS0hUTUwsIGxpa2UgR2Vja28pIENocm9tZVwvMTAyLjAuMC4wIE1vYmlsZSBTYWZhcmlcLzUzNy4zNiIsInNpdGVfaWQiOjF9',1656039939),(227,'dcd3140bf8',8,'A','POST','/wp-admin/admin-ajax.php',200,3,0,'eyJ0cyI6MTY1NjAzOTk0Mi45MTYwNzQsInVhIjoiTW96aWxsYVwvNS4wIChXaW5kb3dzIE5UIDEwLjA7IFdpbjY0OyB4NjQpIEFwcGxlV2ViS2l0XC81MzcuMzYgKEtIVE1MLCBsaWtlIEdlY2tvKSBDaHJvbWVcLzEwMi4wLjAuMCBTYWZhcmlcLzUzNy4zNiIsInNpdGVfaWQiOjF9',1656039942),(228,'9372562a60',8,'A','POST','/wp-admin/admin-ajax.php',200,3,0,'eyJ0cyI6MTY1NjAzOTk4OS4wNzgxNTIsInVhIjoiTW96aWxsYVwvNS4wIChXaW5kb3dzIE5UIDEwLjA7IFdpbjY0OyB4NjQpIEFwcGxlV2ViS2l0XC81MzcuMzYgKEtIVE1MLCBsaWtlIEdlY2tvKSBDaHJvbWVcLzEwMi4wLjAuMCBTYWZhcmlcLzUzNy4zNiIsInNpdGVfaWQiOjF9',1656039988),(229,'e3366a1482',8,'A','POST','/wp-admin/admin-ajax.php',200,3,0,'eyJ0cyI6MTY1NjA0MDQ1Ni4wMDg1NTMsInVhIjoiTW96aWxsYVwvNS4wIChXaW5kb3dzIE5UIDEwLjA7IFdpbjY0OyB4NjQpIEFwcGxlV2ViS2l0XC81MzcuMzYgKEtIVE1MLCBsaWtlIEdlY2tvKSBDaHJvbWVcLzEwMi4wLjAuMCBTYWZhcmlcLzUzNy4zNiIsInNpdGVfaWQiOjF9',1656040455),(230,'e412843d29',8,'A','POST','/wp-admin/admin-ajax.php',200,3,0,'eyJ0cyI6MTY1NjA0MDU4MC41MDE1NzgsInVhIjoiTW96aWxsYVwvNS4wIChXaW5kb3dzIE5UIDEwLjA7IFdpbjY0OyB4NjQpIEFwcGxlV2ViS2l0XC81MzcuMzYgKEtIVE1MLCBsaWtlIEdlY2tvKSBDaHJvbWVcLzEwMi4wLjAuMCBTYWZhcmlcLzUzNy4zNiIsInNpdGVfaWQiOjF9',1656040579),(231,'35b998d7fe',8,'A','POST','/wp-admin/admin-ajax.php',200,0,0,'eyJ0cyI6MTY1NjA0MDU5OC4yNjU4NDUsInVhIjoiTW96aWxsYVwvNS4wIChMaW51eDsgQW5kcm9pZCAxMjsgU00tRzk5NkIpIEFwcGxlV2ViS2l0XC81MzcuMzYgKEtIVE1MLCBsaWtlIEdlY2tvKSBDaHJvbWVcLzEwMi4wLjAuMCBNb2JpbGUgU2FmYXJpXC81MzcuMzYiLCJzaXRlX2lkIjoxfQ==',1656040598),(232,'67eb9483f4',8,'H','GET','/resources/',200,0,0,'eyJ0cyI6MTY1NjA0MDYwMS40NDA3MTQsInVhIjoiTW96aWxsYVwvNS4wIChMaW51eDsgQW5kcm9pZCAxMjsgU00tRzk5NkIpIEFwcGxlV2ViS2l0XC81MzcuMzYgKEtIVE1MLCBsaWtlIEdlY2tvKSBDaHJvbWVcLzEwMi4wLjAuMCBNb2JpbGUgU2FmYXJpXC81MzcuMzYiLCJzaXRlX2lkIjoxfQ==',1656040600),(233,'08bc638100',8,'A','POST','/wp-admin/admin-ajax.php',200,3,0,'eyJ0cyI6MTY1NjA0MDY3Ny42MTU1NTcsInVhIjoiTW96aWxsYVwvNS4wIChXaW5kb3dzIE5UIDEwLjA7IFdpbjY0OyB4NjQpIEFwcGxlV2ViS2l0XC81MzcuMzYgKEtIVE1MLCBsaWtlIEdlY2tvKSBDaHJvbWVcLzEwMi4wLjAuMCBTYWZhcmlcLzUzNy4zNiIsInNpdGVfaWQiOjF9',1656040677),(234,'e57ec121a0',8,'A','POST','/wp-admin/admin-ajax.php',200,3,0,'eyJ0cyI6MTY1NjA0MDg2Mi4xNjIwODEsInVhIjoiTW96aWxsYVwvNS4wIChXaW5kb3dzIE5UIDEwLjA7IFdpbjY0OyB4NjQpIEFwcGxlV2ViS2l0XC81MzcuMzYgKEtIVE1MLCBsaWtlIEdlY2tvKSBDaHJvbWVcLzEwMi4wLjAuMCBTYWZhcmlcLzUzNy4zNiIsInNpdGVfaWQiOjF9',1656040861),(235,'e41989a243',8,'A','POST','/wp-admin/admin-ajax.php',200,3,0,'eyJ0cyI6MTY1NjA0MDkwMi40ODU2OTEsInVhIjoiTW96aWxsYVwvNS4wIChXaW5kb3dzIE5UIDEwLjA7IFdpbjY0OyB4NjQpIEFwcGxlV2ViS2l0XC81MzcuMzYgKEtIVE1MLCBsaWtlIEdlY2tvKSBDaHJvbWVcLzEwMi4wLjAuMCBTYWZhcmlcLzUzNy4zNiIsInNpdGVfaWQiOjF9',1656040902),(236,'43e2fab0c6',8,'A','POST','/wp-admin/admin-ajax.php',200,0,0,'eyJ0cyI6MTY1NjA0MDkwNS4xNzI2ODYsInVhIjoiTW96aWxsYVwvNS4wIChMaW51eDsgQW5kcm9pZCAxMjsgU00tRzk5NkIpIEFwcGxlV2ViS2l0XC81MzcuMzYgKEtIVE1MLCBsaWtlIEdlY2tvKSBDaHJvbWVcLzEwMi4wLjAuMCBNb2JpbGUgU2FmYXJpXC81MzcuMzYiLCJzaXRlX2lkIjoxfQ==',1656040904),(237,'957a21572f',8,'H','GET','/resources/',200,0,0,'eyJ0cyI6MTY1NjA0MDkxMy4zOTA3NjcsInVhIjoiTW96aWxsYVwvNS4wIChMaW51eDsgQW5kcm9pZCAxMjsgU00tRzk5NkIpIEFwcGxlV2ViS2l0XC81MzcuMzYgKEtIVE1MLCBsaWtlIEdlY2tvKSBDaHJvbWVcLzEwMi4wLjAuMCBNb2JpbGUgU2FmYXJpXC81MzcuMzYiLCJzaXRlX2lkIjoxfQ==',1656040912),(238,'eb68ac9fc8',8,'A','POST','/wp-admin/admin-ajax.php',200,3,0,'eyJ0cyI6MTY1NjA0MTA2MS44MDAxMiwidWEiOiJNb3ppbGxhXC81LjAgKFdpbmRvd3MgTlQgMTAuMDsgV2luNjQ7IHg2NCkgQXBwbGVXZWJLaXRcLzUzNy4zNiAoS0hUTUwsIGxpa2UgR2Vja28pIENocm9tZVwvMTAyLjAuMC4wIFNhZmFyaVwvNTM3LjM2Iiwic2l0ZV9pZCI6MX0=',1656041061),(239,'ec9422c685',8,'H','GET','/resources/',200,0,0,'eyJ0cyI6MTY1NjA0MTEwMy44MDcxMDIsInVhIjoiTW96aWxsYVwvNS4wIChMaW51eDsgQW5kcm9pZCAxMjsgU00tRzk5NkIpIEFwcGxlV2ViS2l0XC81MzcuMzYgKEtIVE1MLCBsaWtlIEdlY2tvKSBDaHJvbWVcLzEwMi4wLjAuMCBNb2JpbGUgU2FmYXJpXC81MzcuMzYiLCJzaXRlX2lkIjoxfQ==',1656041102),(240,'24a09c1d56',8,'A','POST','/wp-admin/admin-ajax.php',200,3,0,'eyJ0cyI6MTY1NjA0MTE4Ni4wODE1ODcsInVhIjoiTW96aWxsYVwvNS4wIChXaW5kb3dzIE5UIDEwLjA7IFdpbjY0OyB4NjQpIEFwcGxlV2ViS2l0XC81MzcuMzYgKEtIVE1MLCBsaWtlIEdlY2tvKSBDaHJvbWVcLzEwMi4wLjAuMCBTYWZhcmlcLzUzNy4zNiIsInNpdGVfaWQiOjF9',1656041185),(241,'81a52302ca',8,'A','POST','/wp-admin/admin-ajax.php',200,0,0,'eyJ0cyI6MTY1NjA0MTIyNi40NjMwMjgsInVhIjoiTW96aWxsYVwvNS4wIChMaW51eDsgQW5kcm9pZCAxMjsgU00tRzk5NkIpIEFwcGxlV2ViS2l0XC81MzcuMzYgKEtIVE1MLCBsaWtlIEdlY2tvKSBDaHJvbWVcLzEwMi4wLjAuMCBNb2JpbGUgU2FmYXJpXC81MzcuMzYiLCJzaXRlX2lkIjoxfQ==',1656041225),(242,'82a9242f12',8,'H','GET','/resources/',200,0,0,'eyJ0cyI6MTY1NjA0MTIyOS4zNjY3NjMsInVhIjoiTW96aWxsYVwvNS4wIChMaW51eDsgQW5kcm9pZCAxMjsgU00tRzk5NkIpIEFwcGxlV2ViS2l0XC81MzcuMzYgKEtIVE1MLCBsaWtlIEdlY2tvKSBDaHJvbWVcLzEwMi4wLjAuMCBNb2JpbGUgU2FmYXJpXC81MzcuMzYiLCJzaXRlX2lkIjoxfQ==',1656041228),(243,'af912778b7',8,'H','GET','/resources/',200,0,0,'eyJ0cyI6MTY1NjA0MTI0My4wNTAyOSwidWEiOiJNb3ppbGxhXC81LjAgKExpbnV4OyBBbmRyb2lkIDEyOyBTTS1HOTk2QikgQXBwbGVXZWJLaXRcLzUzNy4zNiAoS0hUTUwsIGxpa2UgR2Vja28pIENocm9tZVwvMTAyLjAuMC4wIE1vYmlsZSBTYWZhcmlcLzUzNy4zNiIsInNpdGVfaWQiOjF9',1656041242),(244,'4370ea7eb2',8,'H','GET','/',200,0,0,'eyJ0cyI6MTY1NjA0MTI1MS41NTcxMzEsInVhIjoiTW96aWxsYVwvNS4wIChMaW51eDsgQW5kcm9pZCAxMjsgU00tRzk5NkIpIEFwcGxlV2ViS2l0XC81MzcuMzYgKEtIVE1MLCBsaWtlIEdlY2tvKSBDaHJvbWVcLzEwMi4wLjAuMCBNb2JpbGUgU2FmYXJpXC81MzcuMzYiLCJzaXRlX2lkIjoxfQ==',1656041250),(245,'449254cb29',14,'A','POST','/wp-admin/admin-ajax.php',200,0,0,'eyJ0cyI6MTY1NjA0MTU1Ni4yMTIwODEsInVhIjoiTW96aWxsYVwvNS4wIChMaW51eDsgQW5kcm9pZCAxMjsgU00tRzk5NkIpIEFwcGxlV2ViS2l0XC81MzcuMzYgKEtIVE1MLCBsaWtlIEdlY2tvKSBDaHJvbWVcLzEwMi4wLjAuMCBNb2JpbGUgU2FmYXJpXC81MzcuMzYiLCJzaXRlX2lkIjoxfQ==',1656041556),(246,'73e0c3dfd1',8,'H','GET','/slogin',302,0,0,'eyJ0cyI6MTY1NjA0MTg3Ny43OTkwMTYsInVhIjoiTW96aWxsYVwvNS4wIChXaW5kb3dzIE5UIDEwLjA7IFdpbjY0OyB4NjQpIEFwcGxlV2ViS2l0XC81MzcuMzYgKEtIVE1MLCBsaWtlIEdlY2tvKSBDaHJvbWVcLzEwMi4wLjAuMCBTYWZhcmlcLzUzNy4zNiIsInF1ZXJ5IjoiYWN0aW9uPWxvZ291dCZfd3Bub25jZT1hNjllNmVjNGRjIiwic2l0ZV9pZCI6MX0=',1656041877),(247,'01b8cd3261',8,'H','GET','/slogin',200,0,0,'eyJ0cyI6MTY1NjA0MTg3OC4wODY3MzgsInVhIjoiTW96aWxsYVwvNS4wIChXaW5kb3dzIE5UIDEwLjA7IFdpbjY0OyB4NjQpIEFwcGxlV2ViS2l0XC81MzcuMzYgKEtIVE1MLCBsaWtlIEdlY2tvKSBDaHJvbWVcLzEwMi4wLjAuMCBTYWZhcmlcLzUzNy4zNiIsInF1ZXJ5IjoibG9nZ2Vkb3V0PXRydWUmd3BfbGFuZz1lbiIsInNpdGVfaWQiOjF9',1656041877),(248,'8f532dac4a',8,'H','GET','/',200,0,0,'eyJ0cyI6MTY1NjA0MTg4Ny4zMjIwMjgsInVhIjoiTW96aWxsYVwvNS4wIChXaW5kb3dzIE5UIDEwLjA7IFdpbjY0OyB4NjQpIEFwcGxlV2ViS2l0XC81MzcuMzYgKEtIVE1MLCBsaWtlIEdlY2tvKSBDaHJvbWVcLzEwMi4wLjAuMCBTYWZhcmlcLzUzNy4zNiIsInNpdGVfaWQiOjF9',1656041885),(249,'badfe9ff44',8,'H','GET','/slogin',200,0,0,'eyJ0cyI6MTY1NjA0MTkzNS44OTUyNDYsInVhIjoiTW96aWxsYVwvNS4wIChXaW5kb3dzIE5UIDEwLjA7IFdpbjY0OyB4NjQpIEFwcGxlV2ViS2l0XC81MzcuMzYgKEtIVE1MLCBsaWtlIEdlY2tvKSBDaHJvbWVcLzEwMi4wLjAuMCBTYWZhcmlcLzUzNy4zNiIsInNpdGVfaWQiOjF9',1656041934),(250,'e06dcd972b',8,'L','POST','/slogin',302,0,0,'eyJ0cyI6MTY1NjA0MTk0OC44NjEyLCJ1YSI6Ik1vemlsbGFcLzUuMCAoV2luZG93cyBOVCAxMC4wOyBXaW42NDsgeDY0KSBBcHBsZVdlYktpdFwvNTM3LjM2IChLSFRNTCwgbGlrZSBHZWNrbykgQ2hyb21lXC8xMDIuMC4wLjAgU2FmYXJpXC81MzcuMzYiLCJzaXRlX2lkIjoxfQ==',1656041946),(251,'c3e18f9082',8,'A','POST','/wp-admin/admin-ajax.php',200,3,0,'eyJ0cyI6MTY1NjA0MjAxNi43MDUyODIsInVhIjoiTW96aWxsYVwvNS4wIChXaW5kb3dzIE5UIDEwLjA7IFdpbjY0OyB4NjQpIEFwcGxlV2ViS2l0XC81MzcuMzYgKEtIVE1MLCBsaWtlIEdlY2tvKSBDaHJvbWVcLzEwMi4wLjAuMCBTYWZhcmlcLzUzNy4zNiIsInNpdGVfaWQiOjF9',1656042016),(252,'3de84d111a',8,'H','GET','/slogin',302,0,0,'eyJ0cyI6MTY1NjA0MjAzNy4yNDU4NCwidWEiOiJNb3ppbGxhXC81LjAgKFdpbmRvd3MgTlQgMTAuMDsgV2luNjQ7IHg2NCkgQXBwbGVXZWJLaXRcLzUzNy4zNiAoS0hUTUwsIGxpa2UgR2Vja28pIENocm9tZVwvMTAyLjAuMC4wIFNhZmFyaVwvNTM3LjM2IiwicXVlcnkiOiJhY3Rpb249bG9nb3V0Jl93cG5vbmNlPTk1YjQwOWVhM2YiLCJzaXRlX2lkIjoxfQ==',1656042037),(253,'e5bdd3c9cd',8,'H','GET','/slogin',200,0,0,'eyJ0cyI6MTY1NjA0MjAzNy40OTk1NzIsInVhIjoiTW96aWxsYVwvNS4wIChXaW5kb3dzIE5UIDEwLjA7IFdpbjY0OyB4NjQpIEFwcGxlV2ViS2l0XC81MzcuMzYgKEtIVE1MLCBsaWtlIEdlY2tvKSBDaHJvbWVcLzEwMi4wLjAuMCBTYWZhcmlcLzUzNy4zNiIsInF1ZXJ5IjoibG9nZ2Vkb3V0PXRydWUmd3BfbGFuZz1lbiIsInNpdGVfaWQiOjF9',1656042037),(254,'f0c6d3e052',15,'H','GET','/',200,0,0,'eyJ0cyI6MTY1NjA0NTIyMi4yNjU5MTYsInVhIjoiTW96aWxsYVwvNS4wIChpUGhvbmU7IENQVSBpUGhvbmUgT1MgMTVfNSBsaWtlIE1hYyBPUyBYKSBBcHBsZVdlYktpdFwvNjA1LjEuMTUgKEtIVE1MLCBsaWtlIEdlY2tvKSBWZXJzaW9uXC8xNS41IE1vYmlsZVwvMTVFMTQ4IFNhZmFyaVwvNjA0LjEiLCJzaXRlX2lkIjoxfQ==',1656045211),(255,'26eaeb3dc1',15,'A','POST','/wp-admin/admin-ajax.php',200,0,0,'eyJ0cyI6MTY1NjA0NTIyNC45NTgxNTIsInVhIjoiTW96aWxsYVwvNS4wIChpUGhvbmU7IENQVSBpUGhvbmUgT1MgMTVfNSBsaWtlIE1hYyBPUyBYKSBBcHBsZVdlYktpdFwvNjA1LjEuMTUgKEtIVE1MLCBsaWtlIEdlY2tvKSBWZXJzaW9uXC8xNS41IE1vYmlsZVwvMTVFMTQ4IFNhZmFyaVwvNjA0LjEiLCJzaXRlX2lkIjoxfQ==',1656045223),(256,'fe133dc253',16,'A','POST','/wp-admin/admin-ajax.php',200,0,0,'eyJ0cyI6MTY1NjA1MTk2My40MTQ0NTcsInVhIjoiTW96aWxsYVwvNS4wIChMaW51eDsgQW5kcm9pZCAxMjsgU00tRzk5NkIpIEFwcGxlV2ViS2l0XC81MzcuMzYgKEtIVE1MLCBsaWtlIEdlY2tvKSBDaHJvbWVcLzEwMi4wLjAuMCBNb2JpbGUgU2FmYXJpXC81MzcuMzYiLCJzaXRlX2lkIjoxfQ==',1656051954),(257,'7c8990d706',1,'H','GET','/',200,0,0,'eyJ0cyI6MTY1NjEzNzUxMy41MTIzMDUsInVhIjoiTW96aWxsYVwvNS4wIChXaW5kb3dzIE5UIDEwLjA7IFdpbjY0OyB4NjQpIEFwcGxlV2ViS2l0XC81MzcuMzYgKEtIVE1MLCBsaWtlIEdlY2tvKSBDaHJvbWVcLzEwMi4wLjUwMDUuMTI0IFNhZmFyaVwvNTM3LjM2IEVkZ1wvMTAyLjAuMTI0NS40MSIsInNpdGVfaWQiOjF9',1656137501),(258,'22467873cc',1,'H','GET','/',200,0,0,'eyJ0cyI6MTY1NjEzNzUxNC43OTcxOTQsInVhIjoiTW96aWxsYVwvNS4wIChXaW5kb3dzIE5UIDEwLjA7IFdpbjY0OyB4NjQpIEFwcGxlV2ViS2l0XC81MzcuMzYgKEtIVE1MLCBsaWtlIEdlY2tvKSBDaHJvbWVcLzEwMi4wLjUwMDUuMTI0IFNhZmFyaVwvNTM3LjM2IEVkZ1wvMTAyLjAuMTI0NS40MSIsInNpdGVfaWQiOjF9',1656137514),(259,'21fbc9ba7a',1,'A','POST','/wp-admin/admin-ajax.php',200,0,0,'eyJ0cyI6MTY1NjEzNzUxNi43ODU4MTksInVhIjoiTW96aWxsYVwvNS4wIChXaW5kb3dzIE5UIDEwLjA7IFdpbjY0OyB4NjQpIEFwcGxlV2ViS2l0XC81MzcuMzYgKEtIVE1MLCBsaWtlIEdlY2tvKSBDaHJvbWVcLzEwMi4wLjUwMDUuMTI0IFNhZmFyaVwvNTM3LjM2IEVkZ1wvMTAyLjAuMTI0NS40MSIsInNpdGVfaWQiOjF9',1656137516),(260,'070fc8941a',1,'A','POST','/wp-admin/admin-ajax.php',200,0,0,'eyJ0cyI6MTY1NjEzNzUxNy42ODcyOCwidWEiOiJNb3ppbGxhXC81LjAgKFdpbmRvd3MgTlQgMTAuMDsgV2luNjQ7IHg2NCkgQXBwbGVXZWJLaXRcLzUzNy4zNiAoS0hUTUwsIGxpa2UgR2Vja28pIENocm9tZVwvMTAyLjAuNTAwNS4xMjQgU2FmYXJpXC81MzcuMzYgRWRnXC8xMDIuMC4xMjQ1LjQxIiwic2l0ZV9pZCI6MX0=',1656137517),(261,'51f87cfd24',1,'H','GET','/slogin',200,0,0,'eyJ0cyI6MTY1NjEzNzUyOS4xMTkwNjUsInVhIjoiTW96aWxsYVwvNS4wIChXaW5kb3dzIE5UIDEwLjA7IFdpbjY0OyB4NjQpIEFwcGxlV2ViS2l0XC81MzcuMzYgKEtIVE1MLCBsaWtlIEdlY2tvKSBDaHJvbWVcLzEwMi4wLjUwMDUuMTI0IFNhZmFyaVwvNTM3LjM2IEVkZ1wvMTAyLjAuMTI0NS40MSIsInNpdGVfaWQiOjF9',1656137528),(262,'ac92f93202',1,'L','POST','/slogin',302,0,0,'eyJ0cyI6MTY1NjEzNzUzNi42NDMyODIsInVhIjoiTW96aWxsYVwvNS4wIChXaW5kb3dzIE5UIDEwLjA7IFdpbjY0OyB4NjQpIEFwcGxlV2ViS2l0XC81MzcuMzYgKEtIVE1MLCBsaWtlIEdlY2tvKSBDaHJvbWVcLzEwMi4wLjUwMDUuMTI0IFNhZmFyaVwvNTM3LjM2IEVkZ1wvMTAyLjAuMTI0NS40MSIsInNpdGVfaWQiOjF9',1656137533),(263,'1b9bb8635f',1,'H','POST','/wp-admin/options.php',302,2,0,'eyJ0cyI6MTY1NjEzNzYxMS4wNTAyNTcsInVhIjoiTW96aWxsYVwvNS4wIChXaW5kb3dzIE5UIDEwLjA7IFdpbjY0OyB4NjQpIEFwcGxlV2ViS2l0XC81MzcuMzYgKEtIVE1MLCBsaWtlIEdlY2tvKSBDaHJvbWVcLzEwMi4wLjUwMDUuMTI0IFNhZmFyaVwvNTM3LjM2IEVkZ1wvMTAyLjAuMTI0NS40MSIsInNpdGVfaWQiOjF9',1656137609),(264,'00e579c6ac',1,'A','POST','/wp-admin/admin-ajax.php',200,0,0,'eyJ0cyI6MTY1NjEzNzgyMy4zMzMzMDYsInVhIjoiTW96aWxsYVwvNS4wIChXaW5kb3dzIE5UIDEwLjA7IFdpbjY0OyB4NjQpIEFwcGxlV2ViS2l0XC81MzcuMzYgKEtIVE1MLCBsaWtlIEdlY2tvKSBDaHJvbWVcLzEwMi4wLjUwMDUuMTI0IFNhZmFyaVwvNTM3LjM2IEVkZ1wvMTAyLjAuMTI0NS40MSIsInNpdGVfaWQiOjF9',1656137822),(265,'ced8524457',1,'A','POST','/wp-admin/admin-ajax.php',200,0,0,'eyJ0cyI6MTY1NjEzODEyOC4zMTQ0MTIsInVhIjoiTW96aWxsYVwvNS4wIChXaW5kb3dzIE5UIDEwLjA7IFdpbjY0OyB4NjQpIEFwcGxlV2ViS2l0XC81MzcuMzYgKEtIVE1MLCBsaWtlIEdlY2tvKSBDaHJvbWVcLzEwMi4wLjUwMDUuMTI0IFNhZmFyaVwvNTM3LjM2IEVkZ1wvMTAyLjAuMTI0NS40MSIsInNpdGVfaWQiOjF9',1656138127),(266,'26cf1c48d2',1,'A','POST','/wp-admin/admin-ajax.php',200,0,0,'eyJ0cyI6MTY1NjEzODQ4Ny40MzE0NjMsInVhIjoiTW96aWxsYVwvNS4wIChXaW5kb3dzIE5UIDEwLjA7IFdpbjY0OyB4NjQpIEFwcGxlV2ViS2l0XC81MzcuMzYgKEtIVE1MLCBsaWtlIEdlY2tvKSBDaHJvbWVcLzEwMi4wLjUwMDUuMTI0IFNhZmFyaVwvNTM3LjM2IEVkZ1wvMTAyLjAuMTI0NS40MSIsInNpdGVfaWQiOjF9',1656138487),(267,'ebaa5dea80',1,'A','POST','/wp-admin/admin-ajax.php',200,0,0,'eyJ0cyI6MTY1NjEzODg1MC4yNDM0NjMsInVhIjoiTW96aWxsYVwvNS4wIChXaW5kb3dzIE5UIDEwLjA7IFdpbjY0OyB4NjQpIEFwcGxlV2ViS2l0XC81MzcuMzYgKEtIVE1MLCBsaWtlIEdlY2tvKSBDaHJvbWVcLzEwMi4wLjUwMDUuMTI0IFNhZmFyaVwvNTM3LjM2IEVkZ1wvMTAyLjAuMTI0NS40MSIsInNpdGVfaWQiOjF9',1656138849),(268,'0e4abc56e9',1,'A','POST','/wp-admin/admin-ajax.php',200,0,0,'eyJ0cyI6MTY1NjEzOTE1NS4yNTE4MTksInVhIjoiTW96aWxsYVwvNS4wIChXaW5kb3dzIE5UIDEwLjA7IFdpbjY0OyB4NjQpIEFwcGxlV2ViS2l0XC81MzcuMzYgKEtIVE1MLCBsaWtlIEdlY2tvKSBDaHJvbWVcLzEwMi4wLjUwMDUuMTI0IFNhZmFyaVwvNTM3LjM2IEVkZ1wvMTAyLjAuMTI0NS40MSIsInNpdGVfaWQiOjF9',1656139154),(269,'f840826817',1,'A','POST','/wp-admin/admin-ajax.php',200,0,0,'eyJ0cyI6MTY1NjEzOTQ2MC43NTcwMzYsInVhIjoiTW96aWxsYVwvNS4wIChXaW5kb3dzIE5UIDEwLjA7IFdpbjY0OyB4NjQpIEFwcGxlV2ViS2l0XC81MzcuMzYgKEtIVE1MLCBsaWtlIEdlY2tvKSBDaHJvbWVcLzEwMi4wLjUwMDUuMTI0IFNhZmFyaVwvNTM3LjM2IEVkZ1wvMTAyLjAuMTI0NS40MSIsInNpdGVfaWQiOjF9',1656139459),(270,'d925d0953a',1,'A','POST','/wp-admin/admin-ajax.php',200,0,0,'eyJ0cyI6MTY1NjEzOTc2NS4zMjI5NTEsInVhIjoiTW96aWxsYVwvNS4wIChXaW5kb3dzIE5UIDEwLjA7IFdpbjY0OyB4NjQpIEFwcGxlV2ViS2l0XC81MzcuMzYgKEtIVE1MLCBsaWtlIEdlY2tvKSBDaHJvbWVcLzEwMi4wLjUwMDUuMTI0IFNhZmFyaVwvNTM3LjM2IEVkZ1wvMTAyLjAuMTI0NS40MSIsInNpdGVfaWQiOjF9',1656139764),(271,'0d52ce6003',1,'A','POST','/wp-admin/admin-ajax.php',200,0,0,'eyJ0cyI6MTY1NjE0MDA3MC4zMDc3ODEsInVhIjoiTW96aWxsYVwvNS4wIChXaW5kb3dzIE5UIDEwLjA7IFdpbjY0OyB4NjQpIEFwcGxlV2ViS2l0XC81MzcuMzYgKEtIVE1MLCBsaWtlIEdlY2tvKSBDaHJvbWVcLzEwMi4wLjUwMDUuMTI0IFNhZmFyaVwvNTM3LjM2IEVkZ1wvMTAyLjAuMTI0NS40MSIsInNpdGVfaWQiOjF9',1656140069),(272,'6ab92d51bf',1,'A','POST','/wp-admin/admin-ajax.php',200,0,0,'eyJ0cyI6MTY1NjE0MDM3NS4yNzczNjcsInVhIjoiTW96aWxsYVwvNS4wIChXaW5kb3dzIE5UIDEwLjA7IFdpbjY0OyB4NjQpIEFwcGxlV2ViS2l0XC81MzcuMzYgKEtIVE1MLCBsaWtlIEdlY2tvKSBDaHJvbWVcLzEwMi4wLjUwMDUuMTI0IFNhZmFyaVwvNTM3LjM2IEVkZ1wvMTAyLjAuMTI0NS40MSIsInNpdGVfaWQiOjF9',1656140374),(273,'e1583d3c73',8,'A','POST','/wp-admin/admin-ajax.php',403,0,0,'eyJ0cyI6MTY1NjI0MjQ5NS40OTM0ODIsInVhIjoiTW96aWxsYVwvNS4wIChMaW51eDsgQW5kcm9pZCAxMjsgU00tRzk5NkIpIEFwcGxlV2ViS2l0XC81MzcuMzYgKEtIVE1MLCBsaWtlIEdlY2tvKSBDaHJvbWVcLzEwMy4wLjAuMCBNb2JpbGUgU2FmYXJpXC81MzcuMzYiLCJzaXRlX2lkIjoxfQ==',1656242486),(274,'124dd7715c',17,'A','POST','/wp-admin/admin-ajax.php',403,0,0,'eyJ0cyI6MTY1NjI0MjQ5NS44MTA3OTYsInVhIjoiTW96aWxsYVwvNS4wIChMaW51eDsgQW5kcm9pZCAxMjsgU00tRzk5NkIpIEFwcGxlV2ViS2l0XC81MzcuMzYgKEtIVE1MLCBsaWtlIEdlY2tvKSBDaHJvbWVcLzEwMy4wLjAuMCBNb2JpbGUgU2FmYXJpXC81MzcuMzYiLCJzaXRlX2lkIjoxfQ==',1656242486),(275,'ba3c073640',1,'H','GET','/favicon.ico',302,0,0,'eyJ0cyI6MTY1NjI5NjM3My45NjE1NTgsInVhIjoiTW96aWxsYVwvNS4wIChXaW5kb3dzIE5UIDEwLjA7IFdpbjY0OyB4NjQ7IFRyaWRlbnRcLzcuMDsgcnY6MTEuMCkgbGlrZSBHZWNrbyIsInNpdGVfaWQiOjF9',1656296365),(276,'b12bea448b',7,'C','POST','/wp-cron.php',200,0,0,'eyJ0cyI6MTY1NjI5NjM3Ni41MzQ0NjgsInVhIjoiV29yZFByZXNzXC82LjA7IGh0dHBzOlwvXC9kMzZoazdjay1zdGFnaW5nLmRyZWFtd3AuY29tIiwicXVlcnkiOiJkb2luZ193cF9jcm9uPTE2NTYyOTYzNzIuMTQ1NDk4MDM3MzM4MjU2ODM1OTM3NSIsInNpdGVfaWQiOjF9',1656296373),(277,'8eedccbc92',18,'H','GET','/',200,0,0,'eyJ0cyI6MTY1NjMzNjI1My45NjQyMjQsInVhIjoiTW96aWxsYVwvNS4wIChYMTE7IExpbnV4IHg4Nl82NCkgQXBwbGVXZWJLaXRcLzUzNy4zNiAoS0hUTUwsIGxpa2UgR2Vja28pIENocm9tZVwvODMuMC40MTAzLjk3IFNhZmFyaVwvNTM3LjM2Iiwic2l0ZV9pZCI6MX0=',1656336240),(278,'601ca394c7',19,'H','GET','/',200,0,0,'eyJ0cyI6MTY1NjMzNjI1NC4zMzQwMzcsInVhIjoiTW96aWxsYVwvNS4wIChYMTE7IExpbnV4IHg4Nl82NCkgQXBwbGVXZWJLaXRcLzUzNy4zNiAoS0hUTUwsIGxpa2UgR2Vja28pIENocm9tZVwvODMuMC40MTAzLjk3IFNhZmFyaVwvNTM3LjM2Iiwic2l0ZV9pZCI6MX0=',1656336253),(279,'812b1490a9',19,'H','GET','/resources/',200,0,0,'eyJ0cyI6MTY1NjMzNjI1OS41MTkwNTEsInVhIjoiTW96aWxsYVwvNS4wIChYMTE7IExpbnV4IHg4Nl82NCkgQXBwbGVXZWJLaXRcLzUzNy4zNiAoS0hUTUwsIGxpa2UgR2Vja28pIENocm9tZVwvODMuMC40MTAzLjk3IFNhZmFyaVwvNTM3LjM2Iiwic2l0ZV9pZCI6MX0=',1656336259),(280,'256cd80659',20,'H','GET','/',200,0,0,'eyJ0cyI6MTY1NjMzNjgxMC42Mjc4MDksInVhIjoiTW96aWxsYVwvNS4wIChXaW5kb3dzIE5UIDEwLjA7IFdpbjY0OyB4NjQ7IHJ2OjEwMS4wKSBHZWNrb1wvMjAxMDAxMDEgRmlyZWZveFwvMTAxLjAiLCJzaXRlX2lkIjoxfQ==',1656336809);

--
-- Table structure for table `wp_icwp_wpsf_resultitem_meta`
--

CREATE TABLE `wp_icwp_wpsf_resultitem_meta` (
  `id` int(11) unsigned NOT NULL AUTO_INCREMENT COMMENT 'Primary ID',
  `ri_ref` int(11) unsigned NOT NULL COMMENT 'Reference to primary Result Item record',
  `meta_key` varchar(32) COLLATE utf8mb4_unicode_ci NOT NULL DEFAULT '' COMMENT 'Meta Key',
  `meta_value` text COLLATE utf8mb4_unicode_ci DEFAULT NULL COMMENT 'Meta Data',
  PRIMARY KEY (`id`),
  KEY `ri_ref` (`ri_ref`),
  CONSTRAINT `wp_icwp_wpsf_resultitem_meta_ibfk_1` FOREIGN KEY (`ri_ref`) REFERENCES `wp_icwp_wpsf_resultitems` (`id`) ON DELETE CASCADE ON UPDATE CASCADE
) ENGINE=InnoDB DEFAULT CHARSET=utf8mb4 COLLATE=utf8mb4_unicode_ci;

--
-- Dumping data for table `wp_icwp_wpsf_resultitem_meta`
--


--
-- Table structure for table `wp_icwp_wpsf_resultitems`
--

CREATE TABLE `wp_icwp_wpsf_resultitems` (
  `id` int(11) unsigned NOT NULL AUTO_INCREMENT COMMENT 'Primary ID',
  `item_type` char(1) COLLATE utf8mb4_unicode_ci NOT NULL DEFAULT '' COMMENT 'Result Item Type',
  `item_id` varchar(256) COLLATE utf8mb4_unicode_ci NOT NULL DEFAULT '' COMMENT 'Result Item ID',
  `ignored_at` int(15) unsigned NOT NULL DEFAULT 0 COMMENT 'Result Ignored',
  `notified_at` int(15) unsigned NOT NULL DEFAULT 0 COMMENT 'Result Notification Sent',
  `auto_filtered_at` int(15) unsigned NOT NULL DEFAULT 0 COMMENT 'Result Auto Filtered',
  `attempt_repair_at` int(15) unsigned NOT NULL DEFAULT 0 COMMENT 'Attempted Repair At',
  `item_repaired_at` int(15) unsigned NOT NULL DEFAULT 0 COMMENT 'Item Repaired At',
  `item_deleted_at` int(15) unsigned NOT NULL DEFAULT 0 COMMENT 'Item Deleted At',
  `updated_at` int(15) unsigned NOT NULL DEFAULT 0 COMMENT 'Last Updated',
  `created_at` int(15) unsigned NOT NULL DEFAULT 0 COMMENT 'Created',
  `deleted_at` int(15) unsigned NOT NULL DEFAULT 0 COMMENT 'Soft Deleted',
  PRIMARY KEY (`id`)
) ENGINE=InnoDB DEFAULT CHARSET=utf8mb4 COLLATE=utf8mb4_unicode_ci;

--
-- Dumping data for table `wp_icwp_wpsf_resultitems`
--


--
-- Table structure for table `wp_icwp_wpsf_scanitems`
--

CREATE TABLE `wp_icwp_wpsf_scanitems` (
  `id` int(11) unsigned NOT NULL AUTO_INCREMENT COMMENT 'Primary ID',
  `scan_ref` int(11) unsigned NOT NULL COMMENT 'Foreign Key For Primary ID',
  `items` text COLLATE utf8mb4_unicode_ci DEFAULT NULL COMMENT 'Array of scan items',
  `started_at` int(15) unsigned NOT NULL DEFAULT 0 COMMENT 'Started Scanning Items At',
  `finished_at` int(15) unsigned NOT NULL DEFAULT 0 COMMENT 'Finished Scanning Items At',
  PRIMARY KEY (`id`),
  KEY `scan_ref` (`scan_ref`),
  CONSTRAINT `wp_icwp_wpsf_scanitems_ibfk_1` FOREIGN KEY (`scan_ref`) REFERENCES `wp_icwp_wpsf_scans` (`id`) ON DELETE CASCADE ON UPDATE CASCADE
) ENGINE=InnoDB AUTO_INCREMENT=246 DEFAULT CHARSET=utf8mb4 COLLATE=utf8mb4_unicode_ci;

--
-- Dumping data for table `wp_icwp_wpsf_scanitems`
--


--
-- Table structure for table `wp_icwp_wpsf_scanresults`
--

CREATE TABLE `wp_icwp_wpsf_scanresults` (
  `id` int(11) unsigned NOT NULL AUTO_INCREMENT COMMENT 'Primary ID',
  `scan_ref` int(11) unsigned NOT NULL COMMENT 'Foreign Key For Primary ID',
  `resultitem_ref` int(11) unsigned NOT NULL COMMENT 'Foreign Key For Primary ID',
  `created_at` int(15) unsigned NOT NULL DEFAULT 0 COMMENT 'Created',
  PRIMARY KEY (`id`),
  KEY `scan_ref` (`scan_ref`),
  KEY `resultitem_ref` (`resultitem_ref`),
  CONSTRAINT `wp_icwp_wpsf_scanresults_ibfk_1` FOREIGN KEY (`scan_ref`) REFERENCES `wp_icwp_wpsf_scans` (`id`) ON DELETE CASCADE ON UPDATE CASCADE,
  CONSTRAINT `wp_icwp_wpsf_scanresults_ibfk_2` FOREIGN KEY (`resultitem_ref`) REFERENCES `wp_icwp_wpsf_resultitems` (`id`) ON DELETE CASCADE ON UPDATE CASCADE
) ENGINE=InnoDB DEFAULT CHARSET=utf8mb4 COLLATE=utf8mb4_unicode_ci;

--
-- Dumping data for table `wp_icwp_wpsf_scanresults`
--


--
-- Table structure for table `wp_icwp_wpsf_scans`
--

CREATE TABLE `wp_icwp_wpsf_scans` (
  `id` int(11) unsigned NOT NULL AUTO_INCREMENT COMMENT 'Primary ID',
  `scan` char(3) COLLATE utf8mb4_unicode_ci NOT NULL DEFAULT '' COMMENT 'Scan Slug',
  `ready_at` int(15) unsigned NOT NULL DEFAULT 0 COMMENT 'Scan Ready At',
  `finished_at` int(15) unsigned NOT NULL DEFAULT 0 COMMENT 'Scan Completed At',
  `meta` text COLLATE utf8mb4_unicode_ci DEFAULT NULL COMMENT 'Scan Meta Info',
  `created_at` int(15) unsigned NOT NULL DEFAULT 0 COMMENT 'Created',
  `deleted_at` int(15) unsigned NOT NULL DEFAULT 0 COMMENT 'Soft Deleted',
  PRIMARY KEY (`id`)
) ENGINE=InnoDB AUTO_INCREMENT=15 DEFAULT CHARSET=utf8mb4 COLLATE=utf8mb4_unicode_ci;

--
-- Dumping data for table `wp_icwp_wpsf_scans`
--

INSERT INTO `wp_icwp_wpsf_scans` VALUES (13,'apc',1656296375,1656296389,'eyJzY2FuIjoiYXBjIiwiYWJhbmRvbmVkX2xpbWl0Ijo2MzA3MjAwMCwiY3JlYXRlZF9hdCI6MTY1NjI5NjM3NSwic3RhcnRlZF9hdCI6MCwiZmluaXNoZWRfYXQiOjAsInVzbGVlcCI6MH0=',1656296375,0),(14,'afs',1656296375,1656296409,'eyJzY2FuIjoiYWZzIiwiZmlsZV9leHRzIjpbInBocCIsInBocDUiLCJwaHA3IiwianMiLCJqc29uIiwiY3NzIiwiaHRtIiwiaHRtbCIsInN2ZyIsInR3aWciLCJoYnMiXSwicmVhbHRpbWVfc2Nhbl9sYXN0X2F0IjoxNjU2MjA3NDc2LCJzY2FuX3Jvb3RfZGlycyI6eyJcL2hvbWVcL3c0MTQ5NjMxXC9wdWJsaWNfaHRtbFwvIjoxLCJcL2hvbWVcL3c0MTQ5NjMxXC9wdWJsaWNfaHRtbFwvd3AtaW5jbHVkZXMiOjAsIlwvaG9tZVwvdzQxNDk2MzFcL3B1YmxpY19odG1sXC93cC1hZG1pbiI6MCwiXC9ob21lXC93NDE0OTYzMVwvcHVibGljX2h0bWxcL3dwLWNvbnRlbnQiOjB9LCJwYXRoc193aGl0ZWxpc3RlZCI6WyIjXlwvaG9tZVwvdzQxNDk2MzFcL3B1YmxpY19odG1sXC93cFxcLWNvbnRlbnRcL2NhY2hlXC8uKiQjaSIsIiNeXC9ob21lXC93NDE0OTYzMVwvcHVibGljX2h0bWxcL3dwXFwtY29udGVudFwvc2hpZWxkXC8uKiQjaSIsIiNeXC9ob21lXC93NDE0OTYzMVwvcHVibGljX2h0bWxcL3dwXFwtY29udGVudFwvaWN3cFwvcm9sbGJhY2tcLy4qJCNpIiwiI15cL2hvbWVcL3c0MTQ5NjMxXC9wdWJsaWNfaHRtbFwvd3BcXC1jb250ZW50XC9wbHVnaW5zXFwtYmVmb3JlXFwtcmVzdG9yZVwvLiokI2kiLCIjXlwvaG9tZVwvdzQxNDk2MzFcL3B1YmxpY19odG1sXC93cFxcLWNvbnRlbnRcL3RoZW1lc1xcLWJlZm9yZVxcLXJlc3RvcmVcLy4qJCNpIiwiI15cL2hvbWVcL3c0MTQ5NjMxXC9wdWJsaWNfaHRtbFwvd3BcXC1jb250ZW50XC91cGxvYWRzXC9iYlxcLXBsdWdpblwvY2FjaGVcLy4qJCNpIiwiI15cL2hvbWVcL3c0MTQ5NjMxXC9wdWJsaWNfaHRtbFwvd3BcXC1jb250ZW50XC91cGxvYWRzXC9jYWNoZVwvd3BtbFwvdHdpZ1wvLiokI2kiLCIjXlwvaG9tZVwvdzQxNDk2MzFcL3B1YmxpY19odG1sXC93cFxcLWNvbnRlbnRcL2NhY2hlXC8uKiQjaSIsIiNeXC9ob21lXC93NDE0OTYzMVwvcHVibGljX2h0bWxcLy4qXC9zcmNcL2xpYlwvc3JjXC9SdWxlc1wvcnVsZXNcXC5qc29uJCNpIiwiI15cL2hvbWVcL3c0MTQ5NjMxXC9wdWJsaWNfaHRtbFwvLipcL2Vycm9yX2xvZyQjaSIsIiNeXC9ob21lXC93NDE0OTYzMVwvcHVibGljX2h0bWxcLy4qXC9waHBfZXJyb3JfbG9nJCNpIiwiI15cL2hvbWVcL3c0MTQ5NjMxXC9wdWJsaWNfaHRtbFwvLipcL21haWxcXC5sb2ckI2kiLCIjXlwvaG9tZVwvdzQxNDk2MzFcL3B1YmxpY19odG1sXC8uKlwvcGhwX21haWxcXC5sb2ckI2kiXSwiY3JlYXRlZF9hdCI6MTY1NjI5NjM3NSwic3RhcnRlZF9hdCI6MCwiZmluaXNoZWRfYXQiOjAsInVzbGVlcCI6MTAwMDAwfQ==',1656296375,0);

--
-- Table structure for table `wp_icwp_wpsf_user_meta`
--

CREATE TABLE `wp_icwp_wpsf_user_meta` (
  `id` int(11) unsigned NOT NULL AUTO_INCREMENT COMMENT 'Primary ID',
  `user_id` bigint(11) NOT NULL DEFAULT 0,
  `ip_ref` int(11) unsigned NOT NULL COMMENT 'Foreign Key For Primary ID',
  `backupcode_ready_at` int(15) unsigned NOT NULL DEFAULT 0 COMMENT 'Backup Code Ready',
  `email_ready_at` int(15) unsigned NOT NULL DEFAULT 0 COMMENT 'Email Ready',
  `ga_ready_at` int(15) unsigned NOT NULL DEFAULT 0 COMMENT 'Google Auth Ready',
  `u2f_ready_at` int(15) unsigned NOT NULL DEFAULT 0 COMMENT 'U2F Ready',
  `yubi_ready_at` int(15) unsigned NOT NULL DEFAULT 0 COMMENT 'Yubikey Ready',
  `first_seen_at` int(15) unsigned NOT NULL DEFAULT 0 COMMENT 'User First Seen',
  `last_login_at` int(15) unsigned NOT NULL DEFAULT 0 COMMENT 'Last Login At',
  `last_2fa_verified_at` int(15) unsigned NOT NULL DEFAULT 0 COMMENT 'Last 2FA Verified',
  `hard_suspended_at` int(15) unsigned NOT NULL DEFAULT 0 COMMENT 'Hard Suspend',
  `pass_started_at` int(15) unsigned NOT NULL DEFAULT 0 COMMENT 'Password First Seen or Set',
  `updated_at` int(15) unsigned NOT NULL DEFAULT 0 COMMENT 'Last Updated',
  `created_at` int(15) unsigned NOT NULL DEFAULT 0 COMMENT 'Created',
  PRIMARY KEY (`id`),
  UNIQUE KEY `user_id` (`user_id`),
  KEY `ip_ref` (`ip_ref`),
  CONSTRAINT `wp_icwp_wpsf_user_meta_ibfk_1` FOREIGN KEY (`ip_ref`) REFERENCES `wp_icwp_wpsf_ips` (`id`) ON DELETE CASCADE ON UPDATE CASCADE
) ENGINE=InnoDB AUTO_INCREMENT=10 DEFAULT CHARSET=utf8mb4 COLLATE=utf8mb4_unicode_ci;

--
-- Dumping data for table `wp_icwp_wpsf_user_meta`
--

INSERT INTO `wp_icwp_wpsf_user_meta` VALUES (1,2,1,0,0,0,0,0,1655719097,1656137533,0,0,1655719097,1656137533,1655719097),(8,1,7,0,0,0,0,0,1655735357,0,0,0,1655735357,1655735357,1655735357),(9,3,8,0,0,0,0,0,1655735357,1656041946,0,0,1655735357,1656041946,1655735357);

--
-- Table structure for table `wp_links`
--

CREATE TABLE `wp_links` (
  `link_id` bigint(20) unsigned NOT NULL AUTO_INCREMENT,
  `link_url` varchar(255) COLLATE utf8mb4_unicode_ci NOT NULL DEFAULT '',
  `link_name` varchar(255) COLLATE utf8mb4_unicode_ci NOT NULL DEFAULT '',
  `link_image` varchar(255) COLLATE utf8mb4_unicode_ci NOT NULL DEFAULT '',
  `link_target` varchar(25) COLLATE utf8mb4_unicode_ci NOT NULL DEFAULT '',
  `link_description` varchar(255) COLLATE utf8mb4_unicode_ci NOT NULL DEFAULT '',
  `link_visible` varchar(20) COLLATE utf8mb4_unicode_ci NOT NULL DEFAULT 'Y',
  `link_owner` bigint(20) unsigned NOT NULL DEFAULT 1,
  `link_rating` int(11) NOT NULL DEFAULT 0,
  `link_updated` datetime NOT NULL DEFAULT '0000-00-00 00:00:00',
  `link_rel` varchar(255) COLLATE utf8mb4_unicode_ci NOT NULL DEFAULT '',
  `link_notes` mediumtext COLLATE utf8mb4_unicode_ci NOT NULL,
  `link_rss` varchar(255) COLLATE utf8mb4_unicode_ci NOT NULL DEFAULT '',
  PRIMARY KEY (`link_id`),
  KEY `link_visible` (`link_visible`)
) ENGINE=InnoDB DEFAULT CHARSET=utf8mb4 COLLATE=utf8mb4_unicode_ci;

--
-- Dumping data for table `wp_links`
--


--
-- Table structure for table `wp_options`
--

CREATE TABLE `wp_options` (
  `option_id` bigint(20) unsigned NOT NULL AUTO_INCREMENT,
  `option_name` varchar(191) COLLATE utf8mb4_unicode_ci NOT NULL DEFAULT '',
  `option_value` longtext COLLATE utf8mb4_unicode_ci NOT NULL,
  `autoload` varchar(20) COLLATE utf8mb4_unicode_ci NOT NULL DEFAULT 'yes',
  PRIMARY KEY (`option_id`),
  UNIQUE KEY `option_name` (`option_name`),
  KEY `autoload` (`autoload`)
) ENGINE=InnoDB AUTO_INCREMENT=5119 DEFAULT CHARSET=utf8mb4 COLLATE=utf8mb4_unicode_ci;

--
-- Dumping data for table `wp_options`
--

INSERT INTO `wp_options` VALUES (1,'siteurl','https://d36hk7ck-staging.dreamwp.com','yes'),(2,'home','https://d36hk7ck-staging.dreamwp.com','yes'),(3,'blogname','Property To Home','yes'),(4,'blogdescription','','yes'),(5,'users_can_register','0','yes'),(6,'admin_email','it@medinex.com.sg','yes'),(7,'start_of_week','1','yes'),(8,'use_balanceTags','0','yes'),(9,'use_smilies','1','yes'),(10,'require_name_email','1','yes'),(11,'comments_notify','1','yes'),(12,'posts_per_rss','10','yes'),(13,'rss_use_excerpt','0','yes'),(14,'mailserver_url','mail.example.com','yes'),(15,'mailserver_login','login@example.com','yes'),(16,'mailserver_pass','password','yes'),(17,'mailserver_port','110','yes'),(18,'default_category','1','yes'),(19,'default_comment_status','open','yes'),(20,'default_ping_status','open','yes'),(21,'default_pingback_flag','1','yes'),(22,'posts_per_page','10','yes'),(23,'date_format','d/m/Y','yes'),(24,'time_format','g:i a','yes'),(25,'links_updated_date_format','F j, Y g:i a','yes'),(26,'comment_moderation','0','yes'),(27,'moderation_notify','1','yes'),(28,'permalink_structure','/%category%/%postname%/','yes'),(29,'rewrite_rules','a:134:{s:11:\"^wp-json/?$\";s:22:\"index.php?rest_route=/\";s:14:\"^wp-json/(.*)?\";s:33:\"index.php?rest_route=/$matches[1]\";s:21:\"^index.php/wp-json/?$\";s:22:\"index.php?rest_route=/\";s:24:\"^index.php/wp-json/(.*)?\";s:33:\"index.php?rest_route=/$matches[1]\";s:17:\"^wp-sitemap\\.xml$\";s:23:\"index.php?sitemap=index\";s:17:\"^wp-sitemap\\.xsl$\";s:36:\"index.php?sitemap-stylesheet=sitemap\";s:23:\"^wp-sitemap-index\\.xsl$\";s:34:\"index.php?sitemap-stylesheet=index\";s:48:\"^wp-sitemap-([a-z]+?)-([a-z\\d_-]+?)-(\\d+?)\\.xml$\";s:75:\"index.php?sitemap=$matches[1]&sitemap-subtype=$matches[2]&paged=$matches[3]\";s:34:\"^wp-sitemap-([a-z]+?)-(\\d+?)\\.xml$\";s:47:\"index.php?sitemap=$matches[1]&paged=$matches[2]\";s:47:\"category/(.+?)/feed/(feed|rdf|rss|rss2|atom)/?$\";s:52:\"index.php?category_name=$matches[1]&feed=$matches[2]\";s:42:\"category/(.+?)/(feed|rdf|rss|rss2|atom)/?$\";s:52:\"index.php?category_name=$matches[1]&feed=$matches[2]\";s:23:\"category/(.+?)/embed/?$\";s:46:\"index.php?category_name=$matches[1]&embed=true\";s:35:\"category/(.+?)/page/?([0-9]{1,})/?$\";s:53:\"index.php?category_name=$matches[1]&paged=$matches[2]\";s:17:\"category/(.+?)/?$\";s:35:\"index.php?category_name=$matches[1]\";s:44:\"tag/([^/]+)/feed/(feed|rdf|rss|rss2|atom)/?$\";s:42:\"index.php?tag=$matches[1]&feed=$matches[2]\";s:39:\"tag/([^/]+)/(feed|rdf|rss|rss2|atom)/?$\";s:42:\"index.php?tag=$matches[1]&feed=$matches[2]\";s:20:\"tag/([^/]+)/embed/?$\";s:36:\"index.php?tag=$matches[1]&embed=true\";s:32:\"tag/([^/]+)/page/?([0-9]{1,})/?$\";s:43:\"index.php?tag=$matches[1]&paged=$matches[2]\";s:14:\"tag/([^/]+)/?$\";s:25:\"index.php?tag=$matches[1]\";s:45:\"type/([^/]+)/feed/(feed|rdf|rss|rss2|atom)/?$\";s:50:\"index.php?post_format=$matches[1]&feed=$matches[2]\";s:40:\"type/([^/]+)/(feed|rdf|rss|rss2|atom)/?$\";s:50:\"index.php?post_format=$matches[1]&feed=$matches[2]\";s:21:\"type/([^/]+)/embed/?$\";s:44:\"index.php?post_format=$matches[1]&embed=true\";s:33:\"type/([^/]+)/page/?([0-9]{1,})/?$\";s:51:\"index.php?post_format=$matches[1]&paged=$matches[2]\";s:15:\"type/([^/]+)/?$\";s:33:\"index.php?post_format=$matches[1]\";s:42:\"e-landing-page/[^/]+/attachment/([^/]+)/?$\";s:32:\"index.php?attachment=$matches[1]\";s:52:\"e-landing-page/[^/]+/attachment/([^/]+)/trackback/?$\";s:37:\"index.php?attachment=$matches[1]&tb=1\";s:72:\"e-landing-page/[^/]+/attachment/([^/]+)/feed/(feed|rdf|rss|rss2|atom)/?$\";s:49:\"index.php?attachment=$matches[1]&feed=$matches[2]\";s:67:\"e-landing-page/[^/]+/attachment/([^/]+)/(feed|rdf|rss|rss2|atom)/?$\";s:49:\"index.php?attachment=$matches[1]&feed=$matches[2]\";s:67:\"e-landing-page/[^/]+/attachment/([^/]+)/comment-page-([0-9]{1,})/?$\";s:50:\"index.php?attachment=$matches[1]&cpage=$matches[2]\";s:48:\"e-landing-page/[^/]+/attachment/([^/]+)/embed/?$\";s:43:\"index.php?attachment=$matches[1]&embed=true\";s:31:\"e-landing-page/([^/]+)/embed/?$\";s:47:\"index.php?e-landing-page=$matches[1]&embed=true\";s:35:\"e-landing-page/([^/]+)/trackback/?$\";s:41:\"index.php?e-landing-page=$matches[1]&tb=1\";s:43:\"e-landing-page/([^/]+)/page/?([0-9]{1,})/?$\";s:54:\"index.php?e-landing-page=$matches[1]&paged=$matches[2]\";s:50:\"e-landing-page/([^/]+)/comment-page-([0-9]{1,})/?$\";s:54:\"index.php?e-landing-page=$matches[1]&cpage=$matches[2]\";s:39:\"e-landing-page/([^/]+)(?:/([0-9]+))?/?$\";s:53:\"index.php?e-landing-page=$matches[1]&page=$matches[2]\";s:31:\"e-landing-page/[^/]+/([^/]+)/?$\";s:32:\"index.php?attachment=$matches[1]\";s:41:\"e-landing-page/[^/]+/([^/]+)/trackback/?$\";s:37:\"index.php?attachment=$matches[1]&tb=1\";s:61:\"e-landing-page/[^/]+/([^/]+)/feed/(feed|rdf|rss|rss2|atom)/?$\";s:49:\"index.php?attachment=$matches[1]&feed=$matches[2]\";s:56:\"e-landing-page/[^/]+/([^/]+)/(feed|rdf|rss|rss2|atom)/?$\";s:49:\"index.php?attachment=$matches[1]&feed=$matches[2]\";s:56:\"e-landing-page/[^/]+/([^/]+)/comment-page-([0-9]{1,})/?$\";s:50:\"index.php?attachment=$matches[1]&cpage=$matches[2]\";s:37:\"e-landing-page/[^/]+/([^/]+)/embed/?$\";s:43:\"index.php?attachment=$matches[1]&embed=true\";s:40:\"elementor-hf/[^/]+/attachment/([^/]+)/?$\";s:32:\"index.php?attachment=$matches[1]\";s:50:\"elementor-hf/[^/]+/attachment/([^/]+)/trackback/?$\";s:37:\"index.php?attachment=$matches[1]&tb=1\";s:70:\"elementor-hf/[^/]+/attachment/([^/]+)/feed/(feed|rdf|rss|rss2|atom)/?$\";s:49:\"index.php?attachment=$matches[1]&feed=$matches[2]\";s:65:\"elementor-hf/[^/]+/attachment/([^/]+)/(feed|rdf|rss|rss2|atom)/?$\";s:49:\"index.php?attachment=$matches[1]&feed=$matches[2]\";s:65:\"elementor-hf/[^/]+/attachment/([^/]+)/comment-page-([0-9]{1,})/?$\";s:50:\"index.php?attachment=$matches[1]&cpage=$matches[2]\";s:46:\"elementor-hf/[^/]+/attachment/([^/]+)/embed/?$\";s:43:\"index.php?attachment=$matches[1]&embed=true\";s:29:\"elementor-hf/([^/]+)/embed/?$\";s:45:\"index.php?elementor-hf=$matches[1]&embed=true\";s:33:\"elementor-hf/([^/]+)/trackback/?$\";s:39:\"index.php?elementor-hf=$matches[1]&tb=1\";s:41:\"elementor-hf/([^/]+)/page/?([0-9]{1,})/?$\";s:52:\"index.php?elementor-hf=$matches[1]&paged=$matches[2]\";s:48:\"elementor-hf/([^/]+)/comment-page-([0-9]{1,})/?$\";s:52:\"index.php?elementor-hf=$matches[1]&cpage=$matches[2]\";s:37:\"elementor-hf/([^/]+)(?:/([0-9]+))?/?$\";s:51:\"index.php?elementor-hf=$matches[1]&page=$matches[2]\";s:29:\"elementor-hf/[^/]+/([^/]+)/?$\";s:32:\"index.php?attachment=$matches[1]\";s:39:\"elementor-hf/[^/]+/([^/]+)/trackback/?$\";s:37:\"index.php?attachment=$matches[1]&tb=1\";s:59:\"elementor-hf/[^/]+/([^/]+)/feed/(feed|rdf|rss|rss2|atom)/?$\";s:49:\"index.php?attachment=$matches[1]&feed=$matches[2]\";s:54:\"elementor-hf/[^/]+/([^/]+)/(feed|rdf|rss|rss2|atom)/?$\";s:49:\"index.php?attachment=$matches[1]&feed=$matches[2]\";s:54:\"elementor-hf/[^/]+/([^/]+)/comment-page-([0-9]{1,})/?$\";s:50:\"index.php?attachment=$matches[1]&cpage=$matches[2]\";s:35:\"elementor-hf/[^/]+/([^/]+)/embed/?$\";s:43:\"index.php?attachment=$matches[1]&embed=true\";s:12:\"robots\\.txt$\";s:18:\"index.php?robots=1\";s:13:\"favicon\\.ico$\";s:19:\"index.php?favicon=1\";s:48:\".*wp-(atom|rdf|rss|rss2|feed|commentsrss2)\\.php$\";s:18:\"index.php?feed=old\";s:20:\".*wp-app\\.php(/.*)?$\";s:19:\"index.php?error=403\";s:18:\".*wp-register.php$\";s:23:\"index.php?register=true\";s:32:\"feed/(feed|rdf|rss|rss2|atom)/?$\";s:27:\"index.php?&feed=$matches[1]\";s:27:\"(feed|rdf|rss|rss2|atom)/?$\";s:27:\"index.php?&feed=$matches[1]\";s:8:\"embed/?$\";s:21:\"index.php?&embed=true\";s:20:\"page/?([0-9]{1,})/?$\";s:28:\"index.php?&paged=$matches[1]\";s:27:\"comment-page-([0-9]{1,})/?$\";s:39:\"index.php?&page_id=13&cpage=$matches[1]\";s:41:\"comments/feed/(feed|rdf|rss|rss2|atom)/?$\";s:42:\"index.php?&feed=$matches[1]&withcomments=1\";s:36:\"comments/(feed|rdf|rss|rss2|atom)/?$\";s:42:\"index.php?&feed=$matches[1]&withcomments=1\";s:17:\"comments/embed/?$\";s:21:\"index.php?&embed=true\";s:44:\"search/(.+)/feed/(feed|rdf|rss|rss2|atom)/?$\";s:40:\"index.php?s=$matches[1]&feed=$matches[2]\";s:39:\"search/(.+)/(feed|rdf|rss|rss2|atom)/?$\";s:40:\"index.php?s=$matches[1]&feed=$matches[2]\";s:20:\"search/(.+)/embed/?$\";s:34:\"index.php?s=$matches[1]&embed=true\";s:32:\"search/(.+)/page/?([0-9]{1,})/?$\";s:41:\"index.php?s=$matches[1]&paged=$matches[2]\";s:14:\"search/(.+)/?$\";s:23:\"index.php?s=$matches[1]\";s:47:\"author/([^/]+)/feed/(feed|rdf|rss|rss2|atom)/?$\";s:50:\"index.php?author_name=$matches[1]&feed=$matches[2]\";s:42:\"author/([^/]+)/(feed|rdf|rss|rss2|atom)/?$\";s:50:\"index.php?author_name=$matches[1]&feed=$matches[2]\";s:23:\"author/([^/]+)/embed/?$\";s:44:\"index.php?author_name=$matches[1]&embed=true\";s:35:\"author/([^/]+)/page/?([0-9]{1,})/?$\";s:51:\"index.php?author_name=$matches[1]&paged=$matches[2]\";s:17:\"author/([^/]+)/?$\";s:33:\"index.php?author_name=$matches[1]\";s:69:\"([0-9]{4})/([0-9]{1,2})/([0-9]{1,2})/feed/(feed|rdf|rss|rss2|atom)/?$\";s:80:\"index.php?year=$matches[1]&monthnum=$matches[2]&day=$matches[3]&feed=$matches[4]\";s:64:\"([0-9]{4})/([0-9]{1,2})/([0-9]{1,2})/(feed|rdf|rss|rss2|atom)/?$\";s:80:\"index.php?year=$matches[1]&monthnum=$matches[2]&day=$matches[3]&feed=$matches[4]\";s:45:\"([0-9]{4})/([0-9]{1,2})/([0-9]{1,2})/embed/?$\";s:74:\"index.php?year=$matches[1]&monthnum=$matches[2]&day=$matches[3]&embed=true\";s:57:\"([0-9]{4})/([0-9]{1,2})/([0-9]{1,2})/page/?([0-9]{1,})/?$\";s:81:\"index.php?year=$matches[1]&monthnum=$matches[2]&day=$matches[3]&paged=$matches[4]\";s:39:\"([0-9]{4})/([0-9]{1,2})/([0-9]{1,2})/?$\";s:63:\"index.php?year=$matches[1]&monthnum=$matches[2]&day=$matches[3]\";s:56:\"([0-9]{4})/([0-9]{1,2})/feed/(feed|rdf|rss|rss2|atom)/?$\";s:64:\"index.php?year=$matches[1]&monthnum=$matches[2]&feed=$matches[3]\";s:51:\"([0-9]{4})/([0-9]{1,2})/(feed|rdf|rss|rss2|atom)/?$\";s:64:\"index.php?year=$matches[1]&monthnum=$matches[2]&feed=$matches[3]\";s:32:\"([0-9]{4})/([0-9]{1,2})/embed/?$\";s:58:\"index.php?year=$matches[1]&monthnum=$matches[2]&embed=true\";s:44:\"([0-9]{4})/([0-9]{1,2})/page/?([0-9]{1,})/?$\";s:65:\"index.php?year=$matches[1]&monthnum=$matches[2]&paged=$matches[3]\";s:26:\"([0-9]{4})/([0-9]{1,2})/?$\";s:47:\"index.php?year=$matches[1]&monthnum=$matches[2]\";s:43:\"([0-9]{4})/feed/(feed|rdf|rss|rss2|atom)/?$\";s:43:\"index.php?year=$matches[1]&feed=$matches[2]\";s:38:\"([0-9]{4})/(feed|rdf|rss|rss2|atom)/?$\";s:43:\"index.php?year=$matches[1]&feed=$matches[2]\";s:19:\"([0-9]{4})/embed/?$\";s:37:\"index.php?year=$matches[1]&embed=true\";s:31:\"([0-9]{4})/page/?([0-9]{1,})/?$\";s:44:\"index.php?year=$matches[1]&paged=$matches[2]\";s:13:\"([0-9]{4})/?$\";s:26:\"index.php?year=$matches[1]\";s:27:\".?.+?/attachment/([^/]+)/?$\";s:32:\"index.php?attachment=$matches[1]\";s:37:\".?.+?/attachment/([^/]+)/trackback/?$\";s:37:\"index.php?attachment=$matches[1]&tb=1\";s:57:\".?.+?/attachment/([^/]+)/feed/(feed|rdf|rss|rss2|atom)/?$\";s:49:\"index.php?attachment=$matches[1]&feed=$matches[2]\";s:52:\".?.+?/attachment/([^/]+)/(feed|rdf|rss|rss2|atom)/?$\";s:49:\"index.php?attachment=$matches[1]&feed=$matches[2]\";s:52:\".?.+?/attachment/([^/]+)/comment-page-([0-9]{1,})/?$\";s:50:\"index.php?attachment=$matches[1]&cpage=$matches[2]\";s:33:\".?.+?/attachment/([^/]+)/embed/?$\";s:43:\"index.php?attachment=$matches[1]&embed=true\";s:16:\"(.?.+?)/embed/?$\";s:41:\"index.php?pagename=$matches[1]&embed=true\";s:20:\"(.?.+?)/trackback/?$\";s:35:\"index.php?pagename=$matches[1]&tb=1\";s:40:\"(.?.+?)/feed/(feed|rdf|rss|rss2|atom)/?$\";s:47:\"index.php?pagename=$matches[1]&feed=$matches[2]\";s:35:\"(.?.+?)/(feed|rdf|rss|rss2|atom)/?$\";s:47:\"index.php?pagename=$matches[1]&feed=$matches[2]\";s:28:\"(.?.+?)/page/?([0-9]{1,})/?$\";s:48:\"index.php?pagename=$matches[1]&paged=$matches[2]\";s:35:\"(.?.+?)/comment-page-([0-9]{1,})/?$\";s:48:\"index.php?pagename=$matches[1]&cpage=$matches[2]\";s:24:\"(.?.+?)(?:/([0-9]+))?/?$\";s:47:\"index.php?pagename=$matches[1]&page=$matches[2]\";s:31:\".+?/[^/]+/attachment/([^/]+)/?$\";s:32:\"index.php?attachment=$matches[1]\";s:41:\".+?/[^/]+/attachment/([^/]+)/trackback/?$\";s:37:\"index.php?attachment=$matches[1]&tb=1\";s:61:\".+?/[^/]+/attachment/([^/]+)/feed/(feed|rdf|rss|rss2|atom)/?$\";s:49:\"index.php?attachment=$matches[1]&feed=$matches[2]\";s:56:\".+?/[^/]+/attachment/([^/]+)/(feed|rdf|rss|rss2|atom)/?$\";s:49:\"index.php?attachment=$matches[1]&feed=$matches[2]\";s:56:\".+?/[^/]+/attachment/([^/]+)/comment-page-([0-9]{1,})/?$\";s:50:\"index.php?attachment=$matches[1]&cpage=$matches[2]\";s:37:\".+?/[^/]+/attachment/([^/]+)/embed/?$\";s:43:\"index.php?attachment=$matches[1]&embed=true\";s:22:\"(.+?)/([^/]+)/embed/?$\";s:63:\"index.php?category_name=$matches[1]&name=$matches[2]&embed=true\";s:26:\"(.+?)/([^/]+)/trackback/?$\";s:57:\"index.php?category_name=$matches[1]&name=$matches[2]&tb=1\";s:46:\"(.+?)/([^/]+)/feed/(feed|rdf|rss|rss2|atom)/?$\";s:69:\"index.php?category_name=$matches[1]&name=$matches[2]&feed=$matches[3]\";s:41:\"(.+?)/([^/]+)/(feed|rdf|rss|rss2|atom)/?$\";s:69:\"index.php?category_name=$matches[1]&name=$matches[2]&feed=$matches[3]\";s:34:\"(.+?)/([^/]+)/page/?([0-9]{1,})/?$\";s:70:\"index.php?category_name=$matches[1]&name=$matches[2]&paged=$matches[3]\";s:41:\"(.+?)/([^/]+)/comment-page-([0-9]{1,})/?$\";s:70:\"index.php?category_name=$matches[1]&name=$matches[2]&cpage=$matches[3]\";s:30:\"(.+?)/([^/]+)(?:/([0-9]+))?/?$\";s:69:\"index.php?category_name=$matches[1]&name=$matches[2]&page=$matches[3]\";s:20:\".+?/[^/]+/([^/]+)/?$\";s:32:\"index.php?attachment=$matches[1]\";s:30:\".+?/[^/]+/([^/]+)/trackback/?$\";s:37:\"index.php?attachment=$matches[1]&tb=1\";s:50:\".+?/[^/]+/([^/]+)/feed/(feed|rdf|rss|rss2|atom)/?$\";s:49:\"index.php?attachment=$matches[1]&feed=$matches[2]\";s:45:\".+?/[^/]+/([^/]+)/(feed|rdf|rss|rss2|atom)/?$\";s:49:\"index.php?attachment=$matches[1]&feed=$matches[2]\";s:45:\".+?/[^/]+/([^/]+)/comment-page-([0-9]{1,})/?$\";s:50:\"index.php?attachment=$matches[1]&cpage=$matches[2]\";s:26:\".+?/[^/]+/([^/]+)/embed/?$\";s:43:\"index.php?attachment=$matches[1]&embed=true\";s:38:\"(.+?)/feed/(feed|rdf|rss|rss2|atom)/?$\";s:52:\"index.php?category_name=$matches[1]&feed=$matches[2]\";s:33:\"(.+?)/(feed|rdf|rss|rss2|atom)/?$\";s:52:\"index.php?category_name=$matches[1]&feed=$matches[2]\";s:14:\"(.+?)/embed/?$\";s:46:\"index.php?category_name=$matches[1]&embed=true\";s:26:\"(.+?)/page/?([0-9]{1,})/?$\";s:53:\"index.php?category_name=$matches[1]&paged=$matches[2]\";s:33:\"(.+?)/comment-page-([0-9]{1,})/?$\";s:53:\"index.php?category_name=$matches[1]&cpage=$matches[2]\";s:8:\"(.+?)/?$\";s:35:\"index.php?category_name=$matches[1]\";}','yes'),(30,'hack_file','0','yes'),(31,'blog_charset','UTF-8','yes'),(32,'moderation_keys','','no'),(33,'active_plugins','a:10:{i:0;s:27:\"astra-sites/astra-sites.php\";i:1;s:31:\"cookie-notice/cookie-notice.php\";i:2;s:33:\"duplicate-post/duplicate-post.php\";i:3;s:23:\"elementor/elementor.php\";i:4;s:51:\"header-footer-elementor/header-footer-elementor.php\";i:5;s:63:\"limit-login-attempts-reloaded/limit-login-attempts-reloaded.php\";i:6;s:29:\"mystickymenu/mystickymenu.php\";i:7;s:29:\"wp-mail-smtp/wp_mail_smtp.php\";i:8;s:32:\"wp-simple-firewall/icwp-wpsf.php\";i:9;s:24:\"wpforms-lite/wpforms.php\";}','yes'),(34,'category_base','','yes'),(35,'ping_sites','http://rpc.pingomatic.com/','yes'),(36,'comment_max_links','2','yes'),(37,'gmt_offset','8','yes'),(38,'default_email_category','1','yes'),(39,'recently_edited','','no'),(40,'template','astra','yes'),(41,'stylesheet','astra','yes'),(42,'comment_registration','0','yes'),(43,'html_type','text/html','yes'),(44,'use_trackback','0','yes'),(45,'default_role','subscriber','yes'),(46,'db_version','51917','yes'),(47,'uploads_use_yearmonth_folders','1','yes'),(49,'blog_public','1','yes'),(50,'default_link_category','2','yes'),(51,'show_on_front','page','yes'),(52,'tag_base','','yes'),(53,'show_avatars','1','yes'),(54,'avatar_rating','G','yes'),(55,'upload_url_path','','yes'),(56,'thumbnail_size_w','150','yes'),(57,'thumbnail_size_h','150','yes'),(58,'thumbnail_crop','1','yes'),(59,'medium_size_w','300','yes'),(60,'medium_size_h','300','yes'),(61,'avatar_default','mystery','yes'),(62,'large_size_w','1024','yes'),(63,'large_size_h','1024','yes'),(64,'image_default_link_type','none','yes'),(65,'image_default_size','','yes'),(66,'image_default_align','','yes'),(67,'close_comments_for_old_posts','0','yes'),(68,'close_comments_days_old','14','yes'),(69,'thread_comments','1','yes'),(70,'thread_comments_depth','5','yes'),(71,'page_comments','0','yes'),(72,'comments_per_page','50','yes'),(73,'default_comments_page','newest','yes'),(74,'comment_order','asc','yes'),(75,'sticky_posts','a:0:{}','yes'),(76,'widget_categories','a:2:{i:1;a:4:{s:5:\"title\";s:0:\"\";s:5:\"count\";i:0;s:12:\"hierarchical\";i:0;s:8:\"dropdown\";i:0;}s:12:\"_multiwidget\";i:1;}','yes'),(77,'widget_text','a:3:{i:1;a:4:{s:5:\"title\";s:12:\"Get In Touch\";s:4:\"text\";s:55:\"1234 N Spring St, Los Angeles, CA 90012\r\n+1 234 567 890\";s:6:\"filter\";b:1;s:6:\"visual\";b:1;}i:2;a:4:{s:5:\"title\";s:54:\"Overcome your obstacles. Get Business Coaching, Today!\";s:4:\"text\";s:34:\"<button>Book Consultation</button>\";s:6:\"filter\";b:1;s:6:\"visual\";b:1;}s:12:\"_multiwidget\";i:1;}','yes'),(78,'widget_rss','a:2:{i:1;a:0:{}s:12:\"_multiwidget\";i:1;}','yes'),(79,'uninstall_plugins','a:1:{s:23:\"elementor/elementor.php\";a:2:{i:0;s:21:\"Elementor\\Maintenance\";i:1;s:9:\"uninstall\";}}','no'),(80,'timezone_string','','yes'),(81,'page_for_posts','0','yes'),(82,'page_on_front','13','yes'),(83,'default_post_format','0','yes'),(84,'link_manager_enabled','0','yes'),(85,'finished_splitting_shared_terms','1','yes'),(86,'site_icon','170','yes'),(87,'medium_large_size_w','768','yes'),(88,'medium_large_size_h','0','yes'),(89,'wp_page_for_privacy_policy','3','yes'),(90,'show_comments_cookies_opt_in','1','yes'),(91,'admin_email_lifespan','1669171396','yes'),(92,'disallowed_keys','','no'),(93,'comment_previously_approved','1','yes'),(94,'auto_plugin_theme_update_emails','a:0:{}','no'),(95,'auto_update_core_dev','enabled','yes'),(96,'auto_update_core_minor','enabled','yes'),(97,'auto_update_core_major','enabled','yes'),(98,'wp_force_deactivated_plugins','a:0:{}','yes'),(99,'initial_db_version','51917','yes'),(100,'wp_user_roles','a:5:{s:13:\"administrator\";a:2:{s:4:\"name\";s:13:\"Administrator\";s:12:\"capabilities\";a:62:{s:13:\"switch_themes\";b:1;s:11:\"edit_themes\";b:1;s:16:\"activate_plugins\";b:1;s:12:\"edit_plugins\";b:1;s:10:\"edit_users\";b:1;s:10:\"edit_files\";b:1;s:14:\"manage_options\";b:1;s:17:\"moderate_comments\";b:1;s:17:\"manage_categories\";b:1;s:12:\"manage_links\";b:1;s:12:\"upload_files\";b:1;s:6:\"import\";b:1;s:15:\"unfiltered_html\";b:1;s:10:\"edit_posts\";b:1;s:17:\"edit_others_posts\";b:1;s:20:\"edit_published_posts\";b:1;s:13:\"publish_posts\";b:1;s:10:\"edit_pages\";b:1;s:4:\"read\";b:1;s:8:\"level_10\";b:1;s:7:\"level_9\";b:1;s:7:\"level_8\";b:1;s:7:\"level_7\";b:1;s:7:\"level_6\";b:1;s:7:\"level_5\";b:1;s:7:\"level_4\";b:1;s:7:\"level_3\";b:1;s:7:\"level_2\";b:1;s:7:\"level_1\";b:1;s:7:\"level_0\";b:1;s:17:\"edit_others_pages\";b:1;s:20:\"edit_published_pages\";b:1;s:13:\"publish_pages\";b:1;s:12:\"delete_pages\";b:1;s:19:\"delete_others_pages\";b:1;s:22:\"delete_published_pages\";b:1;s:12:\"delete_posts\";b:1;s:19:\"delete_others_posts\";b:1;s:22:\"delete_published_posts\";b:1;s:20:\"delete_private_posts\";b:1;s:18:\"edit_private_posts\";b:1;s:18:\"read_private_posts\";b:1;s:20:\"delete_private_pages\";b:1;s:18:\"edit_private_pages\";b:1;s:18:\"read_private_pages\";b:1;s:12:\"delete_users\";b:1;s:12:\"create_users\";b:1;s:17:\"unfiltered_upload\";b:1;s:14:\"edit_dashboard\";b:1;s:14:\"update_plugins\";b:1;s:14:\"delete_plugins\";b:1;s:15:\"install_plugins\";b:1;s:13:\"update_themes\";b:1;s:14:\"install_themes\";b:1;s:11:\"update_core\";b:1;s:10:\"list_users\";b:1;s:12:\"remove_users\";b:1;s:13:\"promote_users\";b:1;s:18:\"edit_theme_options\";b:1;s:13:\"delete_themes\";b:1;s:6:\"export\";b:1;s:10:\"copy_posts\";b:1;}}s:6:\"editor\";a:2:{s:4:\"name\";s:6:\"Editor\";s:12:\"capabilities\";a:35:{s:17:\"moderate_comments\";b:1;s:17:\"manage_categories\";b:1;s:12:\"manage_links\";b:1;s:12:\"upload_files\";b:1;s:15:\"unfiltered_html\";b:1;s:10:\"edit_posts\";b:1;s:17:\"edit_others_posts\";b:1;s:20:\"edit_published_posts\";b:1;s:13:\"publish_posts\";b:1;s:10:\"edit_pages\";b:1;s:4:\"read\";b:1;s:7:\"level_7\";b:1;s:7:\"level_6\";b:1;s:7:\"level_5\";b:1;s:7:\"level_4\";b:1;s:7:\"level_3\";b:1;s:7:\"level_2\";b:1;s:7:\"level_1\";b:1;s:7:\"level_0\";b:1;s:17:\"edit_others_pages\";b:1;s:20:\"edit_published_pages\";b:1;s:13:\"publish_pages\";b:1;s:12:\"delete_pages\";b:1;s:19:\"delete_others_pages\";b:1;s:22:\"delete_published_pages\";b:1;s:12:\"delete_posts\";b:1;s:19:\"delete_others_posts\";b:1;s:22:\"delete_published_posts\";b:1;s:20:\"delete_private_posts\";b:1;s:18:\"edit_private_posts\";b:1;s:18:\"read_private_posts\";b:1;s:20:\"delete_private_pages\";b:1;s:18:\"edit_private_pages\";b:1;s:18:\"read_private_pages\";b:1;s:10:\"copy_posts\";b:1;}}s:6:\"author\";a:2:{s:4:\"name\";s:6:\"Author\";s:12:\"capabilities\";a:10:{s:12:\"upload_files\";b:1;s:10:\"edit_posts\";b:1;s:20:\"edit_published_posts\";b:1;s:13:\"publish_posts\";b:1;s:4:\"read\";b:1;s:7:\"level_2\";b:1;s:7:\"level_1\";b:1;s:7:\"level_0\";b:1;s:12:\"delete_posts\";b:1;s:22:\"delete_published_posts\";b:1;}}s:11:\"contributor\";a:2:{s:4:\"name\";s:11:\"Contributor\";s:12:\"capabilities\";a:5:{s:10:\"edit_posts\";b:1;s:4:\"read\";b:1;s:7:\"level_1\";b:1;s:7:\"level_0\";b:1;s:12:\"delete_posts\";b:1;}}s:10:\"subscriber\";a:2:{s:4:\"name\";s:10:\"Subscriber\";s:12:\"capabilities\";a:2:{s:4:\"read\";b:1;s:7:\"level_0\";b:1;}}}','yes'),(101,'fresh_site','0','yes'),(102,'user_count','3','no'),(103,'widget_block','a:6:{i:2;a:1:{s:7:\"content\";s:19:\"<!-- wp:search /-->\";}i:3;a:1:{s:7:\"content\";s:154:\"<!-- wp:group --><div class=\"wp-block-group\"><!-- wp:heading --><h2>Recent Posts</h2><!-- /wp:heading --><!-- wp:latest-posts /--></div><!-- /wp:group -->\";}i:4;a:1:{s:7:\"content\";s:227:\"<!-- wp:group --><div class=\"wp-block-group\"><!-- wp:heading --><h2>Recent Comments</h2><!-- /wp:heading --><!-- wp:latest-comments {\"displayAvatar\":false,\"displayDate\":false,\"displayExcerpt\":false} /--></div><!-- /wp:group -->\";}i:5;a:1:{s:7:\"content\";s:146:\"<!-- wp:group --><div class=\"wp-block-group\"><!-- wp:heading --><h2>Archives</h2><!-- /wp:heading --><!-- wp:archives /--></div><!-- /wp:group -->\";}i:6;a:1:{s:7:\"content\";s:150:\"<!-- wp:group --><div class=\"wp-block-group\"><!-- wp:heading --><h2>Categories</h2><!-- /wp:heading --><!-- wp:categories /--></div><!-- /wp:group -->\";}s:12:\"_multiwidget\";i:1;}','yes'),(104,'sidebars_widgets','a:10:{s:19:\"wp_inactive_widgets\";a:8:{i:0;s:8:\"search-1\";i:1;s:14:\"recent-posts-1\";i:2;s:17:\"recent-comments-1\";i:3;s:10:\"archives-1\";i:4;s:12:\"categories-1\";i:5;s:6:\"meta-1\";i:6;s:6:\"text-1\";i:7;s:6:\"text-2\";}s:9:\"sidebar-1\";a:5:{i:0;s:7:\"block-2\";i:1;s:7:\"block-3\";i:2;s:7:\"block-4\";i:3;s:7:\"block-5\";i:4;s:7:\"block-6\";}s:13:\"header-widget\";a:0:{}s:15:\"footer-widget-1\";a:0:{}s:15:\"footer-widget-2\";a:0:{}s:24:\"advanced-footer-widget-1\";a:0:{}s:24:\"advanced-footer-widget-2\";a:0:{}s:24:\"advanced-footer-widget-3\";a:0:{}s:24:\"advanced-footer-widget-4\";a:0:{}s:13:\"array_version\";i:3;}','yes'),(105,'cron','a:14:{i:1656336843;a:1:{s:26:\"action_scheduler_run_queue\";a:1:{s:32:\"0d04ed39571b55704c122d726248bbac\";a:3:{s:8:\"schedule\";s:12:\"every_minute\";s:4:\"args\";a:1:{i:0;s:7:\"WP Cron\";}s:8:\"interval\";i:60;}}}i:1656337397;a:1:{s:34:\"wp_privacy_delete_old_export_files\";a:1:{s:32:\"40cd750bba9870f18aada2478b24840a\";a:3:{s:8:\"schedule\";s:6:\"hourly\";s:4:\"args\";a:0:{}s:8:\"interval\";i:3600;}}}i:1656337440;a:1:{s:16:\"icwp-wpsf-hourly\";a:1:{s:32:\"40cd750bba9870f18aada2478b24840a\";a:3:{s:8:\"schedule\";s:6:\"hourly\";s:4:\"args\";a:0:{}s:8:\"interval\";i:3600;}}}i:1656338400;a:1:{s:28:\"wpforms_email_summaries_cron\";a:1:{s:32:\"40cd750bba9870f18aada2478b24840a\";a:3:{s:8:\"schedule\";s:30:\"wpforms_email_summaries_weekly\";s:4:\"args\";a:0:{}s:8:\"interval\";i:604800;}}}i:1656340997;a:4:{s:18:\"wp_https_detection\";a:1:{s:32:\"40cd750bba9870f18aada2478b24840a\";a:3:{s:8:\"schedule\";s:10:\"twicedaily\";s:4:\"args\";a:0:{}s:8:\"interval\";i:43200;}}s:16:\"wp_version_check\";a:1:{s:32:\"40cd750bba9870f18aada2478b24840a\";a:3:{s:8:\"schedule\";s:10:\"twicedaily\";s:4:\"args\";a:0:{}s:8:\"interval\";i:43200;}}s:17:\"wp_update_plugins\";a:1:{s:32:\"40cd750bba9870f18aada2478b24840a\";a:3:{s:8:\"schedule\";s:10:\"twicedaily\";s:4:\"args\";a:0:{}s:8:\"interval\";i:43200;}}s:16:\"wp_update_themes\";a:1:{s:32:\"40cd750bba9870f18aada2478b24840a\";a:3:{s:8:\"schedule\";s:10:\"twicedaily\";s:4:\"args\";a:0:{}s:8:\"interval\";i:43200;}}}i:1656376127;a:1:{s:21:\"wp_update_user_counts\";a:1:{s:32:\"40cd750bba9870f18aada2478b24840a\";a:3:{s:8:\"schedule\";s:10:\"twicedaily\";s:4:\"args\";a:0:{}s:8:\"interval\";i:43200;}}}i:1656378720;a:1:{s:19:\"icwp-wpsf-all-scans\";a:1:{s:32:\"40cd750bba9870f18aada2478b24840a\";a:3:{s:8:\"schedule\";s:19:\"icwp-wpsf-per-day-1\";s:4:\"args\";a:0:{}s:8:\"interval\";i:86400;}}}i:1656384197;a:1:{s:32:\"recovery_mode_clean_expired_keys\";a:1:{s:32:\"40cd750bba9870f18aada2478b24840a\";a:3:{s:8:\"schedule\";s:5:\"daily\";s:4:\"args\";a:0:{}s:8:\"interval\";i:86400;}}}i:1656399720;a:1:{s:15:\"icwp-wpsf-daily\";a:1:{s:32:\"40cd750bba9870f18aada2478b24840a\";a:3:{s:8:\"schedule\";s:5:\"daily\";s:4:\"args\";a:0:{}s:8:\"interval\";i:86400;}}}i:1656407731;a:2:{s:19:\"wp_scheduled_delete\";a:1:{s:32:\"40cd750bba9870f18aada2478b24840a\";a:3:{s:8:\"schedule\";s:5:\"daily\";s:4:\"args\";a:0:{}s:8:\"interval\";i:86400;}}s:25:\"delete_expired_transients\";a:1:{s:32:\"40cd750bba9870f18aada2478b24840a\";a:3:{s:8:\"schedule\";s:5:\"daily\";s:4:\"args\";a:0:{}s:8:\"interval\";i:86400;}}}i:1656407733;a:1:{s:30:\"wp_scheduled_auto_draft_delete\";a:1:{s:32:\"40cd750bba9870f18aada2478b24840a\";a:3:{s:8:\"schedule\";s:5:\"daily\";s:4:\"args\";a:0:{}s:8:\"interval\";i:86400;}}}i:1656408025;a:1:{s:28:\"elementor/tracker/send_event\";a:1:{s:32:\"40cd750bba9870f18aada2478b24840a\";a:3:{s:8:\"schedule\";s:5:\"daily\";s:4:\"args\";a:0:{}s:8:\"interval\";i:86400;}}}i:1656729797;a:1:{s:30:\"wp_site_health_scheduled_check\";a:1:{s:32:\"40cd750bba9870f18aada2478b24840a\";a:3:{s:8:\"schedule\";s:6:\"weekly\";s:4:\"args\";a:0:{}s:8:\"interval\";i:604800;}}}s:7:\"version\";i:2;}','yes'),(106,'widget_pages','a:1:{s:12:\"_multiwidget\";i:1;}','yes'),(107,'widget_calendar','a:1:{s:12:\"_multiwidget\";i:1;}','yes'),(108,'widget_archives','a:2:{i:1;a:3:{s:5:\"title\";s:0:\"\";s:5:\"count\";i:0;s:8:\"dropdown\";i:0;}s:12:\"_multiwidget\";i:1;}','yes'),(109,'widget_media_audio','a:1:{s:12:\"_multiwidget\";i:1;}','yes'),(110,'widget_media_image','a:1:{s:12:\"_multiwidget\";i:1;}','yes'),(111,'widget_media_gallery','a:1:{s:12:\"_multiwidget\";i:1;}','yes'),(112,'widget_media_video','a:1:{s:12:\"_multiwidget\";i:1;}','yes'),(113,'widget_meta','a:2:{i:1;a:1:{s:5:\"title\";s:0:\"\";}s:12:\"_multiwidget\";i:1;}','yes'),(114,'widget_search','a:2:{i:1;a:1:{s:5:\"title\";s:0:\"\";}s:12:\"_multiwidget\";i:1;}','yes'),(115,'widget_tag_cloud','a:1:{s:12:\"_multiwidget\";i:1;}','yes'),(116,'widget_nav_menu','a:1:{s:12:\"_multiwidget\";i:1;}','yes'),(117,'widget_custom_html','a:1:{s:12:\"_multiwidget\";i:1;}','yes'),(119,'recovery_keys','a:0:{}','yes'),(122,'theme_mods_twentytwentytwo','a:3:{s:18:\"custom_css_post_id\";i:32;s:18:\"nav_menu_locations\";a:0:{}s:16:\"sidebars_widgets\";a:2:{s:4:\"time\";i:1654076129;s:4:\"data\";a:3:{s:19:\"wp_inactive_widgets\";a:8:{i:0;s:8:\"search-1\";i:1;s:14:\"recent-posts-1\";i:2;s:17:\"recent-comments-1\";i:3;s:10:\"archives-1\";i:4;s:12:\"categories-1\";i:5;s:6:\"meta-1\";i:6;s:6:\"text-1\";i:7;s:6:\"text-2\";}s:9:\"sidebar-1\";a:3:{i:0;s:7:\"block-2\";i:1;s:7:\"block-3\";i:2;s:7:\"block-4\";}s:9:\"sidebar-2\";a:2:{i:0;s:7:\"block-5\";i:1;s:7:\"block-6\";}}}}','yes'),(125,'https_detection_errors','a:0:{}','yes'),(134,'limit_login_client_type','HTTP_X_FORWARDED_FOR','yes'),(136,'widget_akismet_widget','a:1:{s:12:\"_multiwidget\";i:1;}','yes'),(137,'_transient_update_plugins','O:8:\"stdClass\":1:{s:12:\"last_checked\";i:0;}','yes'),(138,'_transient_update_themes','O:8:\"stdClass\":1:{s:12:\"last_checked\";i:0;}','yes'),(141,'limit_login_activation_timestamp','1653619464','no'),(142,'limit_login_notice_enable_notify_timestamp','1650854664','no'),(159,'WPLANG','','yes'),(193,'_transient_health-check-site-status-result','{\"good\":14,\"recommended\":4,\"critical\":1}','yes'),(200,'limit_login_retries','a:1:{s:13:\"182.55.18.218\";i:1;}','no'),(201,'limit_login_retries_valid','a:1:{s:13:\"182.55.18.218\";i:1655778621;}','no'),(202,'limit_login_retries_stats','a:1:{s:10:\"2022-06-20\";i:1;}','no'),(203,'limit_login_logged','','yes'),(207,'finished_updating_comment_type','1','yes'),(267,'can_compress_scripts','0','no'),(280,'recently_activated','a:1:{s:19:\"akismet/akismet.php\";i:1655718996;}','yes'),(285,'elementor_active_kit','5','yes'),(288,'elementor_version','3.6.5','yes'),(289,'elementor_install_history','a:1:{s:5:\"3.6.5\";i:1654075225;}','yes'),(290,'elementor_events_db_version','1.0.0','no'),(292,'elementor_onboarded','1','yes'),(293,'_elementor_installed_time','1654075232','yes'),(294,'elementor_remote_info_library','a:3:{s:10:\"types_data\";a:3:{s:5:\"block\";a:1:{s:10:\"categories\";a:22:{i:0;s:8:\"404 page\";i:1;s:5:\"about\";i:2;s:7:\"archive\";i:3;s:14:\"call to action\";i:4;s:7:\"clients\";i:5;s:7:\"contact\";i:6;s:3:\"faq\";i:7;s:8:\"features\";i:8;s:6:\"footer\";i:9;s:6:\"header\";i:10;s:4:\"hero\";i:11;s:9:\"portfolio\";i:12;s:7:\"pricing\";i:13;s:15:\"product archive\";i:14;s:8:\"services\";i:15;s:11:\"single page\";i:16;s:11:\"single post\";i:17;s:14:\"single product\";i:18;s:5:\"stats\";i:19;s:9:\"subscribe\";i:20;s:4:\"team\";i:21;s:12:\"testimonials\";}}s:5:\"popup\";a:1:{s:10:\"categories\";a:6:{i:0;s:10:\"bottom bar\";i:1;s:7:\"classic\";i:2;s:6:\"fly-in\";i:3;s:11:\"full screen\";i:4;s:9:\"hello bar\";i:5;s:8:\"slide-in\";}}s:2:\"lp\";a:1:{s:10:\"categories\";a:15:{i:0;s:8:\"Business\";i:1;s:16:\"Coming Soon Page\";i:2;s:9:\"eCommerce\";i:3;s:9:\"Education\";i:4;s:6:\"Events\";i:5;s:18:\"Health and Fitness\";i:6;s:3:\"NFT\";i:7;s:14:\"Online Service\";i:8;s:7:\"Product\";i:9;s:11:\"Real Estate\";i:10;s:18:\"Social Involvement\";i:11;s:14:\"Thank You Page\";i:12;s:6:\"Travel\";i:13;s:18:\"Under Construction\";i:14;s:9:\"Wireframe\";}}}s:10:\"categories\";a:22:{i:0;s:8:\"404 page\";i:1;s:5:\"about\";i:2;s:7:\"archive\";i:3;s:14:\"call to action\";i:4;s:7:\"clients\";i:5;s:7:\"contact\";i:6;s:3:\"faq\";i:7;s:8:\"features\";i:8;s:6:\"footer\";i:9;s:6:\"header\";i:10;s:4:\"hero\";i:11;s:9:\"portfolio\";i:12;s:7:\"pricing\";i:13;s:15:\"product archive\";i:14;s:8:\"services\";i:15;s:11:\"single page\";i:16;s:11:\"single post\";i:17;s:14:\"single product\";i:18;s:5:\"stats\";i:19;s:9:\"subscribe\";i:20;s:4:\"team\";i:21;s:12:\"testimonials\";}s:9:\"templates\";a:822:{i:0;a:16:{s:4:\"tmpl\";i:1280;s:2:\"id\";i:22403;s:5:\"title\";s:40:\"Hello Bar | Subscribe | Aesthetic Clinic\";s:9:\"thumbnail\";s:80:\"https://library.elementor.com/wp-content/uploads/2022/03/aesthetic-clinic-19.jpg\";s:12:\"tmpl_created\";i:1647354307;s:6:\"author\";s:9:\"Elementor\";s:3:\"url\";s:133:\"https://library.elementor.com/popups/hello-bar-subscribe-aesthetic-clinic/?utm_source=library&utm_medium=wp-dash&utm_campaign=preview\";s:4:\"type\";s:5:\"popup\";s:7:\"subtype\";s:9:\"hello bar\";s:4:\"tags\";s:48:\"[\"Barbershop\",\"Business\",\"Discount\",\"Marketing\"]\";s:10:\"menu_order\";i:0;s:16:\"popularity_index\";i:-1;s:11:\"trend_index\";i:-1;s:17:\"has_page_settings\";s:1:\"1\";s:6:\"is_pro\";s:1:\"1\";s:12:\"access_level\";i:1;}i:1;a:16:{s:4:\"tmpl\";i:1281;s:2:\"id\";i:22410;s:5:\"title\";s:32:\"Fly-In | Discount | Hair Stylist\";s:9:\"thumbnail\";s:76:\"https://library.elementor.com/wp-content/uploads/2022/03/hair-stylist-20.jpg\";s:12:\"tmpl_created\";i:1647354614;s:6:\"author\";s:9:\"Elementor\";s:3:\"url\";s:125:\"https://library.elementor.com/popups/fly-in-discount-hair-stylist/?utm_source=library&utm_medium=wp-dash&utm_campaign=preview\";s:4:\"type\";s:5:\"popup\";s:7:\"subtype\";s:6:\"fly-in\";s:4:\"tags\";s:32:\"[\"Barbershop\",\"Discount\",\"Hair\"]\";s:10:\"menu_order\";i:0;s:16:\"popularity_index\";i:-1;s:11:\"trend_index\";i:-1;s:17:\"has_page_settings\";s:1:\"1\";s:6:\"is_pro\";s:1:\"1\";s:12:\"access_level\";i:1;}i:2;a:16:{s:4:\"tmpl\";i:1028;s:2:\"id\";i:14827;s:5:\"title\";s:39:\"Slide-In | Contact | Luxury Real Estate\";s:9:\"thumbnail\";s:66:\"https://library.elementor.com/wp-content/uploads/2020/07/PopUp.png\";s:12:\"tmpl_created\";i:1595323523;s:6:\"author\";s:9:\"Elementor\";s:3:\"url\";s:132:\"https://library.elementor.com/popups/slide-in-contact-luxury-real-estate/?utm_source=library&utm_medium=wp-dash&utm_campaign=preview\";s:4:\"type\";s:5:\"popup\";s:7:\"subtype\";s:8:\"slide-in\";s:4:\"tags\";s:28:\"[\"real estate\",\"realestate\"]\";s:10:\"menu_order\";i:0;s:16:\"popularity_index\";i:559;s:11:\"trend_index\";i:284;s:17:\"has_page_settings\";s:1:\"1\";s:6:\"is_pro\";s:1:\"1\";s:12:\"access_level\";i:1;}i:3;a:16:{s:4:\"tmpl\";i:1285;s:2:\"id\";i:22440;s:5:\"title\";s:32:\"Classic | Subscribe | Shoe Store\";s:9:\"thumbnail\";s:75:\"https://library.elementor.com/wp-content/uploads/2022/03/shoes-store-21.jpg\";s:12:\"tmpl_created\";i:1647418620;s:6:\"author\";s:9:\"Elementor\";s:3:\"url\";s:125:\"https://library.elementor.com/popups/classic-subscribe-shoe-store/?utm_source=library&utm_medium=wp-dash&utm_campaign=preview\";s:4:\"type\";s:5:\"popup\";s:7:\"subtype\";s:7:\"classic\";s:4:\"tags\";s:37:\"[\"Ecommerce\",\"Marketing\",\"subscribe\"]\";s:10:\"menu_order\";i:0;s:16:\"popularity_index\";i:-1;s:11:\"trend_index\";i:-1;s:17:\"has_page_settings\";s:1:\"1\";s:6:\"is_pro\";s:1:\"1\";s:12:\"access_level\";i:1;}i:4;a:16:{s:4:\"tmpl\";i:1286;s:2:\"id\";i:22446;s:5:\"title\";s:37:\"Full Screen | Subscribe | Denim Store\";s:9:\"thumbnail\";s:75:\"https://library.elementor.com/wp-content/uploads/2022/03/denim-store-22.jpg\";s:12:\"tmpl_created\";i:1647419614;s:6:\"author\";s:9:\"Elementor\";s:3:\"url\";s:130:\"https://library.elementor.com/popups/full-screen-subscribe-denim-store/?utm_source=library&utm_medium=wp-dash&utm_campaign=preview\";s:4:\"type\";s:5:\"popup\";s:7:\"subtype\";s:11:\"full screen\";s:4:\"tags\";s:35:\"[\"Ecommerce\",\"Fashion\",\"Marketing\"]\";s:10:\"menu_order\";i:0;s:16:\"popularity_index\";i:-1;s:11:\"trend_index\";i:-1;s:17:\"has_page_settings\";s:1:\"1\";s:6:\"is_pro\";s:1:\"1\";s:12:\"access_level\";i:1;}i:5;a:16:{s:4:\"tmpl\";i:1287;s:2:\"id\";i:22452;s:5:\"title\";s:37:\"Fly-In | Subscribe | Pizza Restaurant\";s:9:\"thumbnail\";s:80:\"https://library.elementor.com/wp-content/uploads/2022/03/pizza-restaurant-23.jpg\";s:12:\"tmpl_created\";i:1647420733;s:6:\"author\";s:9:\"Elementor\";s:3:\"url\";s:130:\"https://library.elementor.com/popups/fly-in-subscribe-pizza-restaurant/?utm_source=library&utm_medium=wp-dash&utm_campaign=preview\";s:4:\"type\";s:5:\"popup\";s:7:\"subtype\";s:4:\"page\";s:4:\"tags\";s:19:\"[\"Business\",\"Food\"]\";s:10:\"menu_order\";i:0;s:16:\"popularity_index\";i:-1;s:11:\"trend_index\";i:-1;s:17:\"has_page_settings\";s:1:\"1\";s:6:\"is_pro\";s:1:\"1\";s:12:\"access_level\";i:1;}i:6;a:16:{s:4:\"tmpl\";i:1288;s:2:\"id\";i:22458;s:5:\"title\";s:38:\"Full Screen | Subscribe | Fashion Shop\";s:9:\"thumbnail\";s:76:\"https://library.elementor.com/wp-content/uploads/2022/03/fashion-shop-24.jpg\";s:12:\"tmpl_created\";i:1647426379;s:6:\"author\";s:9:\"Elementor\";s:3:\"url\";s:131:\"https://library.elementor.com/popups/full-screen-subscribe-fashion-shop/?utm_source=library&utm_medium=wp-dash&utm_campaign=preview\";s:4:\"type\";s:5:\"popup\";s:7:\"subtype\";s:11:\"full screen\";s:4:\"tags\";s:31:\"[\"Ecommerce\",\"Fashion\",\"Sales\"]\";s:10:\"menu_order\";i:0;s:16:\"popularity_index\";i:-1;s:11:\"trend_index\";i:-1;s:17:\"has_page_settings\";s:1:\"1\";s:6:\"is_pro\";s:1:\"1\";s:12:\"access_level\";i:1;}i:7;a:16:{s:4:\"tmpl\";i:1289;s:2:\"id\";i:22464;s:5:\"title\";s:32:\"Fly-In | Contact | Makeup Studio\";s:9:\"thumbnail\";s:77:\"https://library.elementor.com/wp-content/uploads/2022/03/makeup-studio-25.jpg\";s:12:\"tmpl_created\";i:1647427026;s:6:\"author\";s:9:\"Elementor\";s:3:\"url\";s:125:\"https://library.elementor.com/popups/fly-in-contact-makeup-studio/?utm_source=library&utm_medium=wp-dash&utm_campaign=preview\";s:4:\"type\";s:5:\"popup\";s:7:\"subtype\";s:6:\"fly-in\";s:4:\"tags\";s:22:\"[\"Business\",\"Contact\"]\";s:10:\"menu_order\";i:0;s:16:\"popularity_index\";i:-1;s:11:\"trend_index\";i:-1;s:17:\"has_page_settings\";s:1:\"1\";s:6:\"is_pro\";s:1:\"1\";s:12:\"access_level\";i:1;}i:8;a:16:{s:4:\"tmpl\";i:1034;s:2:\"id\";i:15075;s:5:\"title\";s:34:\"Slide-In | Menu | Flooring Company\";s:9:\"thumbnail\";s:68:\"https://library.elementor.com/wp-content/uploads/2020/08/PopUp-1.png\";s:12:\"tmpl_created\";i:1597739605;s:6:\"author\";s:9:\"Elementor\";s:3:\"url\";s:127:\"https://library.elementor.com/popups/slide-in-menu-flooring-company/?utm_source=library&utm_medium=wp-dash&utm_campaign=preview\";s:4:\"type\";s:5:\"popup\";s:7:\"subtype\";s:8:\"slide-in\";s:4:\"tags\";s:39:\"[\"Flooring company\",\"Flooring website\"]\";s:10:\"menu_order\";i:0;s:16:\"popularity_index\";i:383;s:11:\"trend_index\";i:162;s:17:\"has_page_settings\";s:1:\"1\";s:6:\"is_pro\";s:1:\"1\";s:12:\"access_level\";i:1;}i:9;a:16:{s:4:\"tmpl\";i:1290;s:2:\"id\";i:22470;s:5:\"title\";s:32:\"Fly-In | Contact | Design Studio\";s:9:\"thumbnail\";s:77:\"https://library.elementor.com/wp-content/uploads/2022/03/design-studio-26.jpg\";s:12:\"tmpl_created\";i:1647428250;s:6:\"author\";s:9:\"Elementor\";s:3:\"url\";s:125:\"https://library.elementor.com/popups/fly-in-contact-design-studio/?utm_source=library&utm_medium=wp-dash&utm_campaign=preview\";s:4:\"type\";s:5:\"popup\";s:7:\"subtype\";s:6:\"fly-in\";s:4:\"tags\";s:39:\"[\"Business\",\"Contact\",\"Digital Agency\"]\";s:10:\"menu_order\";i:0;s:16:\"popularity_index\";i:-1;s:11:\"trend_index\";i:-1;s:17:\"has_page_settings\";s:1:\"1\";s:6:\"is_pro\";s:1:\"1\";s:12:\"access_level\";i:1;}i:10;a:16:{s:4:\"tmpl\";i:1035;s:2:\"id\";i:15062;s:5:\"title\";s:35:\"Fly-In | Sign up | Flooring Company\";s:9:\"thumbnail\";s:66:\"https://library.elementor.com/wp-content/uploads/2020/08/PopUp.png\";s:12:\"tmpl_created\";i:1597739629;s:6:\"author\";s:9:\"Elementor\";s:3:\"url\";s:128:\"https://library.elementor.com/popups/fly-in-sign-up-flooring-company/?utm_source=library&utm_medium=wp-dash&utm_campaign=preview\";s:4:\"type\";s:5:\"popup\";s:7:\"subtype\";s:6:\"fly-in\";s:4:\"tags\";s:39:\"[\"Flooring company\",\"Flooring website\"]\";s:10:\"menu_order\";i:0;s:16:\"popularity_index\";i:625;s:11:\"trend_index\";i:309;s:17:\"has_page_settings\";s:1:\"1\";s:6:\"is_pro\";s:1:\"1\";s:12:\"access_level\";i:1;}i:11;a:16:{s:4:\"tmpl\";i:1291;s:2:\"id\";i:22480;s:5:\"title\";s:27:\"Classic | CTA | MasterClass\";s:9:\"thumbnail\";s:76:\"https://library.elementor.com/wp-content/uploads/2022/03/master-class-27.jpg\";s:12:\"tmpl_created\";i:1647428474;s:6:\"author\";s:9:\"Elementor\";s:3:\"url\";s:120:\"https://library.elementor.com/popups/classic-cta-masterclass/?utm_source=library&utm_medium=wp-dash&utm_campaign=preview\";s:4:\"type\";s:5:\"popup\";s:7:\"subtype\";s:7:\"classic\";s:4:\"tags\";s:29:\"[\"cta\",\"Magazine\",\"Services\"]\";s:10:\"menu_order\";i:0;s:16:\"popularity_index\";i:-1;s:11:\"trend_index\";i:-1;s:17:\"has_page_settings\";s:1:\"1\";s:6:\"is_pro\";s:1:\"1\";s:12:\"access_level\";i:1;}i:12;a:16:{s:4:\"tmpl\";i:1292;s:2:\"id\";i:22489;s:5:\"title\";s:29:\"Classic | CTA | Music Concert\";s:9:\"thumbnail\";s:77:\"https://library.elementor.com/wp-content/uploads/2022/03/music-concert-29.jpg\";s:12:\"tmpl_created\";i:1647429738;s:6:\"author\";s:9:\"Elementor\";s:3:\"url\";s:122:\"https://library.elementor.com/popups/classic-cta-music-concert/?utm_source=library&utm_medium=wp-dash&utm_campaign=preview\";s:4:\"type\";s:5:\"popup\";s:7:\"subtype\";s:7:\"classic\";s:4:\"tags\";s:34:\"[\"cta\",\"Landing Pages\",\"Magazine\"]\";s:10:\"menu_order\";i:0;s:16:\"popularity_index\";i:-1;s:11:\"trend_index\";i:-1;s:17:\"has_page_settings\";s:1:\"1\";s:6:\"is_pro\";s:1:\"1\";s:12:\"access_level\";i:1;}i:13;a:16:{s:4:\"tmpl\";i:1293;s:2:\"id\";i:22495;s:5:\"title\";s:27:\"Classic | CTA | Music Album\";s:9:\"thumbnail\";s:75:\"https://library.elementor.com/wp-content/uploads/2022/03/music-album-30.jpg\";s:12:\"tmpl_created\";i:1647430056;s:6:\"author\";s:9:\"Elementor\";s:3:\"url\";s:120:\"https://library.elementor.com/popups/classic-cta-music-album/?utm_source=library&utm_medium=wp-dash&utm_campaign=preview\";s:4:\"type\";s:5:\"popup\";s:7:\"subtype\";s:4:\"page\";s:4:\"tags\";s:34:\"[\"Ba\",\"Landing Pages\",\"Marketing\"]\";s:10:\"menu_order\";i:0;s:16:\"popularity_index\";i:-1;s:11:\"trend_index\";i:-1;s:17:\"has_page_settings\";s:1:\"1\";s:6:\"is_pro\";s:1:\"1\";s:12:\"access_level\";i:1;}i:14;a:16:{s:4:\"tmpl\";i:1294;s:2:\"id\";i:22501;s:5:\"title\";s:37:\"Fly-In | CTA | Photography Exhibition\";s:9:\"thumbnail\";s:86:\"https://library.elementor.com/wp-content/uploads/2022/03/photography-exhibition-31.jpg\";s:12:\"tmpl_created\";i:1647430512;s:6:\"author\";s:9:\"Elementor\";s:3:\"url\";s:130:\"https://library.elementor.com/popups/fly-in-cta-photography-exhibition/?utm_source=library&utm_medium=wp-dash&utm_campaign=preview\";s:4:\"type\";s:5:\"popup\";s:7:\"subtype\";s:6:\"fly-in\";s:4:\"tags\";s:33:\"[\"cta\",\"Photography\",\"Portfolio\"]\";s:10:\"menu_order\";i:0;s:16:\"popularity_index\";i:-1;s:11:\"trend_index\";i:-1;s:17:\"has_page_settings\";s:1:\"1\";s:6:\"is_pro\";s:1:\"1\";s:12:\"access_level\";i:1;}i:15;a:16:{s:4:\"tmpl\";i:1295;s:2:\"id\";i:22507;s:5:\"title\";s:34:\"Classic | CTA | Clothing Shop Sale\";s:9:\"thumbnail\";s:82:\"https://library.elementor.com/wp-content/uploads/2022/03/clothing-shop-sale-32.jpg\";s:12:\"tmpl_created\";i:1647430774;s:6:\"author\";s:9:\"Elementor\";s:3:\"url\";s:127:\"https://library.elementor.com/popups/classic-cta-clothing-shop-sale/?utm_source=library&utm_medium=wp-dash&utm_campaign=preview\";s:4:\"type\";s:5:\"popup\";s:7:\"subtype\";s:7:\"classic\";s:4:\"tags\";s:35:\"[\"Ecommerce\",\"Fashion\",\"Marketing\"]\";s:10:\"menu_order\";i:0;s:16:\"popularity_index\";i:-1;s:11:\"trend_index\";i:-1;s:17:\"has_page_settings\";s:1:\"1\";s:6:\"is_pro\";s:1:\"1\";s:12:\"access_level\";i:1;}i:16;a:16:{s:4:\"tmpl\";i:1296;s:2:\"id\";i:22486;s:5:\"title\";s:30:\"Classic | CTA | Shop Promotion\";s:9:\"thumbnail\";s:78:\"https://library.elementor.com/wp-content/uploads/2022/03/shop-promotion-28.jpg\";s:12:\"tmpl_created\";i:1647430951;s:6:\"author\";s:9:\"Elementor\";s:3:\"url\";s:123:\"https://library.elementor.com/popups/classic-cta-shop-promotion/?utm_source=library&utm_medium=wp-dash&utm_campaign=preview\";s:4:\"type\";s:5:\"popup\";s:7:\"subtype\";s:7:\"classic\";s:4:\"tags\";s:32:\"[\"cta\",\"Magazine\",\"Photography\"]\";s:10:\"menu_order\";i:0;s:16:\"popularity_index\";i:-1;s:11:\"trend_index\";i:-1;s:17:\"has_page_settings\";s:1:\"1\";s:6:\"is_pro\";s:1:\"1\";s:12:\"access_level\";i:1;}i:17;a:16:{s:4:\"tmpl\";i:1297;s:2:\"id\";i:22516;s:5:\"title\";s:32:\"Fly-In | CTA | Glasses Shop Sale\";s:9:\"thumbnail\";s:81:\"https://library.elementor.com/wp-content/uploads/2022/03/glasses-shop-sale-33.jpg\";s:12:\"tmpl_created\";i:1647431136;s:6:\"author\";s:9:\"Elementor\";s:3:\"url\";s:125:\"https://library.elementor.com/popups/fly-in-cta-glasses-shop-sale/?utm_source=library&utm_medium=wp-dash&utm_campaign=preview\";s:4:\"type\";s:5:\"popup\";s:7:\"subtype\";s:6:\"fly-in\";s:4:\"tags\";s:30:\"[\"Business\",\"cta\",\"Marketing\"]\";s:10:\"menu_order\";i:0;s:16:\"popularity_index\";i:-1;s:11:\"trend_index\";i:-1;s:17:\"has_page_settings\";s:1:\"1\";s:6:\"is_pro\";s:1:\"1\";s:12:\"access_level\";i:1;}i:18;a:16:{s:4:\"tmpl\";i:1298;s:2:\"id\";i:22522;s:5:\"title\";s:30:\"Fly-In | Discount | Skate Shop\";s:9:\"thumbnail\";s:83:\"https://library.elementor.com/wp-content/uploads/2022/03/50-skate-shop-Discount.jpg\";s:12:\"tmpl_created\";i:1647434058;s:6:\"author\";s:9:\"Elementor\";s:3:\"url\";s:123:\"https://library.elementor.com/popups/fly-in-discount-skate-shop/?utm_source=library&utm_medium=wp-dash&utm_campaign=preview\";s:4:\"type\";s:5:\"popup\";s:7:\"subtype\";s:6:\"fly-in\";s:4:\"tags\";s:32:\"[\"Discount\",\"Ecommerce\",\"Sales\"]\";s:10:\"menu_order\";i:0;s:16:\"popularity_index\";i:-1;s:11:\"trend_index\";i:-1;s:17:\"has_page_settings\";s:1:\"1\";s:6:\"is_pro\";s:1:\"1\";s:12:\"access_level\";i:1;}i:19;a:16:{s:4:\"tmpl\";i:1299;s:2:\"id\";i:22532;s:5:\"title\";s:43:\"Classic | Subscription | Basketball Academy\";s:9:\"thumbnail\";s:95:\"https://library.elementor.com/wp-content/uploads/2022/03/21-basketball-academy-Subscription.jpg\";s:12:\"tmpl_created\";i:1647434608;s:6:\"author\";s:9:\"Elementor\";s:3:\"url\";s:136:\"https://library.elementor.com/popups/classic-subscription-basketball-academy/?utm_source=library&utm_medium=wp-dash&utm_campaign=preview\";s:4:\"type\";s:5:\"popup\";s:7:\"subtype\";s:7:\"classic\";s:4:\"tags\";s:33:\"[\"Education\",\"Marketing\",\"Sport\"]\";s:10:\"menu_order\";i:0;s:16:\"popularity_index\";i:-1;s:11:\"trend_index\";i:-1;s:17:\"has_page_settings\";s:1:\"1\";s:6:\"is_pro\";s:1:\"1\";s:12:\"access_level\";i:1;}i:20;a:16:{s:4:\"tmpl\";i:1300;s:2:\"id\";i:22543;s:5:\"title\";s:38:\"Classic | Discount | Veterinary Clinic\";s:9:\"thumbnail\";s:84:\"https://library.elementor.com/wp-content/uploads/2022/03/veterinery-clinic-small.jpg\";s:12:\"tmpl_created\";i:1647435581;s:6:\"author\";s:9:\"Elementor\";s:3:\"url\";s:131:\"https://library.elementor.com/popups/classic-discount-veterinary-clinic/?utm_source=library&utm_medium=wp-dash&utm_campaign=preview\";s:4:\"type\";s:5:\"popup\";s:7:\"subtype\";s:7:\"classic\";s:4:\"tags\";s:19:\"[\"Discount\",\"Pets\"]\";s:10:\"menu_order\";i:0;s:16:\"popularity_index\";i:-1;s:11:\"trend_index\";i:-1;s:17:\"has_page_settings\";s:1:\"1\";s:6:\"is_pro\";s:1:\"1\";s:12:\"access_level\";i:1;}i:21;a:16:{s:4:\"tmpl\";i:1301;s:2:\"id\";i:22553;s:5:\"title\";s:39:\"Classic | Contact | Business Consulting\";s:9:\"thumbnail\";s:94:\"https://library.elementor.com/wp-content/uploads/2022/03/27-business-consulting-Contact-Us.jpg\";s:12:\"tmpl_created\";i:1647439935;s:6:\"author\";s:9:\"Elementor\";s:3:\"url\";s:132:\"https://library.elementor.com/popups/classic-contact-business-consulting/?utm_source=library&utm_medium=wp-dash&utm_campaign=preview\";s:4:\"type\";s:5:\"popup\";s:7:\"subtype\";s:7:\"classic\";s:4:\"tags\";s:22:\"[\"Business\",\"Contact\"]\";s:10:\"menu_order\";i:0;s:16:\"popularity_index\";i:-1;s:11:\"trend_index\";i:-1;s:17:\"has_page_settings\";s:1:\"1\";s:6:\"is_pro\";s:1:\"1\";s:12:\"access_level\";i:1;}i:22;a:16:{s:4:\"tmpl\";i:1302;s:2:\"id\";i:22562;s:5:\"title\";s:28:\"Classic | Contact | Handyman\";s:9:\"thumbnail\";s:75:\"https://library.elementor.com/wp-content/uploads/2022/03/handyman-small.jpg\";s:12:\"tmpl_created\";i:1647440333;s:6:\"author\";s:9:\"Elementor\";s:3:\"url\";s:121:\"https://library.elementor.com/popups/classic-contact-handyman/?utm_source=library&utm_medium=wp-dash&utm_campaign=preview\";s:4:\"type\";s:5:\"popup\";s:7:\"subtype\";s:7:\"classic\";s:4:\"tags\";s:33:\"[\"Business\",\"Contact\",\"Services\"]\";s:10:\"menu_order\";i:0;s:16:\"popularity_index\";i:-1;s:11:\"trend_index\";i:-1;s:17:\"has_page_settings\";s:1:\"1\";s:6:\"is_pro\";s:1:\"1\";s:12:\"access_level\";i:1;}i:23;a:16:{s:4:\"tmpl\";i:1303;s:2:\"id\";i:22573;s:5:\"title\";s:40:\"Classic | Discount | Online Fashion Shop\";s:9:\"thumbnail\";s:92:\"https://library.elementor.com/wp-content/uploads/2022/03/31-online-fashion-shop-Discount.jpg\";s:12:\"tmpl_created\";i:1647462549;s:6:\"author\";s:9:\"Elementor\";s:3:\"url\";s:133:\"https://library.elementor.com/popups/classic-discount-online-fashion-shop/?utm_source=library&utm_medium=wp-dash&utm_campaign=preview\";s:4:\"type\";s:5:\"popup\";s:7:\"subtype\";s:7:\"classic\";s:4:\"tags\";s:32:\"[\"Discount\",\"Ecommerce\",\"Sales\"]\";s:10:\"menu_order\";i:0;s:16:\"popularity_index\";i:-1;s:11:\"trend_index\";i:-1;s:17:\"has_page_settings\";s:1:\"1\";s:6:\"is_pro\";s:1:\"1\";s:12:\"access_level\";i:1;}i:24;a:16:{s:4:\"tmpl\";i:1304;s:2:\"id\";i:22583;s:5:\"title\";s:36:\"Fly-In | Discount | Personal Trainer\";s:9:\"thumbnail\";s:83:\"https://library.elementor.com/wp-content/uploads/2022/03/personal-trainer-small.jpg\";s:12:\"tmpl_created\";i:1647503781;s:6:\"author\";s:9:\"Elementor\";s:3:\"url\";s:129:\"https://library.elementor.com/popups/fly-in-discount-personal-trainer/?utm_source=library&utm_medium=wp-dash&utm_campaign=preview\";s:4:\"type\";s:5:\"popup\";s:7:\"subtype\";s:6:\"fly-in\";s:4:\"tags\";s:31:\"[\"Discount\",\"Sport\",\"Training\"]\";s:10:\"menu_order\";i:0;s:16:\"popularity_index\";i:-1;s:11:\"trend_index\";i:-1;s:17:\"has_page_settings\";s:1:\"1\";s:6:\"is_pro\";s:1:\"1\";s:12:\"access_level\";i:1;}i:25;a:16:{s:4:\"tmpl\";i:1305;s:2:\"id\";i:22592;s:5:\"title\";s:41:\"Classic | Contact | Illustrator Portfolio\";s:9:\"thumbnail\";s:88:\"https://library.elementor.com/wp-content/uploads/2022/03/illustrator-protfolio-small.jpg\";s:12:\"tmpl_created\";i:1647504218;s:6:\"author\";s:9:\"Elementor\";s:3:\"url\";s:134:\"https://library.elementor.com/popups/classic-contact-illustrator-portfolio/?utm_source=library&utm_medium=wp-dash&utm_campaign=preview\";s:4:\"type\";s:5:\"popup\";s:7:\"subtype\";s:7:\"classic\";s:4:\"tags\";s:49:\"[\"Contact\",\"Creative Portfolio\",\"Digital Agency\"]\";s:10:\"menu_order\";i:0;s:16:\"popularity_index\";i:-1;s:11:\"trend_index\";i:-1;s:17:\"has_page_settings\";s:1:\"1\";s:6:\"is_pro\";s:1:\"1\";s:12:\"access_level\";i:1;}i:26;a:16:{s:4:\"tmpl\";i:1306;s:2:\"id\";i:22602;s:5:\"title\";s:46:\"Bottom Bar | Discount | Handmade Ceramics Shop\";s:9:\"thumbnail\";s:91:\"https://library.elementor.com/wp-content/uploads/2022/03/handmade-ceramic-shop-36-small.jpg\";s:12:\"tmpl_created\";i:1647507007;s:6:\"author\";s:9:\"Elementor\";s:3:\"url\";s:139:\"https://library.elementor.com/popups/bottom-bar-discount-handmade-ceramics-shop/?utm_source=library&utm_medium=wp-dash&utm_campaign=preview\";s:4:\"type\";s:5:\"popup\";s:7:\"subtype\";s:10:\"bottom bar\";s:4:\"tags\";s:48:\"[\"Business\",\"cta\",\"Ecommerce\",\"Interior Design\"]\";s:10:\"menu_order\";i:0;s:16:\"popularity_index\";i:-1;s:11:\"trend_index\";i:-1;s:17:\"has_page_settings\";s:1:\"1\";s:6:\"is_pro\";s:1:\"1\";s:12:\"access_level\";i:1;}i:27;a:16:{s:4:\"tmpl\";i:1307;s:2:\"id\";i:22612;s:5:\"title\";s:51:\"Classic | Contact | Classic Car Restoration Company\";s:9:\"thumbnail\";s:90:\"https://library.elementor.com/wp-content/uploads/2022/03/restoration-car-shop-37-small.jpg\";s:12:\"tmpl_created\";i:1647507310;s:6:\"author\";s:9:\"Elementor\";s:3:\"url\";s:144:\"https://library.elementor.com/popups/classic-contact-classic-car-restoration-company/?utm_source=library&utm_medium=wp-dash&utm_campaign=preview\";s:4:\"type\";s:5:\"popup\";s:7:\"subtype\";s:7:\"classic\";s:4:\"tags\";s:32:\"[\"Booking\",\"Contact\",\"Services\"]\";s:10:\"menu_order\";i:0;s:16:\"popularity_index\";i:-1;s:11:\"trend_index\";i:-1;s:17:\"has_page_settings\";s:1:\"1\";s:6:\"is_pro\";s:1:\"1\";s:12:\"access_level\";i:1;}i:28;a:16:{s:4:\"tmpl\";i:1052;s:2:\"id\";i:15259;s:5:\"title\";s:31:\"Hello Bar | Menu | Psychologist\";s:9:\"thumbnail\";s:71:\"https://library.elementor.com/wp-content/uploads/2020/09/Menu-PopUp.png\";s:12:\"tmpl_created\";i:1600170209;s:6:\"author\";s:9:\"Elementor\";s:3:\"url\";s:124:\"https://library.elementor.com/popups/hello-bar-menu-psychologist/?utm_source=library&utm_medium=wp-dash&utm_campaign=preview\";s:4:\"type\";s:5:\"popup\";s:7:\"subtype\";s:9:\"hello bar\";s:4:\"tags\";s:34:\"[\"Psychologist\",\"Psychotherapist\"]\";s:10:\"menu_order\";i:0;s:16:\"popularity_index\";i:739;s:11:\"trend_index\";i:583;s:17:\"has_page_settings\";s:1:\"1\";s:6:\"is_pro\";s:1:\"1\";s:12:\"access_level\";i:1;}i:29;a:16:{s:4:\"tmpl\";i:1308;s:2:\"id\";i:22621;s:5:\"title\";s:30:\"Classic | Booking | Life Coach\";s:9:\"thumbnail\";s:82:\"https://library.elementor.com/wp-content/uploads/2022/03/38-life-coach-Booking.jpg\";s:12:\"tmpl_created\";i:1647508596;s:6:\"author\";s:9:\"Elementor\";s:3:\"url\";s:123:\"https://library.elementor.com/popups/classic-booking-life-coach/?utm_source=library&utm_medium=wp-dash&utm_campaign=preview\";s:4:\"type\";s:5:\"popup\";s:7:\"subtype\";s:7:\"classic\";s:4:\"tags\";s:33:\"[\"Booking\",\"Business\",\"Services\"]\";s:10:\"menu_order\";i:0;s:16:\"popularity_index\";i:-1;s:11:\"trend_index\";i:-1;s:17:\"has_page_settings\";s:1:\"1\";s:6:\"is_pro\";s:1:\"1\";s:12:\"access_level\";i:1;}i:30;a:16:{s:4:\"tmpl\";i:1053;s:2:\"id\";i:15272;s:5:\"title\";s:32:\"Classic | Contact | Psychologist\";s:9:\"thumbnail\";s:66:\"https://library.elementor.com/wp-content/uploads/2020/09/PopUp.png\";s:12:\"tmpl_created\";i:1600170487;s:6:\"author\";s:9:\"Elementor\";s:3:\"url\";s:125:\"https://library.elementor.com/popups/classic-contact-psychologist/?utm_source=library&utm_medium=wp-dash&utm_campaign=preview\";s:4:\"type\";s:5:\"popup\";s:7:\"subtype\";s:7:\"classic\";s:4:\"tags\";s:34:\"[\"Psychologist\",\"Psychotherapist\"]\";s:10:\"menu_order\";i:0;s:16:\"popularity_index\";i:578;s:11:\"trend_index\";i:312;s:17:\"has_page_settings\";s:1:\"1\";s:6:\"is_pro\";s:1:\"1\";s:12:\"access_level\";i:1;}i:31;a:16:{s:4:\"tmpl\";i:1309;s:2:\"id\";i:22632;s:5:\"title\";s:42:\"Classic |  Subscription | Merchandise Shop\";s:9:\"thumbnail\";s:86:\"https://library.elementor.com/wp-content/uploads/2022/03/Merchandise-Shop-39-small.jpg\";s:12:\"tmpl_created\";i:1647509196;s:6:\"author\";s:9:\"Elementor\";s:3:\"url\";s:134:\"https://library.elementor.com/popups/classic-subscription-merchandise-shop/?utm_source=library&utm_medium=wp-dash&utm_campaign=preview\";s:4:\"type\";s:5:\"popup\";s:7:\"subtype\";s:7:\"classic\";s:4:\"tags\";s:32:\"[\"Ecommerce\",\"Marketing\",\"Shop\"]\";s:10:\"menu_order\";i:0;s:16:\"popularity_index\";i:-1;s:11:\"trend_index\";i:-1;s:17:\"has_page_settings\";s:1:\"1\";s:6:\"is_pro\";s:1:\"1\";s:12:\"access_level\";i:1;}i:32;a:16:{s:4:\"tmpl\";i:1054;s:2:\"id\";i:15414;s:5:\"title\";s:32:\"Classic | Contact | Dance Studio\";s:9:\"thumbnail\";s:66:\"https://library.elementor.com/wp-content/uploads/2020/10/PopUp.jpg\";s:12:\"tmpl_created\";i:1603180596;s:6:\"author\";s:9:\"Elementor\";s:3:\"url\";s:125:\"https://library.elementor.com/popups/classic-contact-dance-studio/?utm_source=library&utm_medium=wp-dash&utm_campaign=preview\";s:4:\"type\";s:5:\"popup\";s:7:\"subtype\";s:7:\"classic\";s:4:\"tags\";s:16:\"[\"dance studio\"]\";s:10:\"menu_order\";i:0;s:16:\"popularity_index\";i:762;s:11:\"trend_index\";i:650;s:17:\"has_page_settings\";s:1:\"1\";s:6:\"is_pro\";s:1:\"1\";s:12:\"access_level\";i:1;}i:33;a:16:{s:4:\"tmpl\";i:1310;s:2:\"id\";i:22643;s:5:\"title\";s:48:\"Fly-In | Contact | Non-Governmental Organization\";s:9:\"thumbnail\";s:73:\"https://library.elementor.com/wp-content/uploads/2022/03/NGO-41-small.jpg\";s:12:\"tmpl_created\";i:1647509528;s:6:\"author\";s:9:\"Elementor\";s:3:\"url\";s:141:\"https://library.elementor.com/popups/fly-in-contact-non-governmental-organization/?utm_source=library&utm_medium=wp-dash&utm_campaign=preview\";s:4:\"type\";s:5:\"popup\";s:7:\"subtype\";s:6:\"fly-in\";s:4:\"tags\";s:11:\"[\"Contact\"]\";s:10:\"menu_order\";i:0;s:16:\"popularity_index\";i:-1;s:11:\"trend_index\";i:-1;s:17:\"has_page_settings\";s:1:\"1\";s:6:\"is_pro\";s:1:\"1\";s:12:\"access_level\";i:1;}i:34;a:16:{s:4:\"tmpl\";i:1311;s:2:\"id\";i:22654;s:5:\"title\";s:35:\"Hello Bar | Contact | Family Doctor\";s:9:\"thumbnail\";s:83:\"https://library.elementor.com/wp-content/uploads/2022/03/family-doctor-44-small.jpg\";s:12:\"tmpl_created\";i:1647509732;s:6:\"author\";s:9:\"Elementor\";s:3:\"url\";s:128:\"https://library.elementor.com/popups/hello-bar-contact-family-doctor/?utm_source=library&utm_medium=wp-dash&utm_campaign=preview\";s:4:\"type\";s:5:\"popup\";s:7:\"subtype\";s:9:\"hello bar\";s:4:\"tags\";s:31:\"[\"Contact\",\"Health\",\"Services\"]\";s:10:\"menu_order\";i:0;s:16:\"popularity_index\";i:-1;s:11:\"trend_index\";i:-1;s:17:\"has_page_settings\";s:1:\"1\";s:6:\"is_pro\";s:1:\"1\";s:12:\"access_level\";i:1;}i:35;a:16:{s:4:\"tmpl\";i:1312;s:2:\"id\";i:22663;s:5:\"title\";s:36:\"Classic | Subscription | Sports Blog\";s:9:\"thumbnail\";s:87:\"https://library.elementor.com/wp-content/uploads/2022/03/45-sport-blog-Subscription.jpg\";s:12:\"tmpl_created\";i:1647509908;s:6:\"author\";s:9:\"Elementor\";s:3:\"url\";s:129:\"https://library.elementor.com/popups/classic-subscription-sports-blog/?utm_source=library&utm_medium=wp-dash&utm_campaign=preview\";s:4:\"type\";s:5:\"popup\";s:7:\"subtype\";s:7:\"classic\";s:4:\"tags\";s:16:\"[\"Blog\",\"Sport\"]\";s:10:\"menu_order\";i:0;s:16:\"popularity_index\";i:-1;s:11:\"trend_index\";i:-1;s:17:\"has_page_settings\";s:1:\"1\";s:6:\"is_pro\";s:1:\"1\";s:12:\"access_level\";i:1;}i:36;a:16:{s:4:\"tmpl\";i:1313;s:2:\"id\";i:22673;s:5:\"title\";s:30:\"Hello Bar | Booking | Event DJ\";s:9:\"thumbnail\";s:80:\"https://library.elementor.com/wp-content/uploads/2022/03/DJ-service-46-small.jpg\";s:12:\"tmpl_created\";i:1647510160;s:6:\"author\";s:9:\"Elementor\";s:3:\"url\";s:123:\"https://library.elementor.com/popups/hello-bar-booking-event-dj/?utm_source=library&utm_medium=wp-dash&utm_campaign=preview\";s:4:\"type\";s:5:\"popup\";s:7:\"subtype\";s:9:\"hello bar\";s:4:\"tags\";s:31:\"[\"Booking\",\"Events\",\"Services\"]\";s:10:\"menu_order\";i:0;s:16:\"popularity_index\";i:-1;s:11:\"trend_index\";i:-1;s:17:\"has_page_settings\";s:1:\"1\";s:6:\"is_pro\";s:1:\"1\";s:12:\"access_level\";i:1;}i:37;a:16:{s:4:\"tmpl\";i:1314;s:2:\"id\";i:22684;s:5:\"title\";s:36:\"Fly-In | Discount | Cleaning Company\";s:9:\"thumbnail\";s:89:\"https://library.elementor.com/wp-content/uploads/2022/03/51-cleaning-company-Discount.jpg\";s:12:\"tmpl_created\";i:1647510546;s:6:\"author\";s:9:\"Elementor\";s:3:\"url\";s:129:\"https://library.elementor.com/popups/fly-in-discount-cleaning-company/?utm_source=library&utm_medium=wp-dash&utm_campaign=preview\";s:4:\"type\";s:5:\"popup\";s:7:\"subtype\";s:6:\"fly-in\";s:4:\"tags\";s:31:\"[\"Discount\",\"Offer\",\"Services\"]\";s:10:\"menu_order\";i:0;s:16:\"popularity_index\";i:-1;s:11:\"trend_index\";i:-1;s:17:\"has_page_settings\";s:1:\"1\";s:6:\"is_pro\";s:1:\"1\";s:12:\"access_level\";i:1;}i:38;a:16:{s:4:\"tmpl\";i:1315;s:2:\"id\";i:22693;s:5:\"title\";s:28:\"Fly-In | Contact | Carpenter\";s:9:\"thumbnail\";s:79:\"https://library.elementor.com/wp-content/uploads/2022/03/carpenter-53-small.jpg\";s:12:\"tmpl_created\";i:1647511972;s:6:\"author\";s:9:\"Elementor\";s:3:\"url\";s:121:\"https://library.elementor.com/popups/fly-in-contact-carpenter/?utm_source=library&utm_medium=wp-dash&utm_campaign=preview\";s:4:\"type\";s:5:\"popup\";s:7:\"subtype\";s:6:\"fly-in\";s:4:\"tags\";s:22:\"[\"Contact\",\"Services\"]\";s:10:\"menu_order\";i:0;s:16:\"popularity_index\";i:-1;s:11:\"trend_index\";i:-1;s:17:\"has_page_settings\";s:1:\"1\";s:6:\"is_pro\";s:1:\"1\";s:12:\"access_level\";i:1;}i:39;a:16:{s:4:\"tmpl\";i:1316;s:2:\"id\";i:22703;s:5:\"title\";s:31:\"Classic | Booking | Yoga Studio\";s:9:\"thumbnail\";s:86:\"https://library.elementor.com/wp-content/uploads/2022/03/55-yoga-studio-Contact-Us.jpg\";s:12:\"tmpl_created\";i:1647512209;s:6:\"author\";s:9:\"Elementor\";s:3:\"url\";s:124:\"https://library.elementor.com/popups/classic-booking-yoga-studio/?utm_source=library&utm_medium=wp-dash&utm_campaign=preview\";s:4:\"type\";s:5:\"popup\";s:7:\"subtype\";s:7:\"classic\";s:4:\"tags\";s:30:\"[\"Booking\",\"Contact\",\"Health\"]\";s:10:\"menu_order\";i:0;s:16:\"popularity_index\";i:-1;s:11:\"trend_index\";i:-1;s:17:\"has_page_settings\";s:1:\"1\";s:6:\"is_pro\";s:1:\"1\";s:12:\"access_level\";i:1;}i:40;a:16:{s:4:\"tmpl\";i:1317;s:2:\"id\";i:22714;s:5:\"title\";s:37:\"Classic | Discount | Pet Care Company\";s:9:\"thumbnail\";s:81:\"https://library.elementor.com/wp-content/uploads/2022/03/56-Pet-Care-Discount.jpg\";s:12:\"tmpl_created\";i:1647513031;s:6:\"author\";s:9:\"Elementor\";s:3:\"url\";s:130:\"https://library.elementor.com/popups/classic-discount-pet-care-company/?utm_source=library&utm_medium=wp-dash&utm_campaign=preview\";s:4:\"type\";s:5:\"popup\";s:7:\"subtype\";s:7:\"classic\";s:4:\"tags\";s:17:\"[\"Offer\",\"Sales\"]\";s:10:\"menu_order\";i:0;s:16:\"popularity_index\";i:-1;s:11:\"trend_index\";i:-1;s:17:\"has_page_settings\";s:1:\"1\";s:6:\"is_pro\";s:1:\"1\";s:12:\"access_level\";i:1;}i:41;a:16:{s:4:\"tmpl\";i:1318;s:2:\"id\";i:22725;s:5:\"title\";s:38:\"Fly-In | Discount | Online Coffee Shop\";s:9:\"thumbnail\";s:88:\"https://library.elementor.com/wp-content/uploads/2022/03/online-coffee-shop-57-small.jpg\";s:12:\"tmpl_created\";i:1647513325;s:6:\"author\";s:9:\"Elementor\";s:3:\"url\";s:131:\"https://library.elementor.com/popups/fly-in-discount-online-coffee-shop/?utm_source=library&utm_medium=wp-dash&utm_campaign=preview\";s:4:\"type\";s:5:\"popup\";s:7:\"subtype\";s:6:\"fly-in\";s:4:\"tags\";s:29:\"[\"Food\",\"Offer\",\"Restaurant\"]\";s:10:\"menu_order\";i:0;s:16:\"popularity_index\";i:-1;s:11:\"trend_index\";i:-1;s:17:\"has_page_settings\";s:1:\"1\";s:6:\"is_pro\";s:1:\"1\";s:12:\"access_level\";i:1;}i:42;a:16:{s:4:\"tmpl\";i:1319;s:2:\"id\";i:22737;s:5:\"title\";s:44:\"Fly-In | CTA | Moving &#038; Storage Company\";s:9:\"thumbnail\";s:84:\"https://library.elementor.com/wp-content/uploads/2022/03/moving-company-59-small.jpg\";s:12:\"tmpl_created\";i:1647520956;s:6:\"author\";s:9:\"Elementor\";s:3:\"url\";s:130:\"https://library.elementor.com/popups/fly-in-cta-moving-storage-company/?utm_source=library&utm_medium=wp-dash&utm_campaign=preview\";s:4:\"type\";s:5:\"popup\";s:7:\"subtype\";s:6:\"fly-in\";s:4:\"tags\";s:12:\"[\"Services\"]\";s:10:\"menu_order\";i:0;s:16:\"popularity_index\";i:-1;s:11:\"trend_index\";i:-1;s:17:\"has_page_settings\";s:1:\"1\";s:6:\"is_pro\";s:1:\"1\";s:12:\"access_level\";i:1;}i:43;a:16:{s:4:\"tmpl\";i:1064;s:2:\"id\";i:15580;s:5:\"title\";s:31:\"Fullscreen | Menu | Travel Blog\";s:9:\"thumbnail\";s:71:\"https://library.elementor.com/wp-content/uploads/2020/11/PopUp-Menu.jpg\";s:12:\"tmpl_created\";i:1606215358;s:6:\"author\";s:9:\"Elementor\";s:3:\"url\";s:124:\"https://library.elementor.com/popups/fullscreen-menu-travel-blog/?utm_source=library&utm_medium=wp-dash&utm_campaign=preview\";s:4:\"type\";s:5:\"popup\";s:7:\"subtype\";s:11:\"full screen\";s:4:\"tags\";s:17:\"[\"Blog\",\"Travel\"]\";s:10:\"menu_order\";i:0;s:16:\"popularity_index\";i:673;s:11:\"trend_index\";i:348;s:17:\"has_page_settings\";s:1:\"1\";s:6:\"is_pro\";s:1:\"1\";s:12:\"access_level\";i:1;}i:44;a:16:{s:4:\"tmpl\";i:1320;s:2:\"id\";i:22749;s:5:\"title\";s:47:\"Classic | Contact | Industrial Design Portfolio\";s:9:\"thumbnail\";s:92:\"https://library.elementor.com/wp-content/uploads/2022/03/60-industrial-design-Contact-Us.jpg\";s:12:\"tmpl_created\";i:1647528116;s:6:\"author\";s:9:\"Elementor\";s:3:\"url\";s:140:\"https://library.elementor.com/popups/classic-contact-industrial-design-portfolio/?utm_source=library&utm_medium=wp-dash&utm_campaign=preview\";s:4:\"type\";s:5:\"popup\";s:7:\"subtype\";s:7:\"classic\";s:4:\"tags\";s:40:\"[\"Contact\",\"Interior Design\",\"Services\"]\";s:10:\"menu_order\";i:0;s:16:\"popularity_index\";i:-1;s:11:\"trend_index\";i:-1;s:17:\"has_page_settings\";s:1:\"1\";s:6:\"is_pro\";s:1:\"1\";s:12:\"access_level\";i:1;}i:45;a:16:{s:4:\"tmpl\";i:1065;s:2:\"id\";i:15570;s:5:\"title\";s:33:\"Classic | Subscribe | Travel Blog\";s:9:\"thumbnail\";s:66:\"https://library.elementor.com/wp-content/uploads/2020/11/PopUp.jpg\";s:12:\"tmpl_created\";i:1606215555;s:6:\"author\";s:9:\"Elementor\";s:3:\"url\";s:126:\"https://library.elementor.com/popups/classic-subscribe-travel-blog/?utm_source=library&utm_medium=wp-dash&utm_campaign=preview\";s:4:\"type\";s:5:\"popup\";s:7:\"subtype\";s:7:\"classic\";s:4:\"tags\";s:17:\"[\"Blog\",\"Travel\"]\";s:10:\"menu_order\";i:0;s:16:\"popularity_index\";i:709;s:11:\"trend_index\";i:459;s:17:\"has_page_settings\";s:1:\"1\";s:6:\"is_pro\";s:1:\"1\";s:12:\"access_level\";i:1;}i:46;a:16:{s:4:\"tmpl\";i:1321;s:2:\"id\";i:22759;s:5:\"title\";s:25:\"Classic | Contact | Drone\";s:9:\"thumbnail\";s:75:\"https://library.elementor.com/wp-content/uploads/2022/03/drone-61-small.jpg\";s:12:\"tmpl_created\";i:1647528899;s:6:\"author\";s:9:\"Elementor\";s:3:\"url\";s:118:\"https://library.elementor.com/popups/classic-contact-drone/?utm_source=library&utm_medium=wp-dash&utm_campaign=preview\";s:4:\"type\";s:5:\"popup\";s:7:\"subtype\";s:7:\"classic\";s:4:\"tags\";s:22:\"[\"Contact\",\"Services\"]\";s:10:\"menu_order\";i:0;s:16:\"popularity_index\";i:-1;s:11:\"trend_index\";i:-1;s:17:\"has_page_settings\";s:1:\"1\";s:6:\"is_pro\";s:1:\"1\";s:12:\"access_level\";i:1;}i:47;a:16:{s:4:\"tmpl\";i:1322;s:2:\"id\";i:22768;s:5:\"title\";s:46:\"Full Screen | Menu | Fashion Stylist Portfolio\";s:9:\"thumbnail\";s:84:\"https://library.elementor.com/wp-content/uploads/2022/03/62-Fashion-Stylist-Menu.jpg\";s:12:\"tmpl_created\";i:1647529434;s:6:\"author\";s:9:\"Elementor\";s:3:\"url\";s:139:\"https://library.elementor.com/popups/full-screen-menu-fashion-stylist-portfolio/?utm_source=library&utm_medium=wp-dash&utm_campaign=preview\";s:4:\"type\";s:5:\"popup\";s:7:\"subtype\";s:11:\"full screen\";s:4:\"tags\";s:31:\"[\"Fashion\",\"Fullscreen\",\"menu\"]\";s:10:\"menu_order\";i:0;s:16:\"popularity_index\";i:-1;s:11:\"trend_index\";i:-1;s:17:\"has_page_settings\";s:1:\"1\";s:6:\"is_pro\";s:1:\"1\";s:12:\"access_level\";i:1;}i:48;a:16:{s:4:\"tmpl\";i:1323;s:2:\"id\";i:22780;s:5:\"title\";s:31:\"Fly-In | CTA | Landscape Design\";s:9:\"thumbnail\";s:94:\"https://library.elementor.com/wp-content/uploads/2022/03/64-Landscape-Design-Click-Through.jpg\";s:12:\"tmpl_created\";i:1647530337;s:6:\"author\";s:9:\"Elementor\";s:3:\"url\";s:124:\"https://library.elementor.com/popups/fly-in-cta-landscape-design/?utm_source=library&utm_medium=wp-dash&utm_campaign=preview\";s:4:\"type\";s:5:\"popup\";s:7:\"subtype\";s:6:\"fly-in\";s:4:\"tags\";s:18:\"[\"cta\",\"Services\"]\";s:10:\"menu_order\";i:0;s:16:\"popularity_index\";i:-1;s:11:\"trend_index\";i:-1;s:17:\"has_page_settings\";s:1:\"1\";s:6:\"is_pro\";s:1:\"1\";s:12:\"access_level\";i:1;}i:49;a:16:{s:4:\"tmpl\";i:1324;s:2:\"id\";i:22790;s:5:\"title\";s:48:\"Bottom Bar  | Contact | Architecture Photography\";s:9:\"thumbnail\";s:94:\"https://library.elementor.com/wp-content/uploads/2022/03/architecture-photography-65-small.jpg\";s:12:\"tmpl_created\";i:1647532358;s:6:\"author\";s:9:\"Elementor\";s:3:\"url\";s:140:\"https://library.elementor.com/popups/bottom-bar-contact-architecture-photography/?utm_source=library&utm_medium=wp-dash&utm_campaign=preview\";s:4:\"type\";s:5:\"popup\";s:7:\"subtype\";s:4:\"page\";s:4:\"tags\";s:26:\"[\"Architecture\",\"Contact\"]\";s:10:\"menu_order\";i:0;s:16:\"popularity_index\";i:-1;s:11:\"trend_index\";i:-1;s:17:\"has_page_settings\";s:1:\"1\";s:6:\"is_pro\";s:1:\"1\";s:12:\"access_level\";i:1;}i:50;a:16:{s:4:\"tmpl\";i:1325;s:2:\"id\";i:22800;s:5:\"title\";s:41:\"Fly-In  | CTA | Speech-Language Therapist\";s:9:\"thumbnail\";s:103:\"https://library.elementor.com/wp-content/uploads/2022/03/66-Speech-Language-Therapist-Click-Through.jpg\";s:12:\"tmpl_created\";i:1647532720;s:6:\"author\";s:9:\"Elementor\";s:3:\"url\";s:133:\"https://library.elementor.com/popups/fly-in-cta-speech-language-therapist/?utm_source=library&utm_medium=wp-dash&utm_campaign=preview\";s:4:\"type\";s:5:\"popup\";s:7:\"subtype\";s:6:\"fly-in\";s:4:\"tags\";s:25:\"[\"cta\",\"Psychotherapist\"]\";s:10:\"menu_order\";i:0;s:16:\"popularity_index\";i:-1;s:11:\"trend_index\";i:-1;s:17:\"has_page_settings\";s:1:\"1\";s:6:\"is_pro\";s:1:\"1\";s:12:\"access_level\";i:1;}i:51;a:16:{s:4:\"tmpl\";i:1326;s:2:\"id\";i:22812;s:5:\"title\";s:35:\"Full Screen | Verification | Winery\";s:9:\"thumbnail\";s:83:\"https://library.elementor.com/wp-content/uploads/2022/03/67-Winery-Verification.jpg\";s:12:\"tmpl_created\";i:1647761384;s:6:\"author\";s:9:\"Elementor\";s:3:\"url\";s:128:\"https://library.elementor.com/popups/full-screen-verification-winery/?utm_source=library&utm_medium=wp-dash&utm_campaign=preview\";s:4:\"type\";s:5:\"popup\";s:7:\"subtype\";s:11:\"full screen\";s:4:\"tags\";s:24:\"[\"Alert\",\"Verification\"]\";s:10:\"menu_order\";i:0;s:16:\"popularity_index\";i:-1;s:11:\"trend_index\";i:-1;s:17:\"has_page_settings\";s:1:\"1\";s:6:\"is_pro\";s:1:\"1\";s:12:\"access_level\";i:1;}i:52;a:16:{s:4:\"tmpl\";i:1327;s:2:\"id\";i:22822;s:5:\"title\";s:36:\"Fly-In | Subscription | Nutritionist\";s:9:\"thumbnail\";s:82:\"https://library.elementor.com/wp-content/uploads/2022/03/nutritionist-69-small.jpg\";s:12:\"tmpl_created\";i:1647762620;s:6:\"author\";s:9:\"Elementor\";s:3:\"url\";s:129:\"https://library.elementor.com/popups/fly-in-subscription-nutritionist/?utm_source=library&utm_medium=wp-dash&utm_campaign=preview\";s:4:\"type\";s:5:\"popup\";s:7:\"subtype\";s:6:\"fly-in\";s:4:\"tags\";s:28:\"[\"Food\",\"Health\",\"Services\"]\";s:10:\"menu_order\";i:0;s:16:\"popularity_index\";i:-1;s:11:\"trend_index\";i:-1;s:17:\"has_page_settings\";s:1:\"1\";s:6:\"is_pro\";s:1:\"1\";s:12:\"access_level\";i:1;}i:53;a:16:{s:4:\"tmpl\";i:1328;s:2:\"id\";i:22833;s:5:\"title\";s:40:\"Classic | Subscription | App &#038; SaaS\";s:9:\"thumbnail\";s:73:\"https://library.elementor.com/wp-content/uploads/2022/03/app-70-small.jpg\";s:12:\"tmpl_created\";i:1647762955;s:6:\"author\";s:9:\"Elementor\";s:3:\"url\";s:126:\"https://library.elementor.com/popups/classic-subscription-app-saas/?utm_source=library&utm_medium=wp-dash&utm_campaign=preview\";s:4:\"type\";s:5:\"popup\";s:7:\"subtype\";s:7:\"classic\";s:4:\"tags\";s:14:\"[\"App\",\"SaaS\"]\";s:10:\"menu_order\";i:0;s:16:\"popularity_index\";i:-1;s:11:\"trend_index\";i:-1;s:17:\"has_page_settings\";s:1:\"1\";s:6:\"is_pro\";s:1:\"1\";s:12:\"access_level\";i:1;}i:54;a:16:{s:4:\"tmpl\";i:1329;s:2:\"id\";i:22844;s:5:\"title\";s:41:\"Bottom Bar | Discount | Handmade Cupcakes\";s:9:\"thumbnail\";s:90:\"https://library.elementor.com/wp-content/uploads/2022/03/72-Handmade-Cupcakes-Discount.jpg\";s:12:\"tmpl_created\";i:1647763350;s:6:\"author\";s:9:\"Elementor\";s:3:\"url\";s:134:\"https://library.elementor.com/popups/bottom-bar-discount-handmade-cupcakes/?utm_source=library&utm_medium=wp-dash&utm_campaign=preview\";s:4:\"type\";s:5:\"popup\";s:7:\"subtype\";s:10:\"bottom bar\";s:4:\"tags\";s:21:\"[\"Food\",\"Restaurant\"]\";s:10:\"menu_order\";i:0;s:16:\"popularity_index\";i:-1;s:11:\"trend_index\";i:-1;s:17:\"has_page_settings\";s:1:\"1\";s:6:\"is_pro\";s:1:\"1\";s:12:\"access_level\";i:1;}i:55;a:16:{s:4:\"tmpl\";i:1330;s:2:\"id\";i:22855;s:5:\"title\";s:40:\"Bottom Bar | Subscription | Fashion Blog\";s:9:\"thumbnail\";s:82:\"https://library.elementor.com/wp-content/uploads/2022/03/fashion-blog-75-small.jpg\";s:12:\"tmpl_created\";i:1647763907;s:6:\"author\";s:9:\"Elementor\";s:3:\"url\";s:133:\"https://library.elementor.com/popups/bottom-bar-subscription-fashion-blog/?utm_source=library&utm_medium=wp-dash&utm_campaign=preview\";s:4:\"type\";s:5:\"popup\";s:7:\"subtype\";s:10:\"bottom bar\";s:4:\"tags\";s:30:\"[\"Blog\",\"Fashion\",\"subscribe\"]\";s:10:\"menu_order\";i:0;s:16:\"popularity_index\";i:-1;s:11:\"trend_index\";i:-1;s:17:\"has_page_settings\";s:1:\"1\";s:6:\"is_pro\";s:1:\"1\";s:12:\"access_level\";i:1;}i:56;a:16:{s:4:\"tmpl\";i:1331;s:2:\"id\";i:22866;s:5:\"title\";s:28:\"Fly-In | CTA | Private Tutor\";s:9:\"thumbnail\";s:83:\"https://library.elementor.com/wp-content/uploads/2022/03/private-tutor-77-small.jpg\";s:12:\"tmpl_created\";i:1647764062;s:6:\"author\";s:9:\"Elementor\";s:3:\"url\";s:121:\"https://library.elementor.com/popups/fly-in-cta-private-tutor/?utm_source=library&utm_medium=wp-dash&utm_campaign=preview\";s:4:\"type\";s:5:\"popup\";s:7:\"subtype\";s:6:\"fly-in\";s:4:\"tags\";s:7:\"[\"cta\"]\";s:10:\"menu_order\";i:0;s:16:\"popularity_index\";i:-1;s:11:\"trend_index\";i:-1;s:17:\"has_page_settings\";s:1:\"1\";s:6:\"is_pro\";s:1:\"1\";s:12:\"access_level\";i:1;}i:57;a:16:{s:4:\"tmpl\";i:1332;s:2:\"id\";i:22876;s:5:\"title\";s:30:\"Classic | CTA | Tennis Academy\";s:9:\"thumbnail\";s:92:\"https://library.elementor.com/wp-content/uploads/2022/03/78-Tennis-Academy-Click-Through.jpg\";s:12:\"tmpl_created\";i:1647765192;s:6:\"author\";s:9:\"Elementor\";s:3:\"url\";s:123:\"https://library.elementor.com/popups/classic-cta-tennis-academy/?utm_source=library&utm_medium=wp-dash&utm_campaign=preview\";s:4:\"type\";s:5:\"popup\";s:7:\"subtype\";s:7:\"classic\";s:4:\"tags\";s:7:\"[\"cta\"]\";s:10:\"menu_order\";i:0;s:16:\"popularity_index\";i:-1;s:11:\"trend_index\";i:-1;s:17:\"has_page_settings\";s:1:\"1\";s:6:\"is_pro\";s:1:\"1\";s:12:\"access_level\";i:1;}i:58;a:16:{s:4:\"tmpl\";i:1333;s:2:\"id\";i:22887;s:5:\"title\";s:31:\"Fly-In | CTA | Shared Workspace\";s:9:\"thumbnail\";s:86:\"https://library.elementor.com/wp-content/uploads/2022/03/shared-workspace-79-small.jpg\";s:12:\"tmpl_created\";i:1647765419;s:6:\"author\";s:9:\"Elementor\";s:3:\"url\";s:124:\"https://library.elementor.com/popups/fly-in-cta-shared-workspace/?utm_source=library&utm_medium=wp-dash&utm_campaign=preview\";s:4:\"type\";s:5:\"popup\";s:7:\"subtype\";s:6:\"fly-in\";s:4:\"tags\";s:18:\"[\"Business\",\"cta\"]\";s:10:\"menu_order\";i:0;s:16:\"popularity_index\";i:-1;s:11:\"trend_index\";i:-1;s:17:\"has_page_settings\";s:1:\"1\";s:6:\"is_pro\";s:1:\"1\";s:12:\"access_level\";i:1;}i:59;a:16:{s:4:\"tmpl\";i:1334;s:2:\"id\";i:22899;s:5:\"title\";s:30:\"Bottom Bar | CTA | Art Gallery\";s:9:\"thumbnail\";s:89:\"https://library.elementor.com/wp-content/uploads/2022/03/80-Art-Gallery-Click-Through.jpg\";s:12:\"tmpl_created\";i:1647765652;s:6:\"author\";s:9:\"Elementor\";s:3:\"url\";s:123:\"https://library.elementor.com/popups/bottom-bar-cta-art-gallery/?utm_source=library&utm_medium=wp-dash&utm_campaign=preview\";s:4:\"type\";s:5:\"popup\";s:7:\"subtype\";s:10:\"bottom bar\";s:4:\"tags\";s:13:\"[\"Art\",\"cta\"]\";s:10:\"menu_order\";i:0;s:16:\"popularity_index\";i:-1;s:11:\"trend_index\";i:-1;s:17:\"has_page_settings\";s:1:\"1\";s:6:\"is_pro\";s:1:\"1\";s:12:\"access_level\";i:1;}i:60;a:16:{s:4:\"tmpl\";i:1335;s:2:\"id\";i:22910;s:5:\"title\";s:44:\"Fly-In | Subscription | Hiking Tours Company\";s:9:\"thumbnail\";s:90:\"https://library.elementor.com/wp-content/uploads/2022/03/hiking-tours-company-81-small.jpg\";s:12:\"tmpl_created\";i:1647765835;s:6:\"author\";s:9:\"Elementor\";s:3:\"url\";s:137:\"https://library.elementor.com/popups/fly-in-subscription-hiking-tours-company/?utm_source=library&utm_medium=wp-dash&utm_campaign=preview\";s:4:\"type\";s:5:\"popup\";s:7:\"subtype\";s:6:\"fly-in\";s:4:\"tags\";s:29:\"[\"subscribe\",\"Travel\",\"Trip\"]\";s:10:\"menu_order\";i:0;s:16:\"popularity_index\";i:-1;s:11:\"trend_index\";i:-1;s:17:\"has_page_settings\";s:1:\"1\";s:6:\"is_pro\";s:1:\"1\";s:12:\"access_level\";i:1;}i:61;a:16:{s:4:\"tmpl\";i:1336;s:2:\"id\";i:22921;s:5:\"title\";s:26:\"Classic | CTA | Music Band\";s:9:\"thumbnail\";s:80:\"https://library.elementor.com/wp-content/uploads/2022/03/music-band-82-small.jpg\";s:12:\"tmpl_created\";i:1647769462;s:6:\"author\";s:9:\"Elementor\";s:3:\"url\";s:119:\"https://library.elementor.com/popups/classic-cta-music-band/?utm_source=library&utm_medium=wp-dash&utm_campaign=preview\";s:4:\"type\";s:5:\"popup\";s:7:\"subtype\";s:7:\"classic\";s:4:\"tags\";s:21:\"[\"Marketing\",\"Music\"]\";s:10:\"menu_order\";i:0;s:16:\"popularity_index\";i:-1;s:11:\"trend_index\";i:-1;s:17:\"has_page_settings\";s:1:\"1\";s:6:\"is_pro\";s:1:\"1\";s:12:\"access_level\";i:1;}i:62;a:16:{s:4:\"tmpl\";i:1337;s:2:\"id\";i:22935;s:5:\"title\";s:35:\"Classic | CTA | Computer Technician\";s:9:\"thumbnail\";s:88:\"https://library.elementor.com/wp-content/uploads/2022/03/comuter-technician-83-small.jpg\";s:12:\"tmpl_created\";i:1647769843;s:6:\"author\";s:9:\"Elementor\";s:3:\"url\";s:128:\"https://library.elementor.com/popups/classic-cta-computer-technician/?utm_source=library&utm_medium=wp-dash&utm_campaign=preview\";s:4:\"type\";s:5:\"popup\";s:7:\"subtype\";s:7:\"classic\";s:4:\"tags\";s:18:\"[\"cta\",\"Services\"]\";s:10:\"menu_order\";i:0;s:16:\"popularity_index\";i:-1;s:11:\"trend_index\";i:-1;s:17:\"has_page_settings\";s:1:\"1\";s:6:\"is_pro\";s:1:\"1\";s:12:\"access_level\";i:1;}i:63;a:16:{s:4:\"tmpl\";i:1338;s:2:\"id\";i:22945;s:5:\"title\";s:37:\"Classic | Discount | Delivery Company\";s:9:\"thumbnail\";s:86:\"https://library.elementor.com/wp-content/uploads/2022/03/delivery-company-88-small.jpg\";s:12:\"tmpl_created\";i:1647770834;s:6:\"author\";s:9:\"Elementor\";s:3:\"url\";s:130:\"https://library.elementor.com/popups/classic-discount-delivery-company/?utm_source=library&utm_medium=wp-dash&utm_campaign=preview\";s:4:\"type\";s:5:\"popup\";s:7:\"subtype\";s:7:\"classic\";s:4:\"tags\";s:23:\"[\"Discount\",\"Services\"]\";s:10:\"menu_order\";i:0;s:16:\"popularity_index\";i:-1;s:11:\"trend_index\";i:-1;s:17:\"has_page_settings\";s:1:\"1\";s:6:\"is_pro\";s:1:\"1\";s:12:\"access_level\";i:1;}i:64;a:16:{s:4:\"tmpl\";i:1339;s:2:\"id\";i:22959;s:5:\"title\";s:29:\"Classic | Discount | Eco Shop\";s:9:\"thumbnail\";s:79:\"https://library.elementor.com/wp-content/uploads/2022/03/echo-shop-89-small.jpg\";s:12:\"tmpl_created\";i:1647771211;s:6:\"author\";s:9:\"Elementor\";s:3:\"url\";s:122:\"https://library.elementor.com/popups/classic-discount-eco-shop/?utm_source=library&utm_medium=wp-dash&utm_campaign=preview\";s:4:\"type\";s:5:\"popup\";s:7:\"subtype\";s:7:\"classic\";s:4:\"tags\";s:24:\"[\"Discount\",\"Ecommerce\"]\";s:10:\"menu_order\";i:0;s:16:\"popularity_index\";i:-1;s:11:\"trend_index\";i:-1;s:17:\"has_page_settings\";s:1:\"1\";s:6:\"is_pro\";s:1:\"1\";s:12:\"access_level\";i:1;}i:65;a:16:{s:4:\"tmpl\";i:1340;s:2:\"id\";i:22972;s:5:\"title\";s:54:\"Fly-In | Subscription | Health &#038; Mindfulness Blog\";s:9:\"thumbnail\";s:81:\"https://library.elementor.com/wp-content/uploads/2022/03/health-blog-91-small.jpg\";s:12:\"tmpl_created\";i:1647771461;s:6:\"author\";s:9:\"Elementor\";s:3:\"url\";s:140:\"https://library.elementor.com/popups/fly-in-subscription-health-mindfulness-blog/?utm_source=library&utm_medium=wp-dash&utm_campaign=preview\";s:4:\"type\";s:5:\"popup\";s:7:\"subtype\";s:6:\"fly-in\";s:4:\"tags\";s:21:\"[\"Health\",\"Magazine\"]\";s:10:\"menu_order\";i:0;s:16:\"popularity_index\";i:-1;s:11:\"trend_index\";i:-1;s:17:\"has_page_settings\";s:1:\"1\";s:6:\"is_pro\";s:1:\"1\";s:12:\"access_level\";i:1;}i:66;a:16:{s:4:\"tmpl\";i:1341;s:2:\"id\";i:22982;s:5:\"title\";s:31:\"Full Screen | Menu | Art Museum\";s:9:\"thumbnail\";s:81:\"https://library.elementor.com/wp-content/uploads/2022/03/art-museum-112-small.jpg\";s:12:\"tmpl_created\";i:1647771938;s:6:\"author\";s:9:\"Elementor\";s:3:\"url\";s:124:\"https://library.elementor.com/popups/full-screen-menu-art-museum/?utm_source=library&utm_medium=wp-dash&utm_campaign=preview\";s:4:\"type\";s:5:\"popup\";s:7:\"subtype\";s:11:\"full screen\";s:4:\"tags\";s:21:\"[\"Fullscreen\",\"menu\"]\";s:10:\"menu_order\";i:0;s:16:\"popularity_index\";i:-1;s:11:\"trend_index\";i:-1;s:17:\"has_page_settings\";s:1:\"1\";s:6:\"is_pro\";s:1:\"1\";s:12:\"access_level\";i:1;}i:67;a:16:{s:4:\"tmpl\";i:1342;s:2:\"id\";i:22992;s:5:\"title\";s:40:\"Classic | Discount | Urban Clothing Shop\";s:9:\"thumbnail\";s:83:\"https://library.elementor.com/wp-content/uploads/2022/03/health-blog-91-small-1.jpg\";s:12:\"tmpl_created\";i:1647773067;s:6:\"author\";s:9:\"Elementor\";s:3:\"url\";s:133:\"https://library.elementor.com/popups/classic-discount-urban-clothing-shop/?utm_source=library&utm_medium=wp-dash&utm_campaign=preview\";s:4:\"type\";s:5:\"popup\";s:7:\"subtype\";s:7:\"classic\";s:4:\"tags\";s:34:\"[\"Discount\",\"Ecommerce\",\"Fashion\"]\";s:10:\"menu_order\";i:0;s:16:\"popularity_index\";i:-1;s:11:\"trend_index\";i:-1;s:17:\"has_page_settings\";s:1:\"1\";s:6:\"is_pro\";s:1:\"1\";s:12:\"access_level\";i:1;}i:68;a:16:{s:4:\"tmpl\";i:1343;s:2:\"id\";i:23004;s:5:\"title\";s:60:\"Full Screen | Menu | Digital &#038; Technology Design School\";s:9:\"thumbnail\";s:95:\"https://library.elementor.com/wp-content/uploads/2022/03/digital-design-tech-school-small-1.jpg\";s:12:\"tmpl_created\";i:1647773366;s:6:\"author\";s:9:\"Elementor\";s:3:\"url\";s:146:\"https://library.elementor.com/popups/full-screen-menu-digital-technology-design-school/?utm_source=library&utm_medium=wp-dash&utm_campaign=preview\";s:4:\"type\";s:5:\"popup\";s:7:\"subtype\";s:11:\"full screen\";s:4:\"tags\";s:8:\"[\"menu\"]\";s:10:\"menu_order\";i:0;s:16:\"popularity_index\";i:-1;s:11:\"trend_index\";i:-1;s:17:\"has_page_settings\";s:1:\"1\";s:6:\"is_pro\";s:1:\"1\";s:12:\"access_level\";i:1;}i:69;a:16:{s:4:\"tmpl\";i:1344;s:2:\"id\";i:23015;s:5:\"title\";s:62:\"Bottom Bar | Contact | Digital &#038; Technology Design School\";s:9:\"thumbnail\";s:93:\"https://library.elementor.com/wp-content/uploads/2022/03/digital-design-tech-school-small.jpg\";s:12:\"tmpl_created\";i:1647773492;s:6:\"author\";s:9:\"Elementor\";s:3:\"url\";s:148:\"https://library.elementor.com/popups/bottom-bar-contact-digital-technology-design-school/?utm_source=library&utm_medium=wp-dash&utm_campaign=preview\";s:4:\"type\";s:5:\"popup\";s:7:\"subtype\";s:10:\"bottom bar\";s:4:\"tags\";s:23:\"[\"Contact\",\"Portfolio\"]\";s:10:\"menu_order\";i:0;s:16:\"popularity_index\";i:-1;s:11:\"trend_index\";i:-1;s:17:\"has_page_settings\";s:1:\"1\";s:6:\"is_pro\";s:1:\"1\";s:12:\"access_level\";i:1;}i:70;a:16:{s:4:\"tmpl\";i:1345;s:2:\"id\";i:23025;s:5:\"title\";s:32:\"Full Screen | Menu | Flower Shop\";s:9:\"thumbnail\";s:78:\"https://library.elementor.com/wp-content/uploads/2022/03/flower-shop-small.jpg\";s:12:\"tmpl_created\";i:1647773820;s:6:\"author\";s:9:\"Elementor\";s:3:\"url\";s:125:\"https://library.elementor.com/popups/full-screen-menu-flower-shop/?utm_source=library&utm_medium=wp-dash&utm_campaign=preview\";s:4:\"type\";s:5:\"popup\";s:7:\"subtype\";s:11:\"full screen\";s:4:\"tags\";s:21:\"[\"Fullscreen\",\"menu\"]\";s:10:\"menu_order\";i:0;s:16:\"popularity_index\";i:-1;s:11:\"trend_index\";i:-1;s:17:\"has_page_settings\";s:1:\"1\";s:6:\"is_pro\";s:1:\"1\";s:12:\"access_level\";i:1;}i:71;a:16:{s:4:\"tmpl\";i:1346;s:2:\"id\";i:23037;s:5:\"title\";s:36:\"Classic | Subscription | Flower Shop\";s:9:\"thumbnail\";s:80:\"https://library.elementor.com/wp-content/uploads/2022/03/flower-shop-small-1.jpg\";s:12:\"tmpl_created\";i:1647773949;s:6:\"author\";s:9:\"Elementor\";s:3:\"url\";s:129:\"https://library.elementor.com/popups/classic-subscription-flower-shop/?utm_source=library&utm_medium=wp-dash&utm_campaign=preview\";s:4:\"type\";s:5:\"popup\";s:7:\"subtype\";s:7:\"classic\";s:4:\"tags\";s:24:\"[\"Discount\",\"subscribe\"]\";s:10:\"menu_order\";i:0;s:16:\"popularity_index\";i:-1;s:11:\"trend_index\";i:-1;s:17:\"has_page_settings\";s:1:\"1\";s:6:\"is_pro\";s:1:\"1\";s:12:\"access_level\";i:1;}i:72;a:16:{s:4:\"tmpl\";i:1347;s:2:\"id\";i:23056;s:5:\"title\";s:48:\"Classic | Discount | Health &#038; Fitness eBook\";s:9:\"thumbnail\";s:82:\"https://library.elementor.com/wp-content/uploads/2022/03/fitness-ebook-small-1.jpg\";s:12:\"tmpl_created\";i:1647774468;s:6:\"author\";s:9:\"Elementor\";s:3:\"url\";s:134:\"https://library.elementor.com/popups/classic-discount-health-fitness-ebook/?utm_source=library&utm_medium=wp-dash&utm_campaign=preview\";s:4:\"type\";s:5:\"popup\";s:7:\"subtype\";s:7:\"classic\";s:4:\"tags\";s:23:\"[\"Contact\",\"Marketing\"]\";s:10:\"menu_order\";i:0;s:16:\"popularity_index\";i:-1;s:11:\"trend_index\";i:-1;s:17:\"has_page_settings\";s:1:\"1\";s:6:\"is_pro\";s:1:\"1\";s:12:\"access_level\";i:1;}i:73;a:16:{s:4:\"tmpl\";i:1348;s:2:\"id\";i:23067;s:5:\"title\";s:37:\"Fly-In | Menu | Baby Sleep Consultant\";s:9:\"thumbnail\";s:90:\"https://library.elementor.com/wp-content/uploads/2022/03/baby-sleep-consultant-small-1.jpg\";s:12:\"tmpl_created\";i:1647778954;s:6:\"author\";s:9:\"Elementor\";s:3:\"url\";s:118:\"https://library.elementor.com/popups/baby-sleep-consultant/?utm_source=library&utm_medium=wp-dash&utm_campaign=preview\";s:4:\"type\";s:5:\"popup\";s:7:\"subtype\";s:6:\"fly-in\";s:4:\"tags\";s:8:\"[\"menu\"]\";s:10:\"menu_order\";i:0;s:16:\"popularity_index\";i:-1;s:11:\"trend_index\";i:-1;s:17:\"has_page_settings\";s:1:\"1\";s:6:\"is_pro\";s:1:\"1\";s:12:\"access_level\";i:1;}i:74;a:16:{s:4:\"tmpl\";i:1349;s:2:\"id\";i:23077;s:5:\"title\";s:46:\"Classic | Subscription | Baby Sleep Consultant\";s:9:\"thumbnail\";s:88:\"https://library.elementor.com/wp-content/uploads/2022/03/baby-sleep-consultant-small.jpg\";s:12:\"tmpl_created\";i:1647779074;s:6:\"author\";s:9:\"Elementor\";s:3:\"url\";s:139:\"https://library.elementor.com/popups/classic-subscription-baby-sleep-consultant/?utm_source=library&utm_medium=wp-dash&utm_campaign=preview\";s:4:\"type\";s:5:\"popup\";s:7:\"subtype\";s:7:\"classic\";s:4:\"tags\";s:12:\"[\"Discount\"]\";s:10:\"menu_order\";i:0;s:16:\"popularity_index\";i:-1;s:11:\"trend_index\";i:-1;s:17:\"has_page_settings\";s:1:\"1\";s:6:\"is_pro\";s:1:\"1\";s:12:\"access_level\";i:1;}i:75;a:16:{s:4:\"tmpl\";i:1350;s:2:\"id\";i:23090;s:5:\"title\";s:33:\"Full Screen | Menu | Luxury Hotel\";s:9:\"thumbnail\";s:79:\"https://library.elementor.com/wp-content/uploads/2022/03/luxury-hotel-small.jpg\";s:12:\"tmpl_created\";i:1647779390;s:6:\"author\";s:9:\"Elementor\";s:3:\"url\";s:126:\"https://library.elementor.com/popups/full-screen-menu-luxury-hotel/?utm_source=library&utm_medium=wp-dash&utm_campaign=preview\";s:4:\"type\";s:5:\"popup\";s:7:\"subtype\";s:11:\"full screen\";s:4:\"tags\";s:21:\"[\"Fullscreen\",\"menu\"]\";s:10:\"menu_order\";i:0;s:16:\"popularity_index\";i:-1;s:11:\"trend_index\";i:-1;s:17:\"has_page_settings\";s:1:\"1\";s:6:\"is_pro\";s:1:\"1\";s:12:\"access_level\";i:1;}i:76;a:16:{s:4:\"tmpl\";i:1351;s:2:\"id\";i:23100;s:5:\"title\";s:31:\"Fly-In | Booking | Luxury Hotel\";s:9:\"thumbnail\";s:81:\"https://library.elementor.com/wp-content/uploads/2022/03/luxury-hotel-small-1.jpg\";s:12:\"tmpl_created\";i:1647779500;s:6:\"author\";s:9:\"Elementor\";s:3:\"url\";s:124:\"https://library.elementor.com/popups/fly-in-booking-luxury-hotel/?utm_source=library&utm_medium=wp-dash&utm_campaign=preview\";s:4:\"type\";s:5:\"popup\";s:7:\"subtype\";s:6:\"fly-in\";s:4:\"tags\";s:20:\"[\"Booking\",\"Travel\"]\";s:10:\"menu_order\";i:0;s:16:\"popularity_index\";i:-1;s:11:\"trend_index\";i:-1;s:17:\"has_page_settings\";s:1:\"1\";s:6:\"is_pro\";s:1:\"1\";s:12:\"access_level\";i:1;}i:77;a:16:{s:4:\"tmpl\";i:1352;s:2:\"id\";i:23109;s:5:\"title\";s:38:\"Full Screen | Menu | Design Conference\";s:9:\"thumbnail\";s:87:\"https://library.elementor.com/wp-content/uploads/2022/03/design-conference-35-small.jpg\";s:12:\"tmpl_created\";i:1647779675;s:6:\"author\";s:9:\"Elementor\";s:3:\"url\";s:131:\"https://library.elementor.com/popups/full-screen-menu-design-conference/?utm_source=library&utm_medium=wp-dash&utm_campaign=preview\";s:4:\"type\";s:5:\"popup\";s:7:\"subtype\";s:11:\"full screen\";s:4:\"tags\";s:21:\"[\"Fullscreen\",\"menu\"]\";s:10:\"menu_order\";i:0;s:16:\"popularity_index\";i:-1;s:11:\"trend_index\";i:-1;s:17:\"has_page_settings\";s:1:\"1\";s:6:\"is_pro\";s:1:\"1\";s:12:\"access_level\";i:1;}i:78;a:16:{s:4:\"tmpl\";i:1353;s:2:\"id\";i:23120;s:5:\"title\";s:41:\"Full Screen | Booking | Design Conference\";s:9:\"thumbnail\";s:89:\"https://library.elementor.com/wp-content/uploads/2022/03/design-conference-35-small-1.jpg\";s:12:\"tmpl_created\";i:1647779793;s:6:\"author\";s:9:\"Elementor\";s:3:\"url\";s:134:\"https://library.elementor.com/popups/full-screen-booking-design-conference/?utm_source=library&utm_medium=wp-dash&utm_campaign=preview\";s:4:\"type\";s:5:\"popup\";s:7:\"subtype\";s:11:\"full screen\";s:4:\"tags\";s:35:\"[\"Booking\",\"Conference\",\"Creative\"]\";s:10:\"menu_order\";i:0;s:16:\"popularity_index\";i:-1;s:11:\"trend_index\";i:-1;s:17:\"has_page_settings\";s:1:\"1\";s:6:\"is_pro\";s:1:\"1\";s:12:\"access_level\";i:1;}i:79;a:16:{s:4:\"tmpl\";i:1354;s:2:\"id\";i:23129;s:5:\"title\";s:29:\"Slide-In | Menu | VR Headsets\";s:9:\"thumbnail\";s:77:\"https://library.elementor.com/wp-content/uploads/2022/03/VR-headset-small.jpg\";s:12:\"tmpl_created\";i:1647781211;s:6:\"author\";s:9:\"Elementor\";s:3:\"url\";s:122:\"https://library.elementor.com/popups/slide-in-menu-vr-headsets/?utm_source=library&utm_medium=wp-dash&utm_campaign=preview\";s:4:\"type\";s:5:\"popup\";s:7:\"subtype\";s:8:\"slide-in\";s:4:\"tags\";s:8:\"[\"menu\"]\";s:10:\"menu_order\";i:0;s:16:\"popularity_index\";i:-1;s:11:\"trend_index\";i:-1;s:17:\"has_page_settings\";s:1:\"1\";s:6:\"is_pro\";s:1:\"1\";s:12:\"access_level\";i:1;}i:80;a:16:{s:4:\"tmpl\";i:1355;s:2:\"id\";i:23139;s:5:\"title\";s:31:\"Classic | Contact | VR Headsets\";s:9:\"thumbnail\";s:79:\"https://library.elementor.com/wp-content/uploads/2022/03/VR-headset-small-1.jpg\";s:12:\"tmpl_created\";i:1647781384;s:6:\"author\";s:9:\"Elementor\";s:3:\"url\";s:124:\"https://library.elementor.com/popups/classic-contact-vr-headsets/?utm_source=library&utm_medium=wp-dash&utm_campaign=preview\";s:4:\"type\";s:5:\"popup\";s:7:\"subtype\";s:7:\"classic\";s:4:\"tags\";s:11:\"[\"Contact\"]\";s:10:\"menu_order\";i:0;s:16:\"popularity_index\";i:-1;s:11:\"trend_index\";i:-1;s:17:\"has_page_settings\";s:1:\"1\";s:6:\"is_pro\";s:1:\"1\";s:12:\"access_level\";i:1;}i:81;a:16:{s:4:\"tmpl\";i:1356;s:2:\"id\";i:23149;s:5:\"title\";s:38:\"Slide-In | Menu | Portrait Photography\";s:9:\"thumbnail\";s:89:\"https://library.elementor.com/wp-content/uploads/2022/03/48-portrair-photography-Menu.jpg\";s:12:\"tmpl_created\";i:1647782336;s:6:\"author\";s:9:\"Elementor\";s:3:\"url\";s:131:\"https://library.elementor.com/popups/slide-in-menu-portrait-photography/?utm_source=library&utm_medium=wp-dash&utm_campaign=preview\";s:4:\"type\";s:5:\"popup\";s:7:\"subtype\";s:8:\"slide-in\";s:4:\"tags\";s:8:\"[\"menu\"]\";s:10:\"menu_order\";i:0;s:16:\"popularity_index\";i:-1;s:11:\"trend_index\";i:-1;s:17:\"has_page_settings\";s:1:\"1\";s:6:\"is_pro\";s:1:\"1\";s:12:\"access_level\";i:1;}i:82;a:16:{s:4:\"tmpl\";i:1357;s:2:\"id\";i:23159;s:5:\"title\";s:47:\"Hello Bar | Subscription | Portrait Photography\";s:9:\"thumbnail\";s:97:\"https://library.elementor.com/wp-content/uploads/2022/03/48-portrair-photography-Subscription.jpg\";s:12:\"tmpl_created\";i:1647782478;s:6:\"author\";s:9:\"Elementor\";s:3:\"url\";s:140:\"https://library.elementor.com/popups/hello-bar-subscription-portrait-photography/?utm_source=library&utm_medium=wp-dash&utm_campaign=preview\";s:4:\"type\";s:5:\"popup\";s:7:\"subtype\";s:9:\"hello bar\";s:4:\"tags\";s:34:\"[\"Blog\",\"Photography\",\"subscribe\"]\";s:10:\"menu_order\";i:0;s:16:\"popularity_index\";i:-1;s:11:\"trend_index\";i:-1;s:17:\"has_page_settings\";s:1:\"1\";s:6:\"is_pro\";s:1:\"1\";s:12:\"access_level\";i:1;}i:83;a:16:{s:4:\"tmpl\";i:1358;s:2:\"id\";i:23169;s:5:\"title\";s:32:\"Full Screen | Menu | English Pub\";s:9:\"thumbnail\";s:80:\"https://library.elementor.com/wp-content/uploads/2022/03/49-englisg-pub-Menu.jpg\";s:12:\"tmpl_created\";i:1647782664;s:6:\"author\";s:9:\"Elementor\";s:3:\"url\";s:125:\"https://library.elementor.com/popups/full-screen-menu-english-pub/?utm_source=library&utm_medium=wp-dash&utm_campaign=preview\";s:4:\"type\";s:5:\"popup\";s:7:\"subtype\";s:11:\"full screen\";s:4:\"tags\";s:21:\"[\"Fullscreen\",\"menu\"]\";s:10:\"menu_order\";i:0;s:16:\"popularity_index\";i:-1;s:11:\"trend_index\";i:-1;s:17:\"has_page_settings\";s:1:\"1\";s:6:\"is_pro\";s:1:\"1\";s:12:\"access_level\";i:1;}i:84;a:16:{s:4:\"tmpl\";i:1359;s:2:\"id\";i:23179;s:5:\"title\";s:32:\"Classic | Discount | English Pub\";s:9:\"thumbnail\";s:84:\"https://library.elementor.com/wp-content/uploads/2022/03/49-englisg-pub-Discount.jpg\";s:12:\"tmpl_created\";i:1647782796;s:6:\"author\";s:9:\"Elementor\";s:3:\"url\";s:125:\"https://library.elementor.com/popups/classic-discount-english-pub/?utm_source=library&utm_medium=wp-dash&utm_campaign=preview\";s:4:\"type\";s:5:\"popup\";s:7:\"subtype\";s:7:\"classic\";s:4:\"tags\";s:20:\"[\"Discount\",\"Offer\"]\";s:10:\"menu_order\";i:0;s:16:\"popularity_index\";i:-1;s:11:\"trend_index\";i:-1;s:17:\"has_page_settings\";s:1:\"1\";s:6:\"is_pro\";s:1:\"1\";s:12:\"access_level\";i:1;}i:85;a:16:{s:4:\"tmpl\";i:1360;s:2:\"id\";i:23189;s:5:\"title\";s:27:\"Full Screen | Menu | Singer\";s:9:\"thumbnail\";s:81:\"https://library.elementor.com/wp-content/uploads/2022/03/58-Music-Artist-Menu.jpg\";s:12:\"tmpl_created\";i:1647783070;s:6:\"author\";s:9:\"Elementor\";s:3:\"url\";s:120:\"https://library.elementor.com/popups/full-screen-menu-singer/?utm_source=library&utm_medium=wp-dash&utm_campaign=preview\";s:4:\"type\";s:5:\"popup\";s:7:\"subtype\";s:11:\"full screen\";s:4:\"tags\";s:29:\"[\"Fullscreen\",\"menu\",\"Music\"]\";s:10:\"menu_order\";i:0;s:16:\"popularity_index\";i:-1;s:11:\"trend_index\";i:-1;s:17:\"has_page_settings\";s:1:\"1\";s:6:\"is_pro\";s:1:\"1\";s:12:\"access_level\";i:1;}i:86;a:16:{s:4:\"tmpl\";i:1361;s:2:\"id\";i:23200;s:5:\"title\";s:31:\"Classic | Subscription | Singer\";s:9:\"thumbnail\";s:89:\"https://library.elementor.com/wp-content/uploads/2022/03/58-Music-Artist-Subscription.jpg\";s:12:\"tmpl_created\";i:1647783249;s:6:\"author\";s:9:\"Elementor\";s:3:\"url\";s:124:\"https://library.elementor.com/popups/classic-subscription-singer/?utm_source=library&utm_medium=wp-dash&utm_campaign=preview\";s:4:\"type\";s:5:\"popup\";s:7:\"subtype\";s:7:\"classic\";s:4:\"tags\";s:21:\"[\"Music\",\"subscribe\"]\";s:10:\"menu_order\";i:0;s:16:\"popularity_index\";i:-1;s:11:\"trend_index\";i:-1;s:17:\"has_page_settings\";s:1:\"1\";s:6:\"is_pro\";s:1:\"1\";s:12:\"access_level\";i:1;}i:87;a:16:{s:4:\"tmpl\";i:1362;s:2:\"id\";i:23210;s:5:\"title\";s:38:\"Full Screen | Menu | Virtual Assistant\";s:9:\"thumbnail\";s:86:\"https://library.elementor.com/wp-content/uploads/2022/03/virtual-assistnt-73-small.jpg\";s:12:\"tmpl_created\";i:1647784292;s:6:\"author\";s:9:\"Elementor\";s:3:\"url\";s:131:\"https://library.elementor.com/popups/full-screen-menu-virtual-assistant/?utm_source=library&utm_medium=wp-dash&utm_campaign=preview\";s:4:\"type\";s:5:\"popup\";s:7:\"subtype\";s:11:\"full screen\";s:4:\"tags\";s:21:\"[\"Fullscreen\",\"menu\"]\";s:10:\"menu_order\";i:0;s:16:\"popularity_index\";i:-1;s:11:\"trend_index\";i:-1;s:17:\"has_page_settings\";s:1:\"1\";s:6:\"is_pro\";s:1:\"1\";s:12:\"access_level\";i:1;}i:88;a:16:{s:4:\"tmpl\";i:1363;s:2:\"id\";i:23223;s:5:\"title\";s:39:\"Hello Bar | Contact | Virtual Assistant\";s:9:\"thumbnail\";s:92:\"https://library.elementor.com/wp-content/uploads/2022/03/73-Virtual-Assistant-Contact-Us.jpg\";s:12:\"tmpl_created\";i:1647784616;s:6:\"author\";s:9:\"Elementor\";s:3:\"url\";s:132:\"https://library.elementor.com/popups/hello-bar-contact-virtual-assistant/?utm_source=library&utm_medium=wp-dash&utm_campaign=preview\";s:4:\"type\";s:5:\"popup\";s:7:\"subtype\";s:9:\"hello bar\";s:4:\"tags\";s:37:\"[\"Contact\",\"Psychologist\",\"Services\"]\";s:10:\"menu_order\";i:0;s:16:\"popularity_index\";i:-1;s:11:\"trend_index\";i:-1;s:17:\"has_page_settings\";s:1:\"1\";s:6:\"is_pro\";s:1:\"1\";s:12:\"access_level\";i:1;}i:89;a:16:{s:4:\"tmpl\";i:1364;s:2:\"id\";i:23234;s:5:\"title\";s:32:\"Slide-In  | Menu | Personal Chef\";s:9:\"thumbnail\";s:82:\"https://library.elementor.com/wp-content/uploads/2022/03/74-Personal-Chef-Menu.jpg\";s:12:\"tmpl_created\";i:1647798194;s:6:\"author\";s:9:\"Elementor\";s:3:\"url\";s:124:\"https://library.elementor.com/popups/slide-in-menu-personal-chef/?utm_source=library&utm_medium=wp-dash&utm_campaign=preview\";s:4:\"type\";s:5:\"popup\";s:7:\"subtype\";s:8:\"slide-in\";s:4:\"tags\";s:8:\"[\"menu\"]\";s:10:\"menu_order\";i:0;s:16:\"popularity_index\";i:-1;s:11:\"trend_index\";i:-1;s:17:\"has_page_settings\";s:1:\"1\";s:6:\"is_pro\";s:1:\"1\";s:12:\"access_level\";i:1;}i:90;a:16:{s:4:\"tmpl\";i:1365;s:2:\"id\";i:23244;s:5:\"title\";s:29:\"Classic | CTA | Personal Chef\";s:9:\"thumbnail\";s:88:\"https://library.elementor.com/wp-content/uploads/2022/03/74-Personal-Chef-Contact-Us.jpg\";s:12:\"tmpl_created\";i:1647798297;s:6:\"author\";s:9:\"Elementor\";s:3:\"url\";s:122:\"https://library.elementor.com/popups/classic-cta-personal-chef/?utm_source=library&utm_medium=wp-dash&utm_campaign=preview\";s:4:\"type\";s:5:\"popup\";s:7:\"subtype\";s:7:\"classic\";s:4:\"tags\";s:24:\"[\"Booking\",\"Chef\",\"cta\"]\";s:10:\"menu_order\";i:0;s:16:\"popularity_index\";i:-1;s:11:\"trend_index\";i:-1;s:17:\"has_page_settings\";s:1:\"1\";s:6:\"is_pro\";s:1:\"1\";s:12:\"access_level\";i:1;}i:91;a:16:{s:4:\"tmpl\";i:1366;s:2:\"id\";i:23254;s:5:\"title\";s:31:\"Full Screen | Menu | Food Truck\";s:9:\"thumbnail\";s:82:\"https://library.elementor.com/wp-content/uploads/2022/03/food-truck-76-small-1.jpg\";s:12:\"tmpl_created\";i:1647798447;s:6:\"author\";s:9:\"Elementor\";s:3:\"url\";s:124:\"https://library.elementor.com/popups/full-screen-menu-food-truck/?utm_source=library&utm_medium=wp-dash&utm_campaign=preview\";s:4:\"type\";s:5:\"popup\";s:7:\"subtype\";s:11:\"full screen\";s:4:\"tags\";s:21:\"[\"Fullscreen\",\"menu\"]\";s:10:\"menu_order\";i:0;s:16:\"popularity_index\";i:-1;s:11:\"trend_index\";i:-1;s:17:\"has_page_settings\";s:1:\"1\";s:6:\"is_pro\";s:1:\"1\";s:12:\"access_level\";i:1;}i:92;a:16:{s:4:\"tmpl\";i:1367;s:2:\"id\";i:23265;s:5:\"title\";s:30:\"Fly-In | Discount | Food Truck\";s:9:\"thumbnail\";s:80:\"https://library.elementor.com/wp-content/uploads/2022/03/food-truck-76-small.jpg\";s:12:\"tmpl_created\";i:1647798657;s:6:\"author\";s:9:\"Elementor\";s:3:\"url\";s:123:\"https://library.elementor.com/popups/fly-in-discount-food-truck/?utm_source=library&utm_medium=wp-dash&utm_campaign=preview\";s:4:\"type\";s:5:\"popup\";s:7:\"subtype\";s:6:\"fly-in\";s:4:\"tags\";s:20:\"[\"Discount\",\"Offer\"]\";s:10:\"menu_order\";i:0;s:16:\"popularity_index\";i:-1;s:11:\"trend_index\";i:-1;s:17:\"has_page_settings\";s:1:\"1\";s:6:\"is_pro\";s:1:\"1\";s:12:\"access_level\";i:1;}i:93;a:16:{s:4:\"tmpl\";i:1369;s:2:\"id\";i:23323;s:5:\"title\";s:28:\"Classic | CTA | Black Friday\";s:9:\"thumbnail\";s:81:\"https://library.elementor.com/wp-content/uploads/2022/03/Black-Friday-6-Small.jpg\";s:12:\"tmpl_created\";i:1647855505;s:6:\"author\";s:9:\"Elementor\";s:3:\"url\";s:121:\"https://library.elementor.com/popups/classic-cta-black-friday/?utm_source=library&utm_medium=wp-dash&utm_campaign=preview\";s:4:\"type\";s:5:\"popup\";s:7:\"subtype\";s:7:\"classic\";s:4:\"tags\";s:34:\"[\"Black Friday\",\"cta\",\"Ecommerce\"]\";s:10:\"menu_order\";i:0;s:16:\"popularity_index\";i:-1;s:11:\"trend_index\";i:-1;s:17:\"has_page_settings\";s:1:\"1\";s:6:\"is_pro\";s:1:\"1\";s:12:\"access_level\";i:1;}i:94;a:16:{s:4:\"tmpl\";i:1370;s:2:\"id\";i:23329;s:5:\"title\";s:29:\"Slide-In | CTA | Black Friday\";s:9:\"thumbnail\";s:81:\"https://library.elementor.com/wp-content/uploads/2022/03/Black-Friday-5-Small.jpg\";s:12:\"tmpl_created\";i:1647855865;s:6:\"author\";s:9:\"Elementor\";s:3:\"url\";s:122:\"https://library.elementor.com/popups/slide-in-cta-black-friday/?utm_source=library&utm_medium=wp-dash&utm_campaign=preview\";s:4:\"type\";s:5:\"popup\";s:7:\"subtype\";s:8:\"slide-in\";s:4:\"tags\";s:34:\"[\"Black Friday\",\"cta\",\"Ecommerce\"]\";s:10:\"menu_order\";i:0;s:16:\"popularity_index\";i:-1;s:11:\"trend_index\";i:-1;s:17:\"has_page_settings\";s:1:\"1\";s:6:\"is_pro\";s:1:\"1\";s:12:\"access_level\";i:1;}i:95;a:16:{s:4:\"tmpl\";i:1371;s:2:\"id\";i:23335;s:5:\"title\";s:31:\"Slide-In | CTA | Black Friday 1\";s:9:\"thumbnail\";s:81:\"https://library.elementor.com/wp-content/uploads/2022/03/Black-Friday-1-Small.jpg\";s:12:\"tmpl_created\";i:1647856357;s:6:\"author\";s:9:\"Elementor\";s:3:\"url\";s:124:\"https://library.elementor.com/popups/slide-in-cta-black-friday-1/?utm_source=library&utm_medium=wp-dash&utm_campaign=preview\";s:4:\"type\";s:5:\"popup\";s:7:\"subtype\";s:8:\"slide-in\";s:4:\"tags\";s:34:\"[\"Black Friday\",\"cta\",\"Ecommerce\"]\";s:10:\"menu_order\";i:0;s:16:\"popularity_index\";i:-1;s:11:\"trend_index\";i:-1;s:17:\"has_page_settings\";s:1:\"1\";s:6:\"is_pro\";s:1:\"1\";s:12:\"access_level\";i:1;}i:96;a:16:{s:4:\"tmpl\";i:1372;s:2:\"id\";i:23341;s:5:\"title\";s:30:\"Classic | CTA | Black Friday 2\";s:9:\"thumbnail\";s:81:\"https://library.elementor.com/wp-content/uploads/2022/03/Black-Friday-3-Small.jpg\";s:12:\"tmpl_created\";i:1647856493;s:6:\"author\";s:9:\"Elementor\";s:3:\"url\";s:123:\"https://library.elementor.com/popups/classic-cta-black-friday-2/?utm_source=library&utm_medium=wp-dash&utm_campaign=preview\";s:4:\"type\";s:5:\"popup\";s:7:\"subtype\";s:7:\"classic\";s:4:\"tags\";s:34:\"[\"Black Friday\",\"cta\",\"Ecommerce\"]\";s:10:\"menu_order\";i:0;s:16:\"popularity_index\";i:-1;s:11:\"trend_index\";i:-1;s:17:\"has_page_settings\";s:1:\"1\";s:6:\"is_pro\";s:1:\"1\";s:12:\"access_level\";i:1;}i:97;a:16:{s:4:\"tmpl\";i:1373;s:2:\"id\";i:23347;s:5:\"title\";s:30:\"Classic | CTA | Black Friday 3\";s:9:\"thumbnail\";s:81:\"https://library.elementor.com/wp-content/uploads/2022/03/Black-Friday-2-Small.jpg\";s:12:\"tmpl_created\";i:1647856891;s:6:\"author\";s:9:\"Elementor\";s:3:\"url\";s:123:\"https://library.elementor.com/popups/classic-cta-black-friday-3/?utm_source=library&utm_medium=wp-dash&utm_campaign=preview\";s:4:\"type\";s:5:\"popup\";s:7:\"subtype\";s:7:\"classic\";s:4:\"tags\";s:34:\"[\"Black Friday\",\"cta\",\"Ecommerce\"]\";s:10:\"menu_order\";i:0;s:16:\"popularity_index\";i:-1;s:11:\"trend_index\";i:-1;s:17:\"has_page_settings\";s:1:\"1\";s:6:\"is_pro\";s:1:\"1\";s:12:\"access_level\";i:1;}i:98;a:16:{s:4:\"tmpl\";i:1374;s:2:\"id\";i:23354;s:5:\"title\";s:30:\"Classic | CTA | Black Friday 4\";s:9:\"thumbnail\";s:81:\"https://library.elementor.com/wp-content/uploads/2022/03/Black-Friday-4-Small.jpg\";s:12:\"tmpl_created\";i:1647856996;s:6:\"author\";s:9:\"Elementor\";s:3:\"url\";s:123:\"https://library.elementor.com/popups/classic-cta-black-friday-4/?utm_source=library&utm_medium=wp-dash&utm_campaign=preview\";s:4:\"type\";s:5:\"popup\";s:7:\"subtype\";s:7:\"classic\";s:4:\"tags\";s:34:\"[\"Black Friday\",\"cta\",\"Ecommerce\"]\";s:10:\"menu_order\";i:0;s:16:\"popularity_index\";i:-1;s:11:\"trend_index\";i:-1;s:17:\"has_page_settings\";s:1:\"1\";s:6:\"is_pro\";s:1:\"1\";s:12:\"access_level\";i:1;}i:99;a:16:{s:4:\"tmpl\";i:1375;s:2:\"id\";i:23394;s:5:\"title\";s:27:\"Classic | CTA | Halloween 1\";s:9:\"thumbnail\";s:78:\"https://library.elementor.com/wp-content/uploads/2022/03/Halloween-3-Small.jpg\";s:12:\"tmpl_created\";i:1647857351;s:6:\"author\";s:9:\"Elementor\";s:3:\"url\";s:120:\"https://library.elementor.com/popups/classic-cta-halloween-1/?utm_source=library&utm_medium=wp-dash&utm_campaign=preview\";s:4:\"type\";s:5:\"popup\";s:7:\"subtype\";s:7:\"classic\";s:4:\"tags\";s:31:\"[\"cta\",\"Ecommerce\",\"Halloween\"]\";s:10:\"menu_order\";i:0;s:16:\"popularity_index\";i:-1;s:11:\"trend_index\";i:-1;s:17:\"has_page_settings\";s:1:\"1\";s:6:\"is_pro\";s:1:\"1\";s:12:\"access_level\";i:1;}i:100;a:16:{s:4:\"tmpl\";i:1376;s:2:\"id\";i:23401;s:5:\"title\";s:33:\"Slide-In | Discount | Halloween 2\";s:9:\"thumbnail\";s:78:\"https://library.elementor.com/wp-content/uploads/2022/03/Halloween-2-Small.jpg\";s:12:\"tmpl_created\";i:1647857567;s:6:\"author\";s:9:\"Elementor\";s:3:\"url\";s:126:\"https://library.elementor.com/popups/slide-in-discount-halloween-2/?utm_source=library&utm_medium=wp-dash&utm_campaign=preview\";s:4:\"type\";s:5:\"popup\";s:7:\"subtype\";s:8:\"slide-in\";s:4:\"tags\";s:36:\"[\"Discount\",\"Ecommerce\",\"Halloween\"]\";s:10:\"menu_order\";i:0;s:16:\"popularity_index\";i:-1;s:11:\"trend_index\";i:-1;s:17:\"has_page_settings\";s:1:\"1\";s:6:\"is_pro\";s:1:\"1\";s:12:\"access_level\";i:1;}i:101;a:16:{s:4:\"tmpl\";i:1377;s:2:\"id\";i:23407;s:5:\"title\";s:33:\"Slide-In | Discount | Halloween 3\";s:9:\"thumbnail\";s:78:\"https://library.elementor.com/wp-content/uploads/2022/03/Halloween-1-Small.jpg\";s:12:\"tmpl_created\";i:1647857814;s:6:\"author\";s:9:\"Elementor\";s:3:\"url\";s:126:\"https://library.elementor.com/popups/slide-in-discount-halloween-3/?utm_source=library&utm_medium=wp-dash&utm_campaign=preview\";s:4:\"type\";s:5:\"popup\";s:7:\"subtype\";s:8:\"slide-in\";s:4:\"tags\";s:36:\"[\"Discount\",\"Ecommerce\",\"Halloween\"]\";s:10:\"menu_order\";i:0;s:16:\"popularity_index\";i:-1;s:11:\"trend_index\";i:-1;s:17:\"has_page_settings\";s:1:\"1\";s:6:\"is_pro\";s:1:\"1\";s:12:\"access_level\";i:1;}i:102;a:16:{s:4:\"tmpl\";i:1378;s:2:\"id\";i:23416;s:5:\"title\";s:31:\"Fly-In | Discount | Halloween 4\";s:9:\"thumbnail\";s:78:\"https://library.elementor.com/wp-content/uploads/2022/03/Halloween-5-Small.jpg\";s:12:\"tmpl_created\";i:1647858024;s:6:\"author\";s:9:\"Elementor\";s:3:\"url\";s:124:\"https://library.elementor.com/popups/fly-in-discount-halloween-4/?utm_source=library&utm_medium=wp-dash&utm_campaign=preview\";s:4:\"type\";s:5:\"popup\";s:7:\"subtype\";s:6:\"fly-in\";s:4:\"tags\";s:44:\"[\"Discount\",\"Ecommerce\",\"Halloween\",\"Offer\"]\";s:10:\"menu_order\";i:0;s:16:\"popularity_index\";i:-1;s:11:\"trend_index\";i:-1;s:17:\"has_page_settings\";s:1:\"1\";s:6:\"is_pro\";s:1:\"1\";s:12:\"access_level\";i:1;}i:103;a:16:{s:4:\"tmpl\";i:1379;s:2:\"id\";i:23422;s:5:\"title\";s:36:\"Classic | Subscription | Halloween 5\";s:9:\"thumbnail\";s:78:\"https://library.elementor.com/wp-content/uploads/2022/03/Halloween-4-Small.jpg\";s:12:\"tmpl_created\";i:1647858246;s:6:\"author\";s:9:\"Elementor\";s:3:\"url\";s:129:\"https://library.elementor.com/popups/classic-subscription-halloween-5/?utm_source=library&utm_medium=wp-dash&utm_campaign=preview\";s:4:\"type\";s:5:\"popup\";s:7:\"subtype\";s:7:\"classic\";s:4:\"tags\";s:48:\"[\"Discount\",\"Ecommerce\",\"Halloween\",\"subscribe\"]\";s:10:\"menu_order\";i:0;s:16:\"popularity_index\";i:-1;s:11:\"trend_index\";i:-1;s:17:\"has_page_settings\";s:1:\"1\";s:6:\"is_pro\";s:1:\"1\";s:12:\"access_level\";i:1;}i:104;a:16:{s:4:\"tmpl\";i:1380;s:2:\"id\";i:23471;s:5:\"title\";s:28:\"Slide-In | CTA | Christmas 1\";s:9:\"thumbnail\";s:78:\"https://library.elementor.com/wp-content/uploads/2022/03/Christmas-2-Small.jpg\";s:12:\"tmpl_created\";i:1647859193;s:6:\"author\";s:9:\"Elementor\";s:3:\"url\";s:121:\"https://library.elementor.com/popups/slide-in-cta-christmas-1/?utm_source=library&utm_medium=wp-dash&utm_campaign=preview\";s:4:\"type\";s:5:\"popup\";s:7:\"subtype\";s:8:\"slide-in\";s:4:\"tags\";s:19:\"[\"Christmas\",\"cta\"]\";s:10:\"menu_order\";i:0;s:16:\"popularity_index\";i:-1;s:11:\"trend_index\";i:-1;s:17:\"has_page_settings\";s:1:\"1\";s:6:\"is_pro\";s:1:\"1\";s:12:\"access_level\";i:1;}i:105;a:16:{s:4:\"tmpl\";i:1381;s:2:\"id\";i:23477;s:5:\"title\";s:28:\"Slide-In | CTA | Christmas 2\";s:9:\"thumbnail\";s:78:\"https://library.elementor.com/wp-content/uploads/2022/03/Christmas-4-Small.jpg\";s:12:\"tmpl_created\";i:1647859838;s:6:\"author\";s:9:\"Elementor\";s:3:\"url\";s:121:\"https://library.elementor.com/popups/slide-in-cta-christmas-2/?utm_source=library&utm_medium=wp-dash&utm_campaign=preview\";s:4:\"type\";s:5:\"popup\";s:7:\"subtype\";s:8:\"slide-in\";s:4:\"tags\";s:19:\"[\"Christmas\",\"cta\"]\";s:10:\"menu_order\";i:0;s:16:\"popularity_index\";i:-1;s:11:\"trend_index\";i:-1;s:17:\"has_page_settings\";s:1:\"1\";s:6:\"is_pro\";s:1:\"1\";s:12:\"access_level\";i:1;}i:106;a:16:{s:4:\"tmpl\";i:1382;s:2:\"id\";i:23483;s:5:\"title\";s:26:\"Fly-In | CTA | Christmas 3\";s:9:\"thumbnail\";s:78:\"https://library.elementor.com/wp-content/uploads/2022/03/Christmas-1-Small.jpg\";s:12:\"tmpl_created\";i:1647860157;s:6:\"author\";s:9:\"Elementor\";s:3:\"url\";s:119:\"https://library.elementor.com/popups/fly-in-cta-christmas-3/?utm_source=library&utm_medium=wp-dash&utm_campaign=preview\";s:4:\"type\";s:5:\"popup\";s:7:\"subtype\";s:6:\"fly-in\";s:4:\"tags\";s:31:\"[\"Christmas\",\"cta\",\"Ecommerce\"]\";s:10:\"menu_order\";i:0;s:16:\"popularity_index\";i:-1;s:11:\"trend_index\";i:-1;s:17:\"has_page_settings\";s:1:\"1\";s:6:\"is_pro\";s:1:\"1\";s:12:\"access_level\";i:1;}i:107;a:16:{s:4:\"tmpl\";i:1383;s:2:\"id\";i:23489;s:5:\"title\";s:33:\"Slide-In | Discount | Christmas 4\";s:9:\"thumbnail\";s:78:\"https://library.elementor.com/wp-content/uploads/2022/03/Christmas-5-Small.jpg\";s:12:\"tmpl_created\";i:1647860302;s:6:\"author\";s:9:\"Elementor\";s:3:\"url\";s:126:\"https://library.elementor.com/popups/slide-in-discount-christmas-4/?utm_source=library&utm_medium=wp-dash&utm_campaign=preview\";s:4:\"type\";s:5:\"popup\";s:7:\"subtype\";s:8:\"slide-in\";s:4:\"tags\";s:31:\"[\"Christmas\",\"cta\",\"Ecommerce\"]\";s:10:\"menu_order\";i:0;s:16:\"popularity_index\";i:-1;s:11:\"trend_index\";i:-1;s:17:\"has_page_settings\";s:1:\"1\";s:6:\"is_pro\";s:1:\"1\";s:12:\"access_level\";i:1;}i:108;a:16:{s:4:\"tmpl\";i:1384;s:2:\"id\";i:23496;s:5:\"title\";s:32:\"Classic | Discount | Christmas 5\";s:9:\"thumbnail\";s:78:\"https://library.elementor.com/wp-content/uploads/2022/03/Christmas-3-Small.jpg\";s:12:\"tmpl_created\";i:1647860454;s:6:\"author\";s:9:\"Elementor\";s:3:\"url\";s:125:\"https://library.elementor.com/popups/classic-discount-christmas-5/?utm_source=library&utm_medium=wp-dash&utm_campaign=preview\";s:4:\"type\";s:5:\"popup\";s:7:\"subtype\";s:7:\"classic\";s:4:\"tags\";s:29:\"[\"Christmas\",\"Offer\",\"Sales\"]\";s:10:\"menu_order\";i:0;s:16:\"popularity_index\";i:-1;s:11:\"trend_index\";i:-1;s:17:\"has_page_settings\";s:1:\"1\";s:6:\"is_pro\";s:1:\"1\";s:12:\"access_level\";i:1;}i:109;a:16:{s:4:\"tmpl\";i:1385;s:2:\"id\";i:23523;s:5:\"title\";s:30:\"Classic | CTA | Valentines Day\";s:9:\"thumbnail\";s:83:\"https://library.elementor.com/wp-content/uploads/2022/03/Valentines-Day-2-Small.jpg\";s:12:\"tmpl_created\";i:1647860912;s:6:\"author\";s:9:\"Elementor\";s:3:\"url\";s:123:\"https://library.elementor.com/popups/classic-cta-valentines-day/?utm_source=library&utm_medium=wp-dash&utm_campaign=preview\";s:4:\"type\";s:5:\"popup\";s:7:\"subtype\";s:7:\"classic\";s:4:\"tags\";s:25:\"[\"cta\",\"Valentine\'s Day\"]\";s:10:\"menu_order\";i:0;s:16:\"popularity_index\";i:-1;s:11:\"trend_index\";i:-1;s:17:\"has_page_settings\";s:1:\"1\";s:6:\"is_pro\";s:1:\"1\";s:12:\"access_level\";i:1;}i:110;a:16:{s:4:\"tmpl\";i:1386;s:2:\"id\";i:23529;s:5:\"title\";s:39:\"Hello Bar | Discount | Valentines Day 2\";s:9:\"thumbnail\";s:83:\"https://library.elementor.com/wp-content/uploads/2022/03/Valentines-Day-1-Small.jpg\";s:12:\"tmpl_created\";i:1647861064;s:6:\"author\";s:9:\"Elementor\";s:3:\"url\";s:132:\"https://library.elementor.com/popups/hello-bar-discount-valentines-day-2/?utm_source=library&utm_medium=wp-dash&utm_campaign=preview\";s:4:\"type\";s:5:\"popup\";s:7:\"subtype\";s:9:\"hello bar\";s:4:\"tags\";s:30:\"[\"Discount\",\"Valentine\'s Day\"]\";s:10:\"menu_order\";i:0;s:16:\"popularity_index\";i:-1;s:11:\"trend_index\";i:-1;s:17:\"has_page_settings\";s:1:\"1\";s:6:\"is_pro\";s:1:\"1\";s:12:\"access_level\";i:1;}i:111;a:16:{s:4:\"tmpl\";i:1387;s:2:\"id\";i:23536;s:5:\"title\";s:32:\"Classic | CTA | Valentines Day 3\";s:9:\"thumbnail\";s:83:\"https://library.elementor.com/wp-content/uploads/2022/03/Valentines-Day-3-Small.jpg\";s:12:\"tmpl_created\";i:1647861536;s:6:\"author\";s:9:\"Elementor\";s:3:\"url\";s:125:\"https://library.elementor.com/popups/classic-cta-valentines-day-3/?utm_source=library&utm_medium=wp-dash&utm_campaign=preview\";s:4:\"type\";s:5:\"popup\";s:7:\"subtype\";s:7:\"classic\";s:4:\"tags\";s:25:\"[\"cta\",\"Valentine\'s Day\"]\";s:10:\"menu_order\";i:0;s:16:\"popularity_index\";i:-1;s:11:\"trend_index\";i:-1;s:17:\"has_page_settings\";s:1:\"1\";s:6:\"is_pro\";s:1:\"1\";s:12:\"access_level\";i:1;}i:112;a:16:{s:4:\"tmpl\";i:1132;s:2:\"id\";i:16553;s:5:\"title\";s:31:\"Fly-In | Contact | Beauty Salon\";s:9:\"thumbnail\";s:66:\"https://library.elementor.com/wp-content/uploads/2020/12/PopUp.jpg\";s:12:\"tmpl_created\";i:1608622602;s:6:\"author\";s:9:\"Elementor\";s:3:\"url\";s:124:\"https://library.elementor.com/popups/fly-in-contact-beauty-salon/?utm_source=library&utm_medium=wp-dash&utm_campaign=preview\";s:4:\"type\";s:5:\"popup\";s:7:\"subtype\";s:6:\"fly-in\";s:4:\"tags\";s:23:\"[\"Beauty salon\",\"hair\"]\";s:10:\"menu_order\";i:0;s:16:\"popularity_index\";i:691;s:11:\"trend_index\";i:428;s:17:\"has_page_settings\";s:1:\"1\";s:6:\"is_pro\";s:1:\"1\";s:12:\"access_level\";i:1;}i:113;a:16:{s:4:\"tmpl\";i:1388;s:2:\"id\";i:23586;s:5:\"title\";s:51:\"Fly-In | Subscribe | Health &#038; Wellness Company\";s:9:\"thumbnail\";s:103:\"https://library.elementor.com/wp-content/uploads/2022/03/35-Subscribe-Health-Wellness-Company-Small.jpg\";s:12:\"tmpl_created\";i:1647862008;s:6:\"author\";s:9:\"Elementor\";s:3:\"url\";s:137:\"https://library.elementor.com/popups/fly-in-subscribe-health-wellness-company/?utm_source=library&utm_medium=wp-dash&utm_campaign=preview\";s:4:\"type\";s:5:\"popup\";s:7:\"subtype\";s:4:\"page\";s:4:\"tags\";s:24:\"[\"Business\",\"subscribe\"]\";s:10:\"menu_order\";i:0;s:16:\"popularity_index\";i:-1;s:11:\"trend_index\";i:-1;s:17:\"has_page_settings\";s:1:\"1\";s:6:\"is_pro\";s:1:\"1\";s:12:\"access_level\";i:1;}i:114;a:16:{s:4:\"tmpl\";i:1389;s:2:\"id\";i:23592;s:5:\"title\";s:34:\"Classic | Subscribe | Tech Company\";s:9:\"thumbnail\";s:92:\"https://library.elementor.com/wp-content/uploads/2022/03/36-Subscribe-Tech-Company-Small.jpg\";s:12:\"tmpl_created\";i:1647866706;s:6:\"author\";s:9:\"Elementor\";s:3:\"url\";s:127:\"https://library.elementor.com/popups/classic-subscribe-tech-company/?utm_source=library&utm_medium=wp-dash&utm_campaign=preview\";s:4:\"type\";s:5:\"popup\";s:7:\"subtype\";s:7:\"classic\";s:4:\"tags\";s:25:\"[\"Marketing\",\"subscribe\"]\";s:10:\"menu_order\";i:0;s:16:\"popularity_index\";i:-1;s:11:\"trend_index\";i:-1;s:17:\"has_page_settings\";s:1:\"1\";s:6:\"is_pro\";s:1:\"1\";s:12:\"access_level\";i:1;}i:115;a:16:{s:4:\"tmpl\";i:1390;s:2:\"id\";i:23598;s:5:\"title\";s:36:\"Classic | Contact Us | Fight Classes\";s:9:\"thumbnail\";s:94:\"https://library.elementor.com/wp-content/uploads/2022/03/37-Contact-Us-Fight-Classes-Small.jpg\";s:12:\"tmpl_created\";i:1647866869;s:6:\"author\";s:9:\"Elementor\";s:3:\"url\";s:129:\"https://library.elementor.com/popups/classic-contact-us-fight-classes/?utm_source=library&utm_medium=wp-dash&utm_campaign=preview\";s:4:\"type\";s:5:\"popup\";s:7:\"subtype\";s:7:\"classic\";s:4:\"tags\";s:23:\"[\"Contact\",\"Marketing\"]\";s:10:\"menu_order\";i:0;s:16:\"popularity_index\";i:-1;s:11:\"trend_index\";i:-1;s:17:\"has_page_settings\";s:1:\"1\";s:6:\"is_pro\";s:1:\"1\";s:12:\"access_level\";i:1;}i:116;a:16:{s:4:\"tmpl\";i:1391;s:2:\"id\";i:23611;s:5:\"title\";s:31:\"Classic | CTA | Mochi Shop Sale\";s:9:\"thumbnail\";s:99:\"https://library.elementor.com/wp-content/uploads/2022/03/39-Click-Through-Mochi-Shop-Sale-Small.jpg\";s:12:\"tmpl_created\";i:1647867750;s:6:\"author\";s:9:\"Elementor\";s:3:\"url\";s:124:\"https://library.elementor.com/popups/classic-cta-mochi-shop-sale/?utm_source=library&utm_medium=wp-dash&utm_campaign=preview\";s:4:\"type\";s:5:\"popup\";s:7:\"subtype\";s:7:\"classic\";s:4:\"tags\";s:23:\"[\"cta\",\"Offer\",\"Sales\"]\";s:10:\"menu_order\";i:0;s:16:\"popularity_index\";i:-1;s:11:\"trend_index\";i:-1;s:17:\"has_page_settings\";s:1:\"1\";s:6:\"is_pro\";s:1:\"1\";s:12:\"access_level\";i:1;}i:117;a:16:{s:4:\"tmpl\";i:1392;s:2:\"id\";i:23618;s:5:\"title\";s:28:\"Classic | CTA | Fashion Shop\";s:9:\"thumbnail\";s:96:\"https://library.elementor.com/wp-content/uploads/2022/03/40-Click-Through-Fashion-Shop-Small.jpg\";s:12:\"tmpl_created\";i:1647868251;s:6:\"author\";s:9:\"Elementor\";s:3:\"url\";s:121:\"https://library.elementor.com/popups/classic-cta-fashion-shop/?utm_source=library&utm_medium=wp-dash&utm_campaign=preview\";s:4:\"type\";s:5:\"popup\";s:7:\"subtype\";s:7:\"classic\";s:4:\"tags\";s:19:\"[\"cta\",\"Ecommerce\"]\";s:10:\"menu_order\";i:0;s:16:\"popularity_index\";i:-1;s:11:\"trend_index\";i:-1;s:17:\"has_page_settings\";s:1:\"1\";s:6:\"is_pro\";s:1:\"1\";s:12:\"access_level\";i:1;}i:118;a:16:{s:4:\"tmpl\";i:1393;s:2:\"id\";i:23624;s:5:\"title\";s:29:\"Fly-In | Login | Tech Company\";s:9:\"thumbnail\";s:88:\"https://library.elementor.com/wp-content/uploads/2022/03/41-Login-Tech-Company-Small.jpg\";s:12:\"tmpl_created\";i:1647868704;s:6:\"author\";s:9:\"Elementor\";s:3:\"url\";s:122:\"https://library.elementor.com/popups/fly-in-login-tech-company/?utm_source=library&utm_medium=wp-dash&utm_campaign=preview\";s:4:\"type\";s:5:\"popup\";s:7:\"subtype\";s:6:\"fly-in\";s:4:\"tags\";s:9:\"[\"Login\"]\";s:10:\"menu_order\";i:0;s:16:\"popularity_index\";i:-1;s:11:\"trend_index\";i:-1;s:17:\"has_page_settings\";s:1:\"1\";s:6:\"is_pro\";s:1:\"1\";s:12:\"access_level\";i:1;}i:119;a:16:{s:4:\"tmpl\";i:1394;s:2:\"id\";i:23630;s:5:\"title\";s:36:\"Fly-In | Verification | Liquor Store\";s:9:\"thumbnail\";s:95:\"https://library.elementor.com/wp-content/uploads/2022/03/42-Verification-Liquor-Store-Small.jpg\";s:12:\"tmpl_created\";i:1647870308;s:6:\"author\";s:9:\"Elementor\";s:3:\"url\";s:129:\"https://library.elementor.com/popups/fly-in-verification-liquor-store/?utm_source=library&utm_medium=wp-dash&utm_campaign=preview\";s:4:\"type\";s:5:\"popup\";s:7:\"subtype\";s:6:\"fly-in\";s:4:\"tags\";s:16:\"[\"Verification\"]\";s:10:\"menu_order\";i:0;s:16:\"popularity_index\";i:-1;s:11:\"trend_index\";i:-1;s:17:\"has_page_settings\";s:1:\"1\";s:6:\"is_pro\";s:1:\"1\";s:12:\"access_level\";i:1;}i:120;a:16:{s:4:\"tmpl\";i:883;s:2:\"id\";i:11468;s:5:\"title\";s:20:\"Classic | Sale | Gym\";s:9:\"thumbnail\";s:72:\"https://library.elementor.com/wp-content/uploads/2019/08/PopUp_Small.png\";s:12:\"tmpl_created\";i:1567393182;s:6:\"author\";s:9:\"Elementor\";s:3:\"url\";s:113:\"https://library.elementor.com/popups/classic-sale-gym/?utm_source=library&utm_medium=wp-dash&utm_campaign=preview\";s:4:\"type\";s:5:\"popup\";s:7:\"subtype\";s:7:\"classic\";s:4:\"tags\";s:2:\"[]\";s:10:\"menu_order\";i:0;s:16:\"popularity_index\";i:696;s:11:\"trend_index\";i:740;s:17:\"has_page_settings\";s:1:\"1\";s:6:\"is_pro\";s:1:\"1\";s:12:\"access_level\";i:1;}i:121;a:16:{s:4:\"tmpl\";i:1395;s:2:\"id\";i:23636;s:5:\"title\";s:39:\"Hello Bar | Subscribe | Online Magazine\";s:9:\"thumbnail\";s:95:\"https://library.elementor.com/wp-content/uploads/2022/03/44-Subscribe-Online-Magazine-Small.jpg\";s:12:\"tmpl_created\";i:1647870465;s:6:\"author\";s:9:\"Elementor\";s:3:\"url\";s:132:\"https://library.elementor.com/popups/hello-bar-subscribe-online-magazine/?utm_source=library&utm_medium=wp-dash&utm_campaign=preview\";s:4:\"type\";s:5:\"popup\";s:7:\"subtype\";s:9:\"hello bar\";s:4:\"tags\";s:20:\"[\"Blog\",\"subscribe\"]\";s:10:\"menu_order\";i:0;s:16:\"popularity_index\";i:-1;s:11:\"trend_index\";i:-1;s:17:\"has_page_settings\";s:1:\"1\";s:6:\"is_pro\";s:1:\"1\";s:12:\"access_level\";i:1;}i:122;a:16:{s:4:\"tmpl\";i:1396;s:2:\"id\";i:23642;s:5:\"title\";s:27:\"Fly-In | Login | Health Spa\";s:9:\"thumbnail\";s:86:\"https://library.elementor.com/wp-content/uploads/2022/03/43-Login-Health-Spa-Small.jpg\";s:12:\"tmpl_created\";i:1647872427;s:6:\"author\";s:9:\"Elementor\";s:3:\"url\";s:120:\"https://library.elementor.com/popups/fly-in-login-health-spa/?utm_source=library&utm_medium=wp-dash&utm_campaign=preview\";s:4:\"type\";s:5:\"popup\";s:7:\"subtype\";s:6:\"fly-in\";s:4:\"tags\";s:20:\"[\"Login\",\"Services\"]\";s:10:\"menu_order\";i:0;s:16:\"popularity_index\";i:-1;s:11:\"trend_index\";i:-1;s:17:\"has_page_settings\";s:1:\"1\";s:6:\"is_pro\";s:1:\"1\";s:12:\"access_level\";i:1;}i:123;a:16:{s:4:\"tmpl\";i:1397;s:2:\"id\";i:23648;s:5:\"title\";s:33:\"Fly-In | Verification | Wine Shop\";s:9:\"thumbnail\";s:92:\"https://library.elementor.com/wp-content/uploads/2022/03/45-Verification-Wine-Shop-Small.jpg\";s:12:\"tmpl_created\";i:1647872627;s:6:\"author\";s:9:\"Elementor\";s:3:\"url\";s:126:\"https://library.elementor.com/popups/fly-in-verification-wine-shop/?utm_source=library&utm_medium=wp-dash&utm_campaign=preview\";s:4:\"type\";s:5:\"popup\";s:7:\"subtype\";s:6:\"fly-in\";s:4:\"tags\";s:16:\"[\"Verification\"]\";s:10:\"menu_order\";i:0;s:16:\"popularity_index\";i:-1;s:11:\"trend_index\";i:-1;s:17:\"has_page_settings\";s:1:\"1\";s:6:\"is_pro\";s:1:\"1\";s:12:\"access_level\";i:1;}i:124;a:16:{s:4:\"tmpl\";i:893;s:2:\"id\";i:11822;s:5:\"title\";s:30:\"Full Screen | Menu | Portfolio\";s:9:\"thumbnail\";s:72:\"https://library.elementor.com/wp-content/uploads/2019/09/PopUp_small.png\";s:12:\"tmpl_created\";i:1569429896;s:6:\"author\";s:9:\"Elementor\";s:3:\"url\";s:123:\"https://library.elementor.com/popups/full-screen-menu-portfolio/?utm_source=library&utm_medium=wp-dash&utm_campaign=preview\";s:4:\"type\";s:5:\"popup\";s:7:\"subtype\";s:11:\"full screen\";s:4:\"tags\";s:2:\"[]\";s:10:\"menu_order\";i:0;s:16:\"popularity_index\";i:654;s:11:\"trend_index\";i:626;s:17:\"has_page_settings\";s:1:\"1\";s:6:\"is_pro\";s:1:\"1\";s:12:\"access_level\";i:1;}i:125;a:16:{s:4:\"tmpl\";i:899;s:2:\"id\";i:11839;s:5:\"title\";s:9:\"Portfolio\";s:9:\"thumbnail\";s:73:\"https://library.elementor.com/wp-content/uploads/2019/09/Header_small.png\";s:12:\"tmpl_created\";i:1569430015;s:6:\"author\";s:9:\"Elementor\";s:3:\"url\";s:108:\"https://library.elementor.com/blocks/portfolio-9/?utm_source=library&utm_medium=wp-dash&utm_campaign=preview\";s:4:\"type\";s:5:\"block\";s:7:\"subtype\";s:6:\"header\";s:4:\"tags\";s:43:\"[\"creative portfolio\",\"header\",\"portfolio\"]\";s:10:\"menu_order\";i:0;s:16:\"popularity_index\";i:189;s:11:\"trend_index\";i:20;s:17:\"has_page_settings\";s:1:\"0\";s:6:\"is_pro\";s:1:\"1\";s:12:\"access_level\";i:1;}i:126;a:16:{s:4:\"tmpl\";i:1421;s:2:\"id\";i:24235;s:5:\"title\";s:24:\"Ladydog Club &#8211; NFT\";s:9:\"thumbnail\";s:73:\"https://library.elementor.com/wp-content/uploads/2022/05/Ladydog_Club.jpg\";s:12:\"tmpl_created\";i:1651525072;s:6:\"author\";s:9:\"Elementor\";s:3:\"url\";s:109:\"https://library.elementor.com/lp/ladydog-club-nft/?utm_source=library&utm_medium=wp-dash&utm_campaign=preview\";s:4:\"type\";s:2:\"lp\";s:7:\"subtype\";s:3:\"NFT\";s:4:\"tags\";s:100:\"[\"Art\",\"Author\",\"Business\",\"Creative\",\"Design\",\"Gallery\",\"Landing Pages\",\"NFT\",\"Products\",\"Virtual\"]\";s:10:\"menu_order\";i:0;s:16:\"popularity_index\";i:-1;s:11:\"trend_index\";i:-1;s:17:\"has_page_settings\";s:1:\"1\";s:6:\"is_pro\";s:1:\"1\";s:12:\"access_level\";i:1;}i:127;a:16:{s:4:\"tmpl\";i:1422;s:2:\"id\";i:24166;s:5:\"title\";s:15:\"Dot &#8211; NFT\";s:9:\"thumbnail\";s:72:\"https://library.elementor.com/wp-content/uploads/2022/05/Dot-250_280.jpg\";s:12:\"tmpl_created\";i:1651525117;s:6:\"author\";s:9:\"Elementor\";s:3:\"url\";s:100:\"https://library.elementor.com/lp/dot-nft/?utm_source=library&utm_medium=wp-dash&utm_campaign=preview\";s:4:\"type\";s:2:\"lp\";s:7:\"subtype\";s:3:\"NFT\";s:4:\"tags\";s:100:\"[\"Art\",\"Author\",\"Business\",\"Creative\",\"Design\",\"Gallery\",\"Landing Pages\",\"NFT\",\"Products\",\"Virtual\"]\";s:10:\"menu_order\";i:0;s:16:\"popularity_index\";i:-1;s:11:\"trend_index\";i:-1;s:17:\"has_page_settings\";s:1:\"1\";s:6:\"is_pro\";s:1:\"1\";s:12:\"access_level\";i:1;}i:128;a:16:{s:4:\"tmpl\";i:1423;s:2:\"id\";i:24191;s:5:\"title\";s:28:\"Cosmic Neighbors &#8211; NFT\";s:9:\"thumbnail\";s:85:\"https://library.elementor.com/wp-content/uploads/2022/05/Cosmic_Neighbors-250_280.jpg\";s:12:\"tmpl_created\";i:1651525124;s:6:\"author\";s:9:\"Elementor\";s:3:\"url\";s:113:\"https://library.elementor.com/lp/cosmic-neighbors-nft/?utm_source=library&utm_medium=wp-dash&utm_campaign=preview\";s:4:\"type\";s:2:\"lp\";s:7:\"subtype\";s:3:\"NFT\";s:4:\"tags\";s:100:\"[\"Art\",\"Author\",\"Business\",\"Creative\",\"Design\",\"Gallery\",\"Landing Pages\",\"NFT\",\"Products\",\"Virtual\"]\";s:10:\"menu_order\";i:0;s:16:\"popularity_index\";i:-1;s:11:\"trend_index\";i:-1;s:17:\"has_page_settings\";s:1:\"1\";s:6:\"is_pro\";s:1:\"1\";s:12:\"access_level\";i:1;}i:129;a:16:{s:4:\"tmpl\";i:1424;s:2:\"id\";i:24255;s:5:\"title\";s:30:\"Happy Food Friends &#8211; NFT\";s:9:\"thumbnail\";s:75:\"https://library.elementor.com/wp-content/uploads/2022/05/Featured_Image.jpg\";s:12:\"tmpl_created\";i:1651525475;s:6:\"author\";s:9:\"Elementor\";s:3:\"url\";s:115:\"https://library.elementor.com/lp/happy-food-friends-nft/?utm_source=library&utm_medium=wp-dash&utm_campaign=preview\";s:4:\"type\";s:2:\"lp\";s:7:\"subtype\";s:3:\"NFT\";s:4:\"tags\";s:100:\"[\"Art\",\"Author\",\"Business\",\"Creative\",\"Design\",\"Gallery\",\"Landing Pages\",\"NFT\",\"Products\",\"Virtual\"]\";s:10:\"menu_order\";i:0;s:16:\"popularity_index\";i:-1;s:11:\"trend_index\";i:-1;s:17:\"has_page_settings\";s:1:\"1\";s:6:\"is_pro\";s:1:\"1\";s:12:\"access_level\";i:1;}i:130;a:16:{s:4:\"tmpl\";i:923;s:2:\"id\";i:12229;s:5:\"title\";s:33:\"Slide In | Law Firm | Information\";s:9:\"thumbnail\";s:66:\"https://library.elementor.com/wp-content/uploads/2019/11/popup.png\";s:12:\"tmpl_created\";i:1572847842;s:6:\"author\";s:9:\"Elementor\";s:3:\"url\";s:126:\"https://library.elementor.com/popups/slide-in-law-firm-information/?utm_source=library&utm_medium=wp-dash&utm_campaign=preview\";s:4:\"type\";s:5:\"popup\";s:7:\"subtype\";s:8:\"slide-in\";s:4:\"tags\";s:18:\"[\"Law\",\"Law Firm\"]\";s:10:\"menu_order\";i:0;s:16:\"popularity_index\";i:547;s:11:\"trend_index\";i:413;s:17:\"has_page_settings\";s:1:\"1\";s:6:\"is_pro\";s:1:\"1\";s:12:\"access_level\";i:1;}i:131;a:16:{s:4:\"tmpl\";i:924;s:2:\"id\";i:12550;s:5:\"title\";s:32:\"Fly-in | Sale | Travel and Tours\";s:9:\"thumbnail\";s:68:\"https://library.elementor.com/wp-content/uploads/2019/12/PopUp_s.png\";s:12:\"tmpl_created\";i:1575960263;s:6:\"author\";s:9:\"Elementor\";s:3:\"url\";s:124:\"https://library.elementor.com/popups/flyin-sale-travel-and-tours/?utm_source=library&utm_medium=wp-dash&utm_campaign=preview\";s:4:\"type\";s:5:\"popup\";s:7:\"subtype\";s:6:\"fly-in\";s:4:\"tags\";s:18:\"[\"Tours\",\"Travel\"]\";s:10:\"menu_order\";i:0;s:16:\"popularity_index\";i:754;s:11:\"trend_index\";i:791;s:17:\"has_page_settings\";s:1:\"1\";s:6:\"is_pro\";s:1:\"1\";s:12:\"access_level\";i:1;}i:132;a:16:{s:4:\"tmpl\";i:925;s:2:\"id\";i:12540;s:5:\"title\";s:33:\"Classic | Menu | Travel and tours\";s:9:\"thumbnail\";s:73:\"https://library.elementor.com/wp-content/uploads/2019/12/PopUp_Menu_s.png\";s:12:\"tmpl_created\";i:1575960267;s:6:\"author\";s:9:\"Elementor\";s:3:\"url\";s:126:\"https://library.elementor.com/popups/classic-menu-travel-and-tours/?utm_source=library&utm_medium=wp-dash&utm_campaign=preview\";s:4:\"type\";s:5:\"popup\";s:7:\"subtype\";s:7:\"classic\";s:4:\"tags\";s:18:\"[\"Tours\",\"Travel\"]\";s:10:\"menu_order\";i:0;s:16:\"popularity_index\";i:690;s:11:\"trend_index\";i:714;s:17:\"has_page_settings\";s:1:\"1\";s:6:\"is_pro\";s:1:\"1\";s:12:\"access_level\";i:1;}i:133;a:16:{s:4:\"tmpl\";i:1443;s:2:\"id\";i:24599;s:5:\"title\";s:27:\"Wireframe &#8211; Courses 1\";s:9:\"thumbnail\";s:84:\"https://library.elementor.com/wp-content/uploads/2022/05/Wireframe-—-Courses-1.jpg\";s:12:\"tmpl_created\";i:1653989626;s:6:\"author\";s:9:\"Elementor\";s:3:\"url\";s:123:\"https://library.elementor.com/lp/wireframe-courses-1-2/?utm_source=template-library&utm_medium=wp-dash&utm_campaign=preview\";s:4:\"type\";s:2:\"lp\";s:7:\"subtype\";s:9:\"Wireframe\";s:4:\"tags\";s:180:\"[\"About\",\"Academy\",\"Booking\",\"Business\",\"Course Online\",\"Features\",\"Footer\",\"Landing Pages\",\"Online Service\",\"Professional\",\"School\",\"Services\",\"Subscribe\",\"Teacher\",\"Testimonial\"]\";s:10:\"menu_order\";i:0;s:16:\"popularity_index\";i:-1;s:11:\"trend_index\";i:-1;s:17:\"has_page_settings\";s:1:\"1\";s:6:\"is_pro\";s:1:\"0\";s:12:\"access_level\";i:0;}i:134;a:16:{s:4:\"tmpl\";i:1444;s:2:\"id\";i:24614;s:5:\"title\";s:28:\"Wireframe &#8211; Services 1\";s:9:\"thumbnail\";s:87:\"https://library.elementor.com/wp-content/uploads/2022/05/Wireframe-—-Services-1-2.jpg\";s:12:\"tmpl_created\";i:1653990084;s:6:\"author\";s:9:\"Elementor\";s:3:\"url\";s:122:\"https://library.elementor.com/lp/wireframe-services-1/?utm_source=template-library&utm_medium=wp-dash&utm_campaign=preview\";s:4:\"type\";s:2:\"lp\";s:7:\"subtype\";s:9:\"Wireframe\";s:4:\"tags\";s:139:\"[\"About\",\"Business\",\"Contact\",\"Features\",\"Footer\",\"Form\",\"Header\",\"Landing Pages\",\"Online Service\",\"Professional\",\"Services\",\"Testimonial\"]\";s:10:\"menu_order\";i:0;s:16:\"popularity_index\";i:-1;s:11:\"trend_index\";i:-1;s:17:\"has_page_settings\";s:1:\"1\";s:6:\"is_pro\";s:1:\"1\";s:12:\"access_level\";i:1;}i:135;a:16:{s:4:\"tmpl\";i:1445;s:2:\"id\";i:24629;s:5:\"title\";s:28:\"Wireframe &#8211; Services 2\";s:9:\"thumbnail\";s:87:\"https://library.elementor.com/wp-content/uploads/2022/05/Wireframe-—-Services-2-2.jpg\";s:12:\"tmpl_created\";i:1653990132;s:6:\"author\";s:9:\"Elementor\";s:3:\"url\";s:122:\"https://library.elementor.com/lp/wireframe-services-2/?utm_source=template-library&utm_medium=wp-dash&utm_campaign=preview\";s:4:\"type\";s:2:\"lp\";s:7:\"subtype\";s:9:\"Wireframe\";s:4:\"tags\";s:123:\"[\"About\",\"Business\",\"Contact\",\"Features\",\"Footer\",\"Form\",\"Gallery\",\"Landing Pages\",\"Professional\",\"Services\",\"Testimonial\"]\";s:10:\"menu_order\";i:0;s:16:\"popularity_index\";i:-1;s:11:\"trend_index\";i:-1;s:17:\"has_page_settings\";s:1:\"1\";s:6:\"is_pro\";s:1:\"1\";s:12:\"access_level\";i:1;}i:136;a:16:{s:4:\"tmpl\";i:1446;s:2:\"id\";i:24644;s:5:\"title\";s:27:\"Wireframe &#8211; Webinar 1\";s:9:\"thumbnail\";s:84:\"https://library.elementor.com/wp-content/uploads/2022/05/Wireframe-—-Webinar-1.jpg\";s:12:\"tmpl_created\";i:1653990164;s:6:\"author\";s:9:\"Elementor\";s:3:\"url\";s:121:\"https://library.elementor.com/lp/wireframe-webinar-1/?utm_source=template-library&utm_medium=wp-dash&utm_campaign=preview\";s:4:\"type\";s:2:\"lp\";s:7:\"subtype\";s:9:\"Wireframe\";s:4:\"tags\";s:177:\"[\"About\",\"Academy\",\"Booking\",\"Conference\",\"Course Online\",\"Education\",\"Features\",\"Footer\",\"Form\",\"Landing Pages\",\"Online Event\",\"Online Service\",\"Subscribe\",\"Virtual\",\"Webinar\"]\";s:10:\"menu_order\";i:0;s:16:\"popularity_index\";i:-1;s:11:\"trend_index\";i:-1;s:17:\"has_page_settings\";s:1:\"1\";s:6:\"is_pro\";s:1:\"1\";s:12:\"access_level\";i:1;}i:137;a:16:{s:4:\"tmpl\";i:1447;s:2:\"id\";i:24655;s:5:\"title\";s:28:\"Wireframe &#8211; Services 3\";s:9:\"thumbnail\";s:87:\"https://library.elementor.com/wp-content/uploads/2022/05/Wireframe-—-Services-3-2.jpg\";s:12:\"tmpl_created\";i:1653990198;s:6:\"author\";s:9:\"Elementor\";s:3:\"url\";s:122:\"https://library.elementor.com/lp/wireframe-services-3/?utm_source=template-library&utm_medium=wp-dash&utm_campaign=preview\";s:4:\"type\";s:2:\"lp\";s:7:\"subtype\";s:9:\"Wireframe\";s:4:\"tags\";s:143:\"[\"About\",\"Agency\",\"Business\",\"Contact\",\"Footer\",\"Form\",\"Gallery\",\"Landing Pages\",\"Portfolio\",\"Professional\",\"Project\",\"Services\",\"Testimonial\"]\";s:10:\"menu_order\";i:0;s:16:\"popularity_index\";i:-1;s:11:\"trend_index\";i:-1;s:17:\"has_page_settings\";s:1:\"1\";s:6:\"is_pro\";s:1:\"1\";s:12:\"access_level\";i:1;}i:138;a:16:{s:4:\"tmpl\";i:1448;s:2:\"id\";i:24677;s:5:\"title\";s:28:\"Wireframe &#8211; Services 4\";s:9:\"thumbnail\";s:85:\"https://library.elementor.com/wp-content/uploads/2022/05/Wireframe-—-Services-4.jpg\";s:12:\"tmpl_created\";i:1653990233;s:6:\"author\";s:9:\"Elementor\";s:3:\"url\";s:122:\"https://library.elementor.com/lp/wireframe-services-4/?utm_source=template-library&utm_medium=wp-dash&utm_campaign=preview\";s:4:\"type\";s:2:\"lp\";s:7:\"subtype\";s:9:\"Wireframe\";s:4:\"tags\";s:102:\"[\"About\",\"Business\",\"Contact\",\"Footer\",\"Form\",\"Landing Pages\",\"Professional\",\"Services\",\"Testimonial\"]\";s:10:\"menu_order\";i:0;s:16:\"popularity_index\";i:-1;s:11:\"trend_index\";i:-1;s:17:\"has_page_settings\";s:1:\"1\";s:6:\"is_pro\";s:1:\"1\";s:12:\"access_level\";i:1;}i:139;a:16:{s:4:\"tmpl\";i:1449;s:2:\"id\";i:24687;s:5:\"title\";s:28:\"Wireframe &#8211; Products 1\";s:9:\"thumbnail\";s:85:\"https://library.elementor.com/wp-content/uploads/2022/05/Wireframe-—-Products-1.jpg\";s:12:\"tmpl_created\";i:1653990273;s:6:\"author\";s:9:\"Elementor\";s:3:\"url\";s:122:\"https://library.elementor.com/lp/wireframe-products-1/?utm_source=template-library&utm_medium=wp-dash&utm_campaign=preview\";s:4:\"type\";s:2:\"lp\";s:7:\"subtype\";s:9:\"Wireframe\";s:4:\"tags\";s:128:\"[\"About\",\"Booking\",\"Business\",\"Clients\",\"Ecommerce\",\"Features\",\"Footer\",\"Landing Pages\",\"Products\",\"Sales\",\"Shop\",\"Testimonial\"]\";s:10:\"menu_order\";i:0;s:16:\"popularity_index\";i:-1;s:11:\"trend_index\";i:-1;s:17:\"has_page_settings\";s:1:\"1\";s:6:\"is_pro\";s:1:\"0\";s:12:\"access_level\";i:0;}i:140;a:16:{s:4:\"tmpl\";i:1450;s:2:\"id\";i:24706;s:5:\"title\";s:28:\"Wireframe &#8211; Services 5\";s:9:\"thumbnail\";s:85:\"https://library.elementor.com/wp-content/uploads/2022/05/Wireframe-—-Services-5.jpg\";s:12:\"tmpl_created\";i:1653990322;s:6:\"author\";s:9:\"Elementor\";s:3:\"url\";s:122:\"https://library.elementor.com/lp/wireframe-services-5/?utm_source=template-library&utm_medium=wp-dash&utm_campaign=preview\";s:4:\"type\";s:2:\"lp\";s:7:\"subtype\";s:9:\"Wireframe\";s:4:\"tags\";s:149:\"[\"About\",\"Booking\",\"Consulting\",\"Contact\",\"Doctor\",\"Footer\",\"Form\",\"Header\",\"Landing Pages\",\"Online Service\",\"Professional\",\"Services\",\"Testimonial\"]\";s:10:\"menu_order\";i:0;s:16:\"popularity_index\";i:-1;s:11:\"trend_index\";i:-1;s:17:\"has_page_settings\";s:1:\"1\";s:6:\"is_pro\";s:1:\"1\";s:12:\"access_level\";i:1;}i:141;a:16:{s:4:\"tmpl\";i:1199;s:2:\"id\";i:18839;s:5:\"title\";s:27:\"Hello Bar | CTA | eCommerce\";s:9:\"thumbnail\";s:68:\"https://library.elementor.com/wp-content/uploads/2021/05/350x250.png\";s:12:\"tmpl_created\";i:1621870603;s:6:\"author\";s:9:\"Elementor\";s:3:\"url\";s:120:\"https://library.elementor.com/popups/hello-bar-cta-ecommerce/?utm_source=library&utm_medium=wp-dash&utm_campaign=preview\";s:4:\"type\";s:5:\"popup\";s:7:\"subtype\";s:9:\"hello bar\";s:4:\"tags\";s:41:\"[\"Ecommerce\",\"online shop\",\"Sale\",\"Shop\"]\";s:10:\"menu_order\";i:0;s:16:\"popularity_index\";i:-1;s:11:\"trend_index\";i:-1;s:17:\"has_page_settings\";s:1:\"1\";s:6:\"is_pro\";s:1:\"1\";s:12:\"access_level\";i:1;}i:142;a:16:{s:4:\"tmpl\";i:951;s:2:\"id\";i:12736;s:5:\"title\";s:41:\"Slide In | Contact Us | Magazine and Blog\";s:9:\"thumbnail\";s:76:\"https://library.elementor.com/wp-content/uploads/2020/01/PopUp_contact_s.png\";s:12:\"tmpl_created\";i:1579060978;s:6:\"author\";s:9:\"Elementor\";s:3:\"url\";s:116:\"https://library.elementor.com/popups/slide-in-contact-us/?utm_source=library&utm_medium=wp-dash&utm_campaign=preview\";s:4:\"type\";s:5:\"popup\";s:7:\"subtype\";s:8:\"slide-in\";s:4:\"tags\";s:19:\"[\"Blog\",\"Magazine\"]\";s:10:\"menu_order\";i:0;s:16:\"popularity_index\";i:734;s:11:\"trend_index\";i:686;s:17:\"has_page_settings\";s:1:\"1\";s:6:\"is_pro\";s:1:\"1\";s:12:\"access_level\";i:1;}i:143;a:16:{s:4:\"tmpl\";i:952;s:2:\"id\";i:12726;s:5:\"title\";s:52:\"Classic | Newsletter | Subscribe | Magazine and Blog\";s:9:\"thumbnail\";s:79:\"https://library.elementor.com/wp-content/uploads/2020/01/PopUp_Newsletter_s.png\";s:12:\"tmpl_created\";i:1579061019;s:6:\"author\";s:9:\"Elementor\";s:3:\"url\";s:143:\"https://library.elementor.com/popups/classic-newsletter-subscribe-magazine-and-blog/?utm_source=library&utm_medium=wp-dash&utm_campaign=preview\";s:4:\"type\";s:5:\"popup\";s:7:\"subtype\";s:7:\"classic\";s:4:\"tags\";s:19:\"[\"Blog\",\"Magazine\"]\";s:10:\"menu_order\";i:0;s:16:\"popularity_index\";i:357;s:11:\"trend_index\";i:281;s:17:\"has_page_settings\";s:1:\"1\";s:6:\"is_pro\";s:1:\"1\";s:12:\"access_level\";i:1;}i:144;a:16:{s:4:\"tmpl\";i:958;s:2:\"id\";i:13129;s:5:\"title\";s:28:\"Classic | Menu | Photography\";s:9:\"thumbnail\";s:68:\"https://library.elementor.com/wp-content/uploads/2020/02/PopUp_s.png\";s:12:\"tmpl_created\";i:1582092645;s:6:\"author\";s:9:\"Elementor\";s:3:\"url\";s:121:\"https://library.elementor.com/popups/classic-menu-photography/?utm_source=library&utm_medium=wp-dash&utm_campaign=preview\";s:4:\"type\";s:5:\"popup\";s:7:\"subtype\";s:7:\"classic\";s:4:\"tags\";s:27:\"[\"Photography\",\"portfolio\"]\";s:10:\"menu_order\";i:0;s:16:\"popularity_index\";i:646;s:11:\"trend_index\";i:521;s:17:\"has_page_settings\";s:1:\"1\";s:6:\"is_pro\";s:1:\"1\";s:12:\"access_level\";i:1;}i:145;a:16:{s:4:\"tmpl\";i:981;s:2:\"id\";i:13281;s:5:\"title\";s:37:\"Hello Bar | Contact | Interior Design\";s:9:\"thumbnail\";s:66:\"https://library.elementor.com/wp-content/uploads/2020/04/PopUp.png\";s:12:\"tmpl_created\";i:1586148801;s:6:\"author\";s:9:\"Elementor\";s:3:\"url\";s:130:\"https://library.elementor.com/popups/hello-bar-contact-interior-design/?utm_source=library&utm_medium=wp-dash&utm_campaign=preview\";s:4:\"type\";s:5:\"popup\";s:7:\"subtype\";s:9:\"hello bar\";s:4:\"tags\";s:19:\"[\"interior design\"]\";s:10:\"menu_order\";i:0;s:16:\"popularity_index\";i:763;s:11:\"trend_index\";i:679;s:17:\"has_page_settings\";s:1:\"1\";s:6:\"is_pro\";s:1:\"1\";s:12:\"access_level\";i:1;}i:146;a:16:{s:4:\"tmpl\";i:991;s:2:\"id\";i:13413;s:5:\"title\";s:33:\"Classic | Contact | Online Course\";s:9:\"thumbnail\";s:71:\"https://library.elementor.com/wp-content/uploads/2020/04/PopUp-Help.jpg\";s:12:\"tmpl_created\";i:1587474761;s:6:\"author\";s:9:\"Elementor\";s:3:\"url\";s:126:\"https://library.elementor.com/popups/classic-contact-online-course/?utm_source=library&utm_medium=wp-dash&utm_campaign=preview\";s:4:\"type\";s:5:\"popup\";s:7:\"subtype\";s:7:\"classic\";s:4:\"tags\";s:29:\"[\"Course Online\",\"Education\"]\";s:10:\"menu_order\";i:0;s:16:\"popularity_index\";i:530;s:11:\"trend_index\";i:369;s:17:\"has_page_settings\";s:1:\"1\";s:6:\"is_pro\";s:1:\"1\";s:12:\"access_level\";i:1;}i:147;a:16:{s:4:\"tmpl\";i:1247;s:2:\"id\";i:21907;s:5:\"title\";s:55:\"Fly-In | Team Details Popup | Electronic Music Festival\";s:9:\"thumbnail\";s:104:\"https://library.elementor.com/wp-content/uploads/2022/03/Kit-8-electronic-music-festival-CTA-image-1.jpg\";s:12:\"tmpl_created\";i:1646660881;s:6:\"author\";s:9:\"Elementor\";s:3:\"url\";s:148:\"https://library.elementor.com/popups/fly-in-team-details-popup-electronic-music-festival/?utm_source=library&utm_medium=wp-dash&utm_campaign=preview\";s:4:\"type\";s:5:\"popup\";s:7:\"subtype\";s:6:\"fly-in\";s:4:\"tags\";s:2:\"[]\";s:10:\"menu_order\";i:0;s:16:\"popularity_index\";i:-1;s:11:\"trend_index\";i:-1;s:17:\"has_page_settings\";s:1:\"1\";s:6:\"is_pro\";s:1:\"1\";s:12:\"access_level\";i:1;}i:148;a:16:{s:4:\"tmpl\";i:992;s:2:\"id\";i:13402;s:5:\"title\";s:29:\"Classic | CTA | Online Course\";s:9:\"thumbnail\";s:83:\"https://library.elementor.com/wp-content/uploads/2020/04/Popup-Course-Completed.jpg\";s:12:\"tmpl_created\";i:1587474772;s:6:\"author\";s:9:\"Elementor\";s:3:\"url\";s:122:\"https://library.elementor.com/popups/classic-cta-online-course/?utm_source=library&utm_medium=wp-dash&utm_campaign=preview\";s:4:\"type\";s:5:\"popup\";s:7:\"subtype\";s:7:\"classic\";s:4:\"tags\";s:29:\"[\"Course Online\",\"Education\"]\";s:10:\"menu_order\";i:0;s:16:\"popularity_index\";i:619;s:11:\"trend_index\";i:582;s:17:\"has_page_settings\";s:1:\"1\";s:6:\"is_pro\";s:1:\"1\";s:12:\"access_level\";i:1;}i:149;a:16:{s:4:\"tmpl\";i:993;s:2:\"id\";i:13422;s:5:\"title\";s:30:\"Classic | Menu | Online Course\";s:9:\"thumbnail\";s:71:\"https://library.elementor.com/wp-content/uploads/2020/04/PopUp-Menu.jpg\";s:12:\"tmpl_created\";i:1587474782;s:6:\"author\";s:9:\"Elementor\";s:3:\"url\";s:123:\"https://library.elementor.com/popups/classic-menu-online-course/?utm_source=library&utm_medium=wp-dash&utm_campaign=preview\";s:4:\"type\";s:5:\"popup\";s:7:\"subtype\";s:7:\"classic\";s:4:\"tags\";s:29:\"[\"Course Online\",\"Education\"]\";s:10:\"menu_order\";i:0;s:16:\"popularity_index\";i:516;s:11:\"trend_index\";i:432;s:17:\"has_page_settings\";s:1:\"1\";s:6:\"is_pro\";s:1:\"0\";s:12:\"access_level\";i:0;}i:150;a:16:{s:4:\"tmpl\";i:1253;s:2:\"id\";i:22162;s:5:\"title\";s:52:\"Full Screen | Menu Popup | Electronic Music Festival\";s:9:\"thumbnail\";s:90:\"https://library.elementor.com/wp-content/uploads/2022/03/8-music-festival-Team-Details.jpg\";s:12:\"tmpl_created\";i:1647272934;s:6:\"author\";s:9:\"Elementor\";s:3:\"url\";s:145:\"https://library.elementor.com/popups/full-screen-menu-popup-electronic-music-festival/?utm_source=library&utm_medium=wp-dash&utm_campaign=preview\";s:4:\"type\";s:5:\"popup\";s:7:\"subtype\";s:11:\"full screen\";s:4:\"tags\";s:21:\"[\"Fullscreen\",\"menu\"]\";s:10:\"menu_order\";i:0;s:16:\"popularity_index\";i:-1;s:11:\"trend_index\";i:-1;s:17:\"has_page_settings\";s:1:\"1\";s:6:\"is_pro\";s:1:\"0\";s:12:\"access_level\";i:0;}i:151;a:16:{s:4:\"tmpl\";i:1254;s:2:\"id\";i:22172;s:5:\"title\";s:51:\"Classic | Discount Popup | Health &#038; Beauty Spa\";s:9:\"thumbnail\";s:84:\"https://library.elementor.com/wp-content/uploads/2022/03/health-beauty-spa-small.jpg\";s:12:\"tmpl_created\";i:1647273547;s:6:\"author\";s:9:\"Elementor\";s:3:\"url\";s:137:\"https://library.elementor.com/popups/classic-discount-popup-health-beauty-spa/?utm_source=library&utm_medium=wp-dash&utm_campaign=preview\";s:4:\"type\";s:5:\"popup\";s:7:\"subtype\";s:7:\"classic\";s:4:\"tags\";s:36:\"[\"Hair\",\"Health\",\"Sales\",\"Services\"]\";s:10:\"menu_order\";i:0;s:16:\"popularity_index\";i:-1;s:11:\"trend_index\";i:-1;s:17:\"has_page_settings\";s:1:\"1\";s:6:\"is_pro\";s:1:\"1\";s:12:\"access_level\";i:1;}i:152;a:16:{s:4:\"tmpl\";i:1255;s:2:\"id\";i:22183;s:5:\"title\";s:50:\"Hello Bar | CTA Popup | Environmental Organization\";s:9:\"thumbnail\";s:104:\"https://library.elementor.com/wp-content/uploads/2022/03/11-Environmental-Organization-Click-Through.jpg\";s:12:\"tmpl_created\";i:1647274384;s:6:\"author\";s:9:\"Elementor\";s:3:\"url\";s:143:\"https://library.elementor.com/popups/hello-bar-cta-popup-environmental-organization/?utm_source=library&utm_medium=wp-dash&utm_campaign=preview\";s:4:\"type\";s:5:\"popup\";s:7:\"subtype\";s:9:\"hello bar\";s:4:\"tags\";s:7:\"[\"cta\"]\";s:10:\"menu_order\";i:0;s:16:\"popularity_index\";i:-1;s:11:\"trend_index\";i:-1;s:17:\"has_page_settings\";s:1:\"1\";s:6:\"is_pro\";s:1:\"1\";s:12:\"access_level\";i:1;}i:153;a:16:{s:4:\"tmpl\";i:1256;s:2:\"id\";i:22195;s:5:\"title\";s:45:\"Classic | Discount Popup | Italian Restaurant\";s:9:\"thumbnail\";s:77:\"https://library.elementor.com/wp-content/uploads/2022/03/restaurant-small.jpg\";s:12:\"tmpl_created\";i:1647329432;s:6:\"author\";s:9:\"Elementor\";s:3:\"url\";s:138:\"https://library.elementor.com/popups/classic-discount-popup-italian-restaurant/?utm_source=library&utm_medium=wp-dash&utm_campaign=preview\";s:4:\"type\";s:5:\"popup\";s:7:\"subtype\";s:7:\"classic\";s:4:\"tags\";s:22:\"[\"Restaurant\",\"Sales\"]\";s:10:\"menu_order\";i:0;s:16:\"popularity_index\";i:-1;s:11:\"trend_index\";i:-1;s:17:\"has_page_settings\";s:1:\"1\";s:6:\"is_pro\";s:1:\"1\";s:12:\"access_level\";i:1;}i:154;a:16:{s:4:\"tmpl\";i:1257;s:2:\"id\";i:22210;s:5:\"title\";s:51:\"Bottom Bar | Discount Popup | Technology Conference\";s:9:\"thumbnail\";s:82:\"https://library.elementor.com/wp-content/uploads/2022/03/tech-conference-small.jpg\";s:12:\"tmpl_created\";i:1647330423;s:6:\"author\";s:9:\"Elementor\";s:3:\"url\";s:144:\"https://library.elementor.com/popups/bottom-bar-discount-popup-technology-conference/?utm_source=library&utm_medium=wp-dash&utm_campaign=preview\";s:4:\"type\";s:5:\"popup\";s:7:\"subtype\";s:10:\"bottom bar\";s:4:\"tags\";s:38:\"[\"Conference\",\"Sales\",\"Save the Date\"]\";s:10:\"menu_order\";i:0;s:16:\"popularity_index\";i:-1;s:11:\"trend_index\";i:-1;s:17:\"has_page_settings\";s:1:\"1\";s:6:\"is_pro\";s:1:\"1\";s:12:\"access_level\";i:1;}i:155;a:16:{s:4:\"tmpl\";i:1258;s:2:\"id\";i:22221;s:5:\"title\";s:38:\"Hello Bar | Menu Popup | Tattoo Studio\";s:9:\"thumbnail\";s:82:\"https://library.elementor.com/wp-content/uploads/2022/03/tattoo-studio-small-1.jpg\";s:12:\"tmpl_created\";i:1647330705;s:6:\"author\";s:9:\"Elementor\";s:3:\"url\";s:131:\"https://library.elementor.com/popups/hello-bar-menu-popup-tattoo-studio/?utm_source=library&utm_medium=wp-dash&utm_campaign=preview\";s:4:\"type\";s:5:\"popup\";s:7:\"subtype\";s:9:\"hello bar\";s:4:\"tags\";s:17:\"[\"Header\",\"menu\"]\";s:10:\"menu_order\";i:0;s:16:\"popularity_index\";i:-1;s:11:\"trend_index\";i:-1;s:17:\"has_page_settings\";s:1:\"1\";s:6:\"is_pro\";s:1:\"1\";s:12:\"access_level\";i:1;}i:156;a:16:{s:4:\"tmpl\";i:1259;s:2:\"id\";i:22231;s:5:\"title\";s:43:\"Full Screen | Booking Popup | Tattoo Studio\";s:9:\"thumbnail\";s:80:\"https://library.elementor.com/wp-content/uploads/2022/03/tattoo-studio-small.jpg\";s:12:\"tmpl_created\";i:1647331823;s:6:\"author\";s:9:\"Elementor\";s:3:\"url\";s:136:\"https://library.elementor.com/popups/full-screen-booking-popup-tattoo-studio/?utm_source=library&utm_medium=wp-dash&utm_campaign=preview\";s:4:\"type\";s:5:\"popup\";s:7:\"subtype\";s:11:\"full screen\";s:4:\"tags\";s:32:\"[\"Booking\",\"Contact\",\"Services\"]\";s:10:\"menu_order\";i:0;s:16:\"popularity_index\";i:-1;s:11:\"trend_index\";i:-1;s:17:\"has_page_settings\";s:1:\"1\";s:6:\"is_pro\";s:1:\"1\";s:12:\"access_level\";i:1;}i:157;a:16:{s:4:\"tmpl\";i:1004;s:2:\"id\";i:13538;s:5:\"title\";s:32:\"Fly-In | Newsletter | Barbershop\";s:9:\"thumbnail\";s:78:\"https://library.elementor.com/wp-content/uploads/2020/05/Pop-Up-Page-Small.jpg\";s:12:\"tmpl_created\";i:1589893364;s:6:\"author\";s:9:\"Elementor\";s:3:\"url\";s:125:\"https://library.elementor.com/popups/fly-in-newsletter-barbershop/?utm_source=library&utm_medium=wp-dash&utm_campaign=preview\";s:4:\"type\";s:5:\"popup\";s:7:\"subtype\";s:6:\"fly-in\";s:4:\"tags\";s:28:\"[\"Barber Shop\",\"Barbershop\"]\";s:10:\"menu_order\";i:0;s:16:\"popularity_index\";i:710;s:11:\"trend_index\";i:667;s:17:\"has_page_settings\";s:1:\"1\";s:6:\"is_pro\";s:1:\"1\";s:12:\"access_level\";i:1;}i:158;a:16:{s:4:\"tmpl\";i:1260;s:2:\"id\";i:22251;s:5:\"title\";s:40:\"Classic | Discount Popup | Dental Clinic\";s:9:\"thumbnail\";s:80:\"https://library.elementor.com/wp-content/uploads/2022/03/dental-clinic-small.jpg\";s:12:\"tmpl_created\";i:1647332171;s:6:\"author\";s:9:\"Elementor\";s:3:\"url\";s:133:\"https://library.elementor.com/popups/classic-discount-popup-dental-clinic/?utm_source=library&utm_medium=wp-dash&utm_campaign=preview\";s:4:\"type\";s:5:\"popup\";s:7:\"subtype\";s:7:\"classic\";s:4:\"tags\";s:30:\"[\"Health\",\"Marketing\",\"Sales\"]\";s:10:\"menu_order\";i:0;s:16:\"popularity_index\";i:-1;s:11:\"trend_index\";i:-1;s:17:\"has_page_settings\";s:1:\"1\";s:6:\"is_pro\";s:1:\"1\";s:12:\"access_level\";i:1;}i:159;a:16:{s:4:\"tmpl\";i:1261;s:2:\"id\";i:22261;s:5:\"title\";s:40:\"Slide-In | Contact Popup | Makeup Artist\";s:9:\"thumbnail\";s:88:\"https://library.elementor.com/wp-content/uploads/2022/03/20-Makeup-Artist-Contact-Us.jpg\";s:12:\"tmpl_created\";i:1647333946;s:6:\"author\";s:9:\"Elementor\";s:3:\"url\";s:133:\"https://library.elementor.com/popups/slide-in-contact-popup-makeup-artist/?utm_source=library&utm_medium=wp-dash&utm_campaign=preview\";s:4:\"type\";s:5:\"popup\";s:7:\"subtype\";s:8:\"slide-in\";s:4:\"tags\";s:33:\"[\"Business\",\"Contact\",\"Services\"]\";s:10:\"menu_order\";i:0;s:16:\"popularity_index\";i:-1;s:11:\"trend_index\";i:-1;s:17:\"has_page_settings\";s:1:\"1\";s:6:\"is_pro\";s:1:\"1\";s:12:\"access_level\";i:1;}i:160;a:16:{s:4:\"tmpl\";i:1262;s:2:\"id\";i:22271;s:5:\"title\";s:24:\"Fly-In | CTA | Headphone\";s:9:\"thumbnail\";s:79:\"https://library.elementor.com/wp-content/uploads/2022/03/headphones-1-small.jpg\";s:12:\"tmpl_created\";i:1647334784;s:6:\"author\";s:9:\"Elementor\";s:3:\"url\";s:123:\"https://library.elementor.com/popups/fly-in-cta-popup-headphone/?utm_source=library&utm_medium=wp-dash&utm_campaign=preview\";s:4:\"type\";s:5:\"popup\";s:7:\"subtype\";s:6:\"fly-in\";s:4:\"tags\";s:41:\"[\"cta\",\"Ecommerce\",\"Marketing\",\"Product\"]\";s:10:\"menu_order\";i:0;s:16:\"popularity_index\";i:-1;s:11:\"trend_index\";i:-1;s:17:\"has_page_settings\";s:1:\"1\";s:6:\"is_pro\";s:1:\"1\";s:12:\"access_level\";i:1;}i:161;a:16:{s:4:\"tmpl\";i:1263;s:2:\"id\";i:22277;s:5:\"title\";s:35:\"Classic | Cta Popup | Online Course\";s:9:\"thumbnail\";s:76:\"https://library.elementor.com/wp-content/uploads/2022/03/online-course-2.jpg\";s:12:\"tmpl_created\";i:1647337110;s:6:\"author\";s:9:\"Elementor\";s:3:\"url\";s:128:\"https://library.elementor.com/popups/classic-cta-popup-online-course/?utm_source=library&utm_medium=wp-dash&utm_campaign=preview\";s:4:\"type\";s:5:\"popup\";s:7:\"subtype\";s:7:\"classic\";s:4:\"tags\";s:35:\"[\"Course Online\",\"cta\",\"Marketing\"]\";s:10:\"menu_order\";i:0;s:16:\"popularity_index\";i:-1;s:11:\"trend_index\";i:-1;s:17:\"has_page_settings\";s:1:\"1\";s:6:\"is_pro\";s:1:\"1\";s:12:\"access_level\";i:1;}i:162;a:16:{s:4:\"tmpl\";i:1264;s:2:\"id\";i:22283;s:5:\"title\";s:46:\"Bottom Bar | Contact Popup | Virtual Assistant\";s:9:\"thumbnail\";s:80:\"https://library.elementor.com/wp-content/uploads/2022/03/virtual-assistant-3.jpg\";s:12:\"tmpl_created\";i:1647337517;s:6:\"author\";s:9:\"Elementor\";s:3:\"url\";s:139:\"https://library.elementor.com/popups/bottom-bar-contact-popup-virtual-assistant/?utm_source=library&utm_medium=wp-dash&utm_campaign=preview\";s:4:\"type\";s:5:\"popup\";s:7:\"subtype\";s:10:\"bottom bar\";s:4:\"tags\";s:33:\"[\"Business\",\"Contact\",\"Services\"]\";s:10:\"menu_order\";i:0;s:16:\"popularity_index\";i:-1;s:11:\"trend_index\";i:-1;s:17:\"has_page_settings\";s:1:\"1\";s:6:\"is_pro\";s:1:\"1\";s:12:\"access_level\";i:1;}i:163;a:16:{s:4:\"tmpl\";i:1265;s:2:\"id\";i:22289;s:5:\"title\";s:38:\"Fly-In | Contact Popup | Private Tutor\";s:9:\"thumbnail\";s:76:\"https://library.elementor.com/wp-content/uploads/2022/03/private-tutor-4.jpg\";s:12:\"tmpl_created\";i:1647337676;s:6:\"author\";s:9:\"Elementor\";s:3:\"url\";s:131:\"https://library.elementor.com/popups/fly-in-contact-popup-private-tutor/?utm_source=library&utm_medium=wp-dash&utm_campaign=preview\";s:4:\"type\";s:5:\"popup\";s:7:\"subtype\";s:6:\"fly-in\";s:4:\"tags\";s:27:\"[\"Contact\",\"Course Online\"]\";s:10:\"menu_order\";i:0;s:16:\"popularity_index\";i:-1;s:11:\"trend_index\";i:-1;s:17:\"has_page_settings\";s:1:\"1\";s:6:\"is_pro\";s:1:\"0\";s:12:\"access_level\";i:0;}i:164;a:16:{s:4:\"tmpl\";i:1266;s:2:\"id\";i:22295;s:5:\"title\";s:37:\"Classic |  Login Popup | Login Travel\";s:9:\"thumbnail\";s:75:\"https://library.elementor.com/wp-content/uploads/2022/03/login-travel-6.jpg\";s:12:\"tmpl_created\";i:1647339467;s:6:\"author\";s:9:\"Elementor\";s:3:\"url\";s:129:\"https://library.elementor.com/popups/classic-login-popup-login-travel/?utm_source=library&utm_medium=wp-dash&utm_campaign=preview\";s:4:\"type\";s:5:\"popup\";s:7:\"subtype\";s:7:\"classic\";s:4:\"tags\";s:9:\"[\"Login\"]\";s:10:\"menu_order\";i:0;s:16:\"popularity_index\";i:-1;s:11:\"trend_index\";i:-1;s:17:\"has_page_settings\";s:1:\"1\";s:6:\"is_pro\";s:1:\"0\";s:12:\"access_level\";i:0;}i:165;a:16:{s:4:\"tmpl\";i:1267;s:2:\"id\";i:22301;s:5:\"title\";s:42:\"Full Screen | Login Popup | Login Business\";s:9:\"thumbnail\";s:77:\"https://library.elementor.com/wp-content/uploads/2022/03/login-business-7.jpg\";s:12:\"tmpl_created\";i:1647339782;s:6:\"author\";s:9:\"Elementor\";s:3:\"url\";s:135:\"https://library.elementor.com/popups/full-screen-login-popup-login-business/?utm_source=library&utm_medium=wp-dash&utm_campaign=preview\";s:4:\"type\";s:5:\"popup\";s:7:\"subtype\";s:11:\"full screen\";s:4:\"tags\";s:16:\"[\"Login\",\"SaaS\"]\";s:10:\"menu_order\";i:0;s:16:\"popularity_index\";i:-1;s:11:\"trend_index\";i:-1;s:17:\"has_page_settings\";s:1:\"1\";s:6:\"is_pro\";s:1:\"1\";s:12:\"access_level\";i:1;}i:166;a:16:{s:4:\"tmpl\";i:1268;s:2:\"id\";i:22307;s:5:\"title\";s:34:\"Classic | Login Popup | Login Blog\";s:9:\"thumbnail\";s:73:\"https://library.elementor.com/wp-content/uploads/2022/03/login-blog-8.jpg\";s:12:\"tmpl_created\";i:1647339986;s:6:\"author\";s:9:\"Elementor\";s:3:\"url\";s:127:\"https://library.elementor.com/popups/classic-login-popup-login-blog/?utm_source=library&utm_medium=wp-dash&utm_campaign=preview\";s:4:\"type\";s:5:\"popup\";s:7:\"subtype\";s:7:\"classic\";s:4:\"tags\";s:16:\"[\"Blog\",\"Login\"]\";s:10:\"menu_order\";i:0;s:16:\"popularity_index\";i:-1;s:11:\"trend_index\";i:-1;s:17:\"has_page_settings\";s:1:\"1\";s:6:\"is_pro\";s:1:\"1\";s:12:\"access_level\";i:1;}i:167;a:16:{s:4:\"tmpl\";i:1269;s:2:\"id\";i:22313;s:5:\"title\";s:37:\"Classic | Login Popup | Login Fashion\";s:9:\"thumbnail\";s:76:\"https://library.elementor.com/wp-content/uploads/2022/03/login-fashion-9.jpg\";s:12:\"tmpl_created\";i:1647340204;s:6:\"author\";s:9:\"Elementor\";s:3:\"url\";s:130:\"https://library.elementor.com/popups/classic-login-popup-login-fashion/?utm_source=library&utm_medium=wp-dash&utm_campaign=preview\";s:4:\"type\";s:5:\"popup\";s:7:\"subtype\";s:7:\"classic\";s:4:\"tags\";s:19:\"[\"Fashion\",\"Login\"]\";s:10:\"menu_order\";i:0;s:16:\"popularity_index\";i:-1;s:11:\"trend_index\";i:-1;s:17:\"has_page_settings\";s:1:\"1\";s:6:\"is_pro\";s:1:\"1\";s:12:\"access_level\";i:1;}i:168;a:16:{s:4:\"tmpl\";i:1270;s:2:\"id\";i:22319;s:5:\"title\";s:46:\"Classic |  Login Popup | Login Design Platform\";s:9:\"thumbnail\";s:85:\"https://library.elementor.com/wp-content/uploads/2022/03/login-design-platform-10.jpg\";s:12:\"tmpl_created\";i:1647340531;s:6:\"author\";s:9:\"Elementor\";s:3:\"url\";s:138:\"https://library.elementor.com/popups/classic-login-popup-login-design-platform/?utm_source=library&utm_medium=wp-dash&utm_campaign=preview\";s:4:\"type\";s:5:\"popup\";s:7:\"subtype\";s:7:\"classic\";s:4:\"tags\";s:25:\"[\"Design\",\"Login\",\"SaaS\"]\";s:10:\"menu_order\";i:0;s:16:\"popularity_index\";i:-1;s:11:\"trend_index\";i:-1;s:17:\"has_page_settings\";s:1:\"1\";s:6:\"is_pro\";s:1:\"1\";s:12:\"access_level\";i:1;}i:169;a:16:{s:4:\"tmpl\";i:1015;s:2:\"id\";i:14067;s:5:\"title\";s:37:\"Slide In | Japanese restaurant | Menu\";s:9:\"thumbnail\";s:78:\"https://library.elementor.com/wp-content/uploads/2020/06/Menu-Pop-Up-Small.jpg\";s:12:\"tmpl_created\";i:1592290352;s:6:\"author\";s:9:\"Elementor\";s:3:\"url\";s:130:\"https://library.elementor.com/popups/slide-in-japanese-restaurant-menu/?utm_source=library&utm_medium=wp-dash&utm_campaign=preview\";s:4:\"type\";s:5:\"popup\";s:7:\"subtype\";s:8:\"slide-in\";s:4:\"tags\";s:32:\"[\"Food\",\"Japanese\",\"Restaurant\"]\";s:10:\"menu_order\";i:0;s:16:\"popularity_index\";i:650;s:11:\"trend_index\";i:565;s:17:\"has_page_settings\";s:1:\"1\";s:6:\"is_pro\";s:1:\"1\";s:12:\"access_level\";i:1;}i:170;a:16:{s:4:\"tmpl\";i:1271;s:2:\"id\";i:22325;s:5:\"title\";s:42:\"Fly-In | Contact Popup | Digital Marketing\";s:9:\"thumbnail\";s:81:\"https://library.elementor.com/wp-content/uploads/2022/03/digital-marketing-11.jpg\";s:12:\"tmpl_created\";i:1647340770;s:6:\"author\";s:9:\"Elementor\";s:3:\"url\";s:135:\"https://library.elementor.com/popups/fly-in-contact-popup-digital-marketing/?utm_source=library&utm_medium=wp-dash&utm_campaign=preview\";s:4:\"type\";s:5:\"popup\";s:7:\"subtype\";s:6:\"fly-in\";s:4:\"tags\";s:51:\"[\"Business\",\"Contact\",\"Digital Agency\",\"Marketing\"]\";s:10:\"menu_order\";i:0;s:16:\"popularity_index\";i:-1;s:11:\"trend_index\";i:-1;s:17:\"has_page_settings\";s:1:\"1\";s:6:\"is_pro\";s:1:\"1\";s:12:\"access_level\";i:1;}i:171;a:16:{s:4:\"tmpl\";i:1272;s:2:\"id\";i:22331;s:5:\"title\";s:42:\"Fly-In | Cta Popup | Dog Cat Food Delivery\";s:9:\"thumbnail\";s:84:\"https://library.elementor.com/wp-content/uploads/2022/03/dog-cat-food-delivery-5.jpg\";s:12:\"tmpl_created\";i:1647341069;s:6:\"author\";s:9:\"Elementor\";s:3:\"url\";s:135:\"https://library.elementor.com/popups/fly-in-cta-popup-dog-cat-food-delivery/?utm_source=library&utm_medium=wp-dash&utm_campaign=preview\";s:4:\"type\";s:5:\"popup\";s:7:\"subtype\";s:6:\"fly-in\";s:4:\"tags\";s:33:\"[\"cta\",\"Delivery Service\",\"Pets\"]\";s:10:\"menu_order\";i:0;s:16:\"popularity_index\";i:-1;s:11:\"trend_index\";i:-1;s:17:\"has_page_settings\";s:1:\"1\";s:6:\"is_pro\";s:1:\"1\";s:12:\"access_level\";i:1;}i:172;a:16:{s:4:\"tmpl\";i:1017;s:2:\"id\";i:14111;s:5:\"title\";s:36:\"Classic | Japanese restaurant | Sale\";s:9:\"thumbnail\";s:78:\"https://library.elementor.com/wp-content/uploads/2020/06/Pop-Up-Page-Small.jpg\";s:12:\"tmpl_created\";i:1592300400;s:6:\"author\";s:9:\"Elementor\";s:3:\"url\";s:129:\"https://library.elementor.com/popups/classic-japanese-restaurant-sale/?utm_source=library&utm_medium=wp-dash&utm_campaign=preview\";s:4:\"type\";s:5:\"popup\";s:7:\"subtype\";s:7:\"classic\";s:4:\"tags\";s:32:\"[\"Food\",\"Japanese\",\"Restaurant\"]\";s:10:\"menu_order\";i:0;s:16:\"popularity_index\";i:717;s:11:\"trend_index\";i:697;s:17:\"has_page_settings\";s:1:\"1\";s:6:\"is_pro\";s:1:\"1\";s:12:\"access_level\";i:1;}i:173;a:16:{s:4:\"tmpl\";i:1273;s:2:\"id\";i:22337;s:5:\"title\";s:43:\"Full Screen | Contact Popup | Design Studio\";s:9:\"thumbnail\";s:77:\"https://library.elementor.com/wp-content/uploads/2022/03/design-studio-12.jpg\";s:12:\"tmpl_created\";i:1647341370;s:6:\"author\";s:9:\"Elementor\";s:3:\"url\";s:136:\"https://library.elementor.com/popups/full-screen-contact-popup-design-studio/?utm_source=library&utm_medium=wp-dash&utm_campaign=preview\";s:4:\"type\";s:5:\"popup\";s:7:\"subtype\";s:11:\"full screen\";s:4:\"tags\";s:39:\"[\"Business\",\"Contact\",\"Digital Agency\"]\";s:10:\"menu_order\";i:0;s:16:\"popularity_index\";i:-1;s:11:\"trend_index\";i:-1;s:17:\"has_page_settings\";s:1:\"1\";s:6:\"is_pro\";s:1:\"1\";s:12:\"access_level\";i:1;}i:174;a:16:{s:4:\"tmpl\";i:1274;s:2:\"id\";i:22343;s:5:\"title\";s:45:\"Classic | Contact | Support  Product Platform\";s:9:\"thumbnail\";s:71:\"https://library.elementor.com/wp-content/uploads/2022/03/support-13.jpg\";s:12:\"tmpl_created\";i:1647341972;s:6:\"author\";s:9:\"Elementor\";s:3:\"url\";s:137:\"https://library.elementor.com/popups/classic-contact-support-product-platform/?utm_source=library&utm_medium=wp-dash&utm_campaign=preview\";s:4:\"type\";s:5:\"popup\";s:7:\"subtype\";s:7:\"classic\";s:4:\"tags\";s:21:\"[\"Contact\",\"Support\"]\";s:10:\"menu_order\";i:0;s:16:\"popularity_index\";i:-1;s:11:\"trend_index\";i:-1;s:17:\"has_page_settings\";s:1:\"1\";s:6:\"is_pro\";s:1:\"1\";s:12:\"access_level\";i:1;}i:175;a:16:{s:4:\"tmpl\";i:1275;s:2:\"id\";i:22371;s:5:\"title\";s:38:\"Full Screen | Contact | Small Business\";s:9:\"thumbnail\";s:78:\"https://library.elementor.com/wp-content/uploads/2022/03/small-business-14.jpg\";s:12:\"tmpl_created\";i:1647342508;s:6:\"author\";s:9:\"Elementor\";s:3:\"url\";s:131:\"https://library.elementor.com/popups/full-screen-contact-small-business/?utm_source=library&utm_medium=wp-dash&utm_campaign=preview\";s:4:\"type\";s:5:\"popup\";s:7:\"subtype\";s:11:\"full screen\";s:4:\"tags\";s:40:\"[\"Business\",\"Contact\",\"Interior Design\"]\";s:10:\"menu_order\";i:0;s:16:\"popularity_index\";i:-1;s:11:\"trend_index\";i:-1;s:17:\"has_page_settings\";s:1:\"1\";s:6:\"is_pro\";s:1:\"1\";s:12:\"access_level\";i:1;}i:176;a:16:{s:4:\"tmpl\";i:1276;s:2:\"id\";i:22377;s:5:\"title\";s:31:\"Classic | Contact | Online Shop\";s:9:\"thumbnail\";s:75:\"https://library.elementor.com/wp-content/uploads/2022/03/online-shop-15.jpg\";s:12:\"tmpl_created\";i:1647352786;s:6:\"author\";s:9:\"Elementor\";s:3:\"url\";s:124:\"https://library.elementor.com/popups/classic-contact-online-shop/?utm_source=library&utm_medium=wp-dash&utm_campaign=preview\";s:4:\"type\";s:5:\"popup\";s:7:\"subtype\";s:7:\"classic\";s:4:\"tags\";s:11:\"[\"Contact\"]\";s:10:\"menu_order\";i:0;s:16:\"popularity_index\";i:-1;s:11:\"trend_index\";i:-1;s:17:\"has_page_settings\";s:1:\"1\";s:6:\"is_pro\";s:1:\"1\";s:12:\"access_level\";i:1;}i:177;a:16:{s:4:\"tmpl\";i:1277;s:2:\"id\";i:22383;s:5:\"title\";s:40:\"Classic | Booking | Children Optometrist\";s:9:\"thumbnail\";s:84:\"https://library.elementor.com/wp-content/uploads/2022/03/children-optometrist-16.jpg\";s:12:\"tmpl_created\";i:1647352963;s:6:\"author\";s:9:\"Elementor\";s:3:\"url\";s:133:\"https://library.elementor.com/popups/classic-booking-children-optometrist/?utm_source=library&utm_medium=wp-dash&utm_campaign=preview\";s:4:\"type\";s:5:\"popup\";s:7:\"subtype\";s:7:\"classic\";s:4:\"tags\";s:53:\"[\"Booking\",\"Business\",\"Contact\",\"Education\",\"Health\"]\";s:10:\"menu_order\";i:0;s:16:\"popularity_index\";i:-1;s:11:\"trend_index\";i:-1;s:17:\"has_page_settings\";s:1:\"1\";s:6:\"is_pro\";s:1:\"1\";s:12:\"access_level\";i:1;}i:178;a:16:{s:4:\"tmpl\";i:1278;s:2:\"id\";i:22389;s:5:\"title\";s:28:\"Fly-In | Contact | Open Week\";s:9:\"thumbnail\";s:72:\"https://library.elementor.com/wp-content/uploads/2022/03/open-week17.jpg\";s:12:\"tmpl_created\";i:1647353281;s:6:\"author\";s:9:\"Elementor\";s:3:\"url\";s:121:\"https://library.elementor.com/popups/fly-in-contact-open-week/?utm_source=library&utm_medium=wp-dash&utm_campaign=preview\";s:4:\"type\";s:5:\"popup\";s:7:\"subtype\";s:6:\"fly-in\";s:4:\"tags\";s:34:\"[\"Business\",\"Contact\",\"Marketing\"]\";s:10:\"menu_order\";i:0;s:16:\"popularity_index\";i:-1;s:11:\"trend_index\";i:-1;s:17:\"has_page_settings\";s:1:\"1\";s:6:\"is_pro\";s:1:\"1\";s:12:\"access_level\";i:1;}i:179;a:16:{s:4:\"tmpl\";i:1279;s:2:\"id\";i:22397;s:5:\"title\";s:43:\"Full Screen | CTA | Plant Pots Online Store\";s:9:\"thumbnail\";s:87:\"https://library.elementor.com/wp-content/uploads/2022/03/plant-pots-online-store-18.jpg\";s:12:\"tmpl_created\";i:1647353429;s:6:\"author\";s:9:\"Elementor\";s:3:\"url\";s:136:\"https://library.elementor.com/popups/full-screen-cta-plant-pots-online-store/?utm_source=library&utm_medium=wp-dash&utm_campaign=preview\";s:4:\"type\";s:5:\"popup\";s:7:\"subtype\";s:11:\"full screen\";s:4:\"tags\";s:33:\"[\"Ecommerce\",\"Marketing\",\"Sales\"]\";s:10:\"menu_order\";i:0;s:16:\"popularity_index\";i:-1;s:11:\"trend_index\";i:-1;s:17:\"has_page_settings\";s:1:\"1\";s:6:\"is_pro\";s:1:\"1\";s:12:\"access_level\";i:1;}i:180;a:16:{s:4:\"tmpl\";i:1398;s:2:\"id\";i:23687;s:5:\"title\";s:32:\"Pizza Promotion &#8211; Business\";s:9:\"thumbnail\";s:79:\"https://library.elementor.com/wp-content/uploads/2022/04/48-Pizza-Promotion.jpg\";s:12:\"tmpl_created\";i:1649670575;s:6:\"author\";s:9:\"Elementor\";s:3:\"url\";s:117:\"https://library.elementor.com/lp/pizza-promotion-business/?utm_source=library&utm_medium=wp-dash&utm_campaign=preview\";s:4:\"type\";s:2:\"lp\";s:7:\"subtype\";s:8:\"Business\";s:4:\"tags\";s:92:\"[\"Business\",\"Cooking\",\"Delivery\",\"Discount\",\"Fast Food\",\"Food\",\"Landing Pages\",\"Restaurant\"]\";s:10:\"menu_order\";i:1;s:16:\"popularity_index\";i:-1;s:11:\"trend_index\";i:-1;s:17:\"has_page_settings\";s:1:\"1\";s:6:\"is_pro\";s:1:\"0\";s:12:\"access_level\";i:0;}i:181;a:16:{s:4:\"tmpl\";i:1400;s:2:\"id\";i:23751;s:5:\"title\";s:33:\"Baby Sleep Webinar &#8211; Events\";s:9:\"thumbnail\";s:82:\"https://library.elementor.com/wp-content/uploads/2022/04/63-Baby-Sleep-Webinar.jpg\";s:12:\"tmpl_created\";i:1649676065;s:6:\"author\";s:9:\"Elementor\";s:3:\"url\";s:118:\"https://library.elementor.com/lp/baby-sleep-webinar-events/?utm_source=library&utm_medium=wp-dash&utm_campaign=preview\";s:4:\"type\";s:2:\"lp\";s:7:\"subtype\";s:6:\"Events\";s:4:\"tags\";s:227:\"[\"Baby\",\"Booking\",\"Business\",\"Children\",\"Course Online\",\"Education\",\"Events\",\"Health\",\"Landing Pages\",\"Life Coach\",\"Lifestyle\",\"Online Event\",\"Online Service\",\"Parenting\",\"Professional\",\"Remote\",\"Services\",\"Training\",\"Webinar\"]\";s:10:\"menu_order\";i:1;s:16:\"popularity_index\";i:-1;s:11:\"trend_index\";i:-1;s:17:\"has_page_settings\";s:1:\"1\";s:6:\"is_pro\";s:1:\"1\";s:12:\"access_level\";i:1;}i:182;a:16:{s:4:\"tmpl\";i:1401;s:2:\"id\";i:23776;s:5:\"title\";s:34:\"Ski Hotel Promotion &#8211; Travel\";s:9:\"thumbnail\";s:83:\"https://library.elementor.com/wp-content/uploads/2022/04/64-Ski-Hotel-Promotion.jpg\";s:12:\"tmpl_created\";i:1649691720;s:6:\"author\";s:9:\"Elementor\";s:3:\"url\";s:119:\"https://library.elementor.com/lp/ski-hotel-promotion-travel/?utm_source=library&utm_medium=wp-dash&utm_campaign=preview\";s:4:\"type\";s:2:\"lp\";s:7:\"subtype\";s:6:\"Travel\";s:4:\"tags\";s:118:\"[\"Accommodation\",\"Booking\",\"Discount. Landing Pages\",\"Lifestyle\",\"Luxury\",\"Services\",\"Spa\",\"Travel\",\"Trip\",\"Vacation\"]\";s:10:\"menu_order\";i:1;s:16:\"popularity_index\";i:-1;s:11:\"trend_index\";i:-1;s:17:\"has_page_settings\";s:1:\"1\";s:6:\"is_pro\";s:1:\"1\";s:12:\"access_level\";i:20;}i:183;a:16:{s:4:\"tmpl\";i:1402;s:2:\"id\";i:23804;s:5:\"title\";s:30:\"Cake Delivery &#8211; Business\";s:9:\"thumbnail\";s:77:\"https://library.elementor.com/wp-content/uploads/2022/04/67-Cake-Delivery.jpg\";s:12:\"tmpl_created\";i:1649692909;s:6:\"author\";s:9:\"Elementor\";s:3:\"url\";s:115:\"https://library.elementor.com/lp/cake-delivery-business/?utm_source=library&utm_medium=wp-dash&utm_campaign=preview\";s:4:\"type\";s:2:\"lp\";s:7:\"subtype\";s:8:\"Business\";s:4:\"tags\";s:101:\"[\"Bakery\",\"Business\",\"Cake\",\"Cooking\",\"Delivery\",\"Discount\",\"Food\",\"Landing Pages\",\"Products\",\"Shop\"]\";s:10:\"menu_order\";i:1;s:16:\"popularity_index\";i:-1;s:11:\"trend_index\";i:-1;s:17:\"has_page_settings\";s:1:\"1\";s:6:\"is_pro\";s:1:\"1\";s:12:\"access_level\";i:1;}i:184;a:16:{s:4:\"tmpl\";i:1403;s:2:\"id\";i:23832;s:5:\"title\";s:32:\"Furniture Store &#8211; Business\";s:9:\"thumbnail\";s:79:\"https://library.elementor.com/wp-content/uploads/2022/04/87-Furniture-Store.jpg\";s:12:\"tmpl_created\";i:1649694812;s:6:\"author\";s:9:\"Elementor\";s:3:\"url\";s:117:\"https://library.elementor.com/lp/furniture-store-business/?utm_source=library&utm_medium=wp-dash&utm_campaign=preview\";s:4:\"type\";s:2:\"lp\";s:7:\"subtype\";s:8:\"Business\";s:4:\"tags\";s:232:\"[\"Architecture\",\"Art\",\"Business\",\"Construction\",\"Coupon\",\"Creative\",\"Decor\",\"Designer\",\"Discount\",\"Fashion\",\"Furniture Design\",\"Home\",\"House\",\"Interior Design\",\"Landing Pages\",\"Lifestyle\",\"Products\",\"Professional\",\"Services\",\"Shop\"]\";s:10:\"menu_order\";i:1;s:16:\"popularity_index\";i:-1;s:11:\"trend_index\";i:-1;s:17:\"has_page_settings\";s:1:\"0\";s:6:\"is_pro\";s:1:\"0\";s:12:\"access_level\";i:0;}i:185;a:16:{s:4:\"tmpl\";i:1404;s:2:\"id\";i:23746;s:5:\"title\";s:22:\"Nails &#8211; Business\";s:9:\"thumbnail\";s:71:\"https://library.elementor.com/wp-content/uploads/2022/04/62-Nails-1.jpg\";s:12:\"tmpl_created\";i:1649704635;s:6:\"author\";s:9:\"Elementor\";s:3:\"url\";s:107:\"https://library.elementor.com/lp/nails-business/?utm_source=library&utm_medium=wp-dash&utm_campaign=preview\";s:4:\"type\";s:2:\"lp\";s:7:\"subtype\";s:8:\"Business\";s:4:\"tags\";s:173:\"[\"Art\",\"Beauty\",\"Business\",\"Colorful\",\"Cosmetics\",\"Creative\",\"Design\",\"Discount\",\"Fashion\",\"Girly\",\"Landing Pages\",\"Lifestyle\",\"Manicure\",\"Modern\",\"Professional\",\"Services\"]\";s:10:\"menu_order\";i:1;s:16:\"popularity_index\";i:-1;s:11:\"trend_index\";i:-1;s:17:\"has_page_settings\";s:1:\"1\";s:6:\"is_pro\";s:1:\"1\";s:12:\"access_level\";i:20;}i:186;a:16:{s:4:\"tmpl\";i:1405;s:2:\"id\";i:23846;s:5:\"title\";s:29:\"Music Festival &#8211; Events\";s:9:\"thumbnail\";s:78:\"https://library.elementor.com/wp-content/uploads/2022/04/88-Music-Festival.jpg\";s:12:\"tmpl_created\";i:1649707763;s:6:\"author\";s:9:\"Elementor\";s:3:\"url\";s:114:\"https://library.elementor.com/lp/music-festival-events/?utm_source=library&utm_medium=wp-dash&utm_campaign=preview\";s:4:\"type\";s:2:\"lp\";s:7:\"subtype\";s:6:\"Events\";s:4:\"tags\";s:128:\"[\"Author\",\"Booking\",\"Business\",\"Creative\",\"Discount\",\"Events\",\"Landing Pages\",\"Music\",\"Online\",\"Online Event\",\"Party\",\"Virtual\"]\";s:10:\"menu_order\";i:1;s:16:\"popularity_index\";i:-1;s:11:\"trend_index\";i:-1;s:17:\"has_page_settings\";s:1:\"1\";s:6:\"is_pro\";s:1:\"0\";s:12:\"access_level\";i:0;}i:187;a:16:{s:4:\"tmpl\";i:1406;s:2:\"id\";i:23872;s:5:\"title\";s:40:\"Fashion Styling Course &#8211; Education\";s:9:\"thumbnail\";s:86:\"https://library.elementor.com/wp-content/uploads/2022/04/89-Fashion-Styling-Course.jpg\";s:12:\"tmpl_created\";i:1649708569;s:6:\"author\";s:9:\"Elementor\";s:3:\"url\";s:125:\"https://library.elementor.com/lp/fashion-styling-course-education/?utm_source=library&utm_medium=wp-dash&utm_campaign=preview\";s:4:\"type\";s:2:\"lp\";s:7:\"subtype\";s:9:\"Education\";s:4:\"tags\";s:173:\"[\"Aesthetic\",\"Art\",\"Beauty\",\"Business\",\"Course Online\",\"Creative\",\"Discount\",\"Education\",\"Fashion\",\"Landing Pages\",\"Lifestyle\",\"Online\",\"Online Service\",\"Stylist\",\"Virtual\"]\";s:10:\"menu_order\";i:1;s:16:\"popularity_index\";i:-1;s:11:\"trend_index\";i:-1;s:17:\"has_page_settings\";s:1:\"1\";s:6:\"is_pro\";s:1:\"1\";s:12:\"access_level\";i:1;}i:188;a:16:{s:4:\"tmpl\";i:1407;s:2:\"id\";i:23897;s:5:\"title\";s:33:\"Bags Online Shop &#8211; Business\";s:9:\"thumbnail\";s:80:\"https://library.elementor.com/wp-content/uploads/2022/04/90-Bags-Online-Shop.jpg\";s:12:\"tmpl_created\";i:1649709513;s:6:\"author\";s:9:\"Elementor\";s:3:\"url\";s:118:\"https://library.elementor.com/lp/bags-online-shop-business/?utm_source=library&utm_medium=wp-dash&utm_campaign=preview\";s:4:\"type\";s:2:\"lp\";s:7:\"subtype\";s:8:\"Business\";s:4:\"tags\";s:170:\"[\"Art\",\"Bag\",\"Business\",\"Creative\",\"Design\",\"Discount\",\"Fashion\",\"Landing Pages\",\"Lifestyle\",\"Luxury\",\"Modern\",\"Online\",\"Online Shop\",\"Products\",\"Sales\",\"Shop\",\"Stylist\"]\";s:10:\"menu_order\";i:1;s:16:\"popularity_index\";i:-1;s:11:\"trend_index\";i:-1;s:17:\"has_page_settings\";s:1:\"1\";s:6:\"is_pro\";s:1:\"1\";s:12:\"access_level\";i:1;}i:189;a:16:{s:4:\"tmpl\";i:1408;s:2:\"id\";i:23932;s:5:\"title\";s:32:\"Cooking Academy &#8211; Business\";s:9:\"thumbnail\";s:79:\"https://library.elementor.com/wp-content/uploads/2022/04/91-Cooking-Academy.jpg\";s:12:\"tmpl_created\";i:1649710216;s:6:\"author\";s:9:\"Elementor\";s:3:\"url\";s:117:\"https://library.elementor.com/lp/cooking-academy-business/?utm_source=library&utm_medium=wp-dash&utm_campaign=preview\";s:4:\"type\";s:2:\"lp\";s:7:\"subtype\";s:8:\"Business\";s:4:\"tags\";s:145:\"[\"Academy\",\"Booking\",\"Business\",\"Chef\",\"Cooking\",\"Education\",\"Food\",\"Free Trial\",\"Landing Pages\",\"Professional\",\"School\",\"Teacher\",\"Testimonial\"]\";s:10:\"menu_order\";i:1;s:16:\"popularity_index\";i:-1;s:11:\"trend_index\";i:-1;s:17:\"has_page_settings\";s:1:\"1\";s:6:\"is_pro\";s:1:\"1\";s:12:\"access_level\";i:1;}i:190;a:16:{s:4:\"tmpl\";i:1409;s:2:\"id\";i:23970;s:5:\"title\";s:45:\"Ophthalmology Medical Clinic &#8211; Business\";s:9:\"thumbnail\";s:92:\"https://library.elementor.com/wp-content/uploads/2022/04/92-Ophthalmology-Medical-Clinic.jpg\";s:12:\"tmpl_created\";i:1649711096;s:6:\"author\";s:9:\"Elementor\";s:3:\"url\";s:130:\"https://library.elementor.com/lp/ophthalmology-medical-clinic-business/?utm_source=library&utm_medium=wp-dash&utm_campaign=preview\";s:4:\"type\";s:2:\"lp\";s:7:\"subtype\";s:8:\"Business\";s:4:\"tags\";s:165:\"[\"About\",\"Business\",\"Care\",\"Consulting\",\"Eye\",\"Free Trial\",\"Glasses\",\"Health\",\"Landing Pages\",\"Lifestyle\",\"Medical\",\"Modern\",\"Optometrist\",\"Professional\",\"Services\"]\";s:10:\"menu_order\";i:1;s:16:\"popularity_index\";i:-1;s:11:\"trend_index\";i:-1;s:17:\"has_page_settings\";s:1:\"1\";s:6:\"is_pro\";s:1:\"1\";s:12:\"access_level\";i:1;}i:191;a:16:{s:4:\"tmpl\";i:1425;s:2:\"id\";i:24331;s:5:\"title\";s:24:\"Wireframe &#8211; Home 1\";s:9:\"thumbnail\";s:81:\"https://library.elementor.com/wp-content/uploads/2022/05/Wireframe-—-Home-1.jpg\";s:12:\"tmpl_created\";i:1653988363;s:6:\"author\";s:9:\"Elementor\";s:3:\"url\";s:115:\"https://library.elementor.com/wireframe-home-1/?utm_source=template-library&utm_medium=wp-dash&utm_campaign=preview\";s:4:\"type\";s:4:\"page\";s:7:\"subtype\";s:4:\"page\";s:4:\"tags\";s:102:\"[\"Business\",\"Contact\",\"Features\",\"Footer\",\"Header\",\"Homepage\",\"Professional\",\"Services\",\"Testimonial\"]\";s:10:\"menu_order\";i:1;s:16:\"popularity_index\";i:-1;s:11:\"trend_index\";i:-1;s:17:\"has_page_settings\";s:1:\"1\";s:6:\"is_pro\";s:1:\"0\";s:12:\"access_level\";i:0;}i:192;a:16:{s:4:\"tmpl\";i:674;s:2:\"id\";i:8505;s:5:\"title\";s:11:\"404 page 01\";s:9:\"thumbnail\";s:64:\"https://library.elementor.com/wp-content/uploads/2018/05/001.jpg\";s:12:\"tmpl_created\";i:1526415501;s:6:\"author\";s:9:\"Elementor\";s:3:\"url\";s:108:\"https://library.elementor.com/blocks/404-page-01/?utm_source=library&utm_medium=wp-dash&utm_campaign=preview\";s:4:\"type\";s:5:\"block\";s:7:\"subtype\";s:8:\"404 page\";s:4:\"tags\";s:2:\"[]\";s:10:\"menu_order\";i:1;s:16:\"popularity_index\";i:533;s:11:\"trend_index\";i:222;s:17:\"has_page_settings\";s:1:\"0\";s:6:\"is_pro\";s:1:\"1\";s:12:\"access_level\";i:1;}i:193;a:16:{s:4:\"tmpl\";i:1218;s:2:\"id\";i:20792;s:5:\"title\";s:26:\"Luxury Car &#8211; Product\";s:9:\"thumbnail\";s:70:\"https://library.elementor.com/wp-content/uploads/2021/11/250x280-1.jpg\";s:12:\"tmpl_created\";i:1636903770;s:6:\"author\";s:9:\"Elementor\";s:3:\"url\";s:111:\"https://library.elementor.com/lp/luxury-car-product/?utm_source=library&utm_medium=wp-dash&utm_campaign=preview\";s:4:\"type\";s:2:\"lp\";s:7:\"subtype\";s:7:\"Product\";s:4:\"tags\";s:54:\"[\"car\",\"Ecommerce\",\"Landing Pages\",\"luxury\",\"Product\"]\";s:10:\"menu_order\";i:1;s:16:\"popularity_index\";i:-1;s:11:\"trend_index\";i:-1;s:17:\"has_page_settings\";s:1:\"1\";s:6:\"is_pro\";s:1:\"1\";s:12:\"access_level\";i:1;}i:194;a:16:{s:4:\"tmpl\";i:1428;s:2:\"id\";i:24398;s:5:\"title\";s:25:\"Wireframe &#8211; About 1\";s:9:\"thumbnail\";s:82:\"https://library.elementor.com/wp-content/uploads/2022/05/Wireframe-—-About-1.jpg\";s:12:\"tmpl_created\";i:1653988534;s:6:\"author\";s:9:\"Elementor\";s:3:\"url\";s:116:\"https://library.elementor.com/wireframe-about-1/?utm_source=template-library&utm_medium=wp-dash&utm_campaign=preview\";s:4:\"type\";s:4:\"page\";s:7:\"subtype\";s:4:\"page\";s:4:\"tags\";s:83:\"[\"About\",\"Business\",\"Contact\",\"Features\",\"Footer\",\"Professional\",\"Services\",\"Team\"]\";s:10:\"menu_order\";i:2;s:16:\"popularity_index\";i:-1;s:11:\"trend_index\";i:-1;s:17:\"has_page_settings\";s:1:\"1\";s:6:\"is_pro\";s:1:\"0\";s:12:\"access_level\";i:0;}i:195;a:16:{s:4:\"tmpl\";i:675;s:2:\"id\";i:8511;s:5:\"title\";s:11:\"404 page 02\";s:9:\"thumbnail\";s:64:\"https://library.elementor.com/wp-content/uploads/2018/05/002.jpg\";s:12:\"tmpl_created\";i:1526415528;s:6:\"author\";s:9:\"Elementor\";s:3:\"url\";s:108:\"https://library.elementor.com/blocks/404-page-02/?utm_source=library&utm_medium=wp-dash&utm_campaign=preview\";s:4:\"type\";s:5:\"block\";s:7:\"subtype\";s:8:\"404 page\";s:4:\"tags\";s:2:\"[]\";s:10:\"menu_order\";i:2;s:16:\"popularity_index\";i:347;s:11:\"trend_index\";i:155;s:17:\"has_page_settings\";s:1:\"0\";s:6:\"is_pro\";s:1:\"1\";s:12:\"access_level\";i:1;}i:196;a:16:{s:4:\"tmpl\";i:1204;s:2:\"id\";i:20208;s:5:\"title\";s:49:\"Alternative Medicine Acupuncture &#8211; Business\";s:9:\"thumbnail\";s:112:\"https://library.elementor.com/wp-content/uploads/2021/10/Alternative-Medicine-Acupuncture-Business-250x280-1.jpg\";s:12:\"tmpl_created\";i:1633880557;s:6:\"author\";s:9:\"Elementor\";s:3:\"url\";s:134:\"https://library.elementor.com/lp/alternative-medicine-acupuncture-business/?utm_source=library&utm_medium=wp-dash&utm_campaign=preview\";s:4:\"type\";s:2:\"lp\";s:7:\"subtype\";s:8:\"Business\";s:4:\"tags\";s:47:\"[\"Health\",\"Landing Pages\",\"medical\",\"Services\"]\";s:10:\"menu_order\";i:2;s:16:\"popularity_index\";i:-1;s:11:\"trend_index\";i:-1;s:17:\"has_page_settings\";s:1:\"1\";s:6:\"is_pro\";s:1:\"1\";s:12:\"access_level\";i:20;}i:197;a:16:{s:4:\"tmpl\";i:875;s:2:\"id\";i:11241;s:5:\"title\";s:36:\"Classic | Digital Agency | Marketing\";s:9:\"thumbnail\";s:72:\"https://library.elementor.com/wp-content/uploads/2019/07/PopUp_small.jpg\";s:12:\"tmpl_created\";i:1564643043;s:6:\"author\";s:9:\"Elementor\";s:3:\"url\";s:129:\"https://library.elementor.com/popups/classic-digital-agency-marketing/?utm_source=library&utm_medium=wp-dash&utm_campaign=preview\";s:4:\"type\";s:5:\"popup\";s:7:\"subtype\";s:7:\"classic\";s:4:\"tags\";s:2:\"[]\";s:10:\"menu_order\";i:3;s:16:\"popularity_index\";i:362;s:11:\"trend_index\";i:315;s:17:\"has_page_settings\";s:1:\"1\";s:6:\"is_pro\";s:1:\"1\";s:12:\"access_level\";i:1;}i:198;a:16:{s:4:\"tmpl\";i:1433;s:2:\"id\";i:24477;s:5:\"title\";s:27:\"Wireframe &#8211; Gallery 2\";s:9:\"thumbnail\";s:84:\"https://library.elementor.com/wp-content/uploads/2022/05/Wireframe-—-Gallery-2.jpg\";s:12:\"tmpl_created\";i:1653988835;s:6:\"author\";s:9:\"Elementor\";s:3:\"url\";s:118:\"https://library.elementor.com/wireframe-gallery-2/?utm_source=template-library&utm_medium=wp-dash&utm_campaign=preview\";s:4:\"type\";s:4:\"page\";s:7:\"subtype\";s:4:\"page\";s:4:\"tags\";s:82:\"[\"Business\",\"Contact\",\"Design\",\"Footer\",\"Gallery\",\"Header\",\"Portfolio\",\"Services\"]\";s:10:\"menu_order\";i:3;s:16:\"popularity_index\";i:-1;s:11:\"trend_index\";i:-1;s:17:\"has_page_settings\";s:1:\"1\";s:6:\"is_pro\";s:1:\"0\";s:12:\"access_level\";i:0;}i:199;a:16:{s:4:\"tmpl\";i:672;s:2:\"id\";i:8512;s:5:\"title\";s:11:\"404 page 03\";s:9:\"thumbnail\";s:64:\"https://library.elementor.com/wp-content/uploads/2018/05/003.jpg\";s:12:\"tmpl_created\";i:1526415449;s:6:\"author\";s:9:\"Elementor\";s:3:\"url\";s:108:\"https://library.elementor.com/blocks/404-page-03/?utm_source=library&utm_medium=wp-dash&utm_campaign=preview\";s:4:\"type\";s:5:\"block\";s:7:\"subtype\";s:8:\"404 page\";s:4:\"tags\";s:2:\"[]\";s:10:\"menu_order\";i:3;s:16:\"popularity_index\";i:450;s:11:\"trend_index\";i:375;s:17:\"has_page_settings\";s:1:\"0\";s:6:\"is_pro\";s:1:\"1\";s:12:\"access_level\";i:1;}i:200;a:16:{s:4:\"tmpl\";i:1205;s:2:\"id\";i:20233;s:5:\"title\";s:32:\"Art Magazine &#8211; Coming Soon\";s:9:\"thumbnail\";s:95:\"https://library.elementor.com/wp-content/uploads/2021/10/Art-Magazine-Coming-Soon-250x280-1.jpg\";s:12:\"tmpl_created\";i:1633881371;s:6:\"author\";s:9:\"Elementor\";s:3:\"url\";s:117:\"https://library.elementor.com/lp/art-magazine-coming-soon/?utm_source=library&utm_medium=wp-dash&utm_campaign=preview\";s:4:\"type\";s:2:\"lp\";s:7:\"subtype\";s:16:\"Coming Soon Page\";s:4:\"tags\";s:48:\"[\"Art\",\"Coming Soon\",\"Landing Pages\",\"Magazine\"]\";s:10:\"menu_order\";i:3;s:16:\"popularity_index\";i:-1;s:11:\"trend_index\";i:-1;s:17:\"has_page_settings\";s:1:\"1\";s:6:\"is_pro\";s:1:\"1\";s:12:\"access_level\";i:20;}i:201;a:16:{s:4:\"tmpl\";i:671;s:2:\"id\";i:8513;s:5:\"title\";s:11:\"404 page 04\";s:9:\"thumbnail\";s:64:\"https://library.elementor.com/wp-content/uploads/2018/05/004.jpg\";s:12:\"tmpl_created\";i:1526415417;s:6:\"author\";s:9:\"Elementor\";s:3:\"url\";s:108:\"https://library.elementor.com/blocks/404-page-04/?utm_source=library&utm_medium=wp-dash&utm_campaign=preview\";s:4:\"type\";s:5:\"block\";s:7:\"subtype\";s:8:\"404 page\";s:4:\"tags\";s:2:\"[]\";s:10:\"menu_order\";i:4;s:16:\"popularity_index\";i:420;s:11:\"trend_index\";i:176;s:17:\"has_page_settings\";s:1:\"0\";s:6:\"is_pro\";s:1:\"1\";s:12:\"access_level\";i:1;}i:202;a:16:{s:4:\"tmpl\";i:1214;s:2:\"id\";i:20539;s:5:\"title\";s:31:\"Design Blog &#8211; Coming Soon\";s:9:\"thumbnail\";s:94:\"https://library.elementor.com/wp-content/uploads/2021/10/Design-Blog-Coming-Soon-250x280-1.jpg\";s:12:\"tmpl_created\";i:1634022706;s:6:\"author\";s:9:\"Elementor\";s:3:\"url\";s:116:\"https://library.elementor.com/lp/design-blog-coming-soon/?utm_source=library&utm_medium=wp-dash&utm_campaign=preview\";s:4:\"type\";s:2:\"lp\";s:7:\"subtype\";s:16:\"Coming Soon Page\";s:4:\"tags\";s:47:\"[\"Blog\",\"Coming Soon\",\"Design\",\"Landing Pages\"]\";s:10:\"menu_order\";i:4;s:16:\"popularity_index\";i:-1;s:11:\"trend_index\";i:-1;s:17:\"has_page_settings\";s:1:\"1\";s:6:\"is_pro\";s:1:\"1\";s:12:\"access_level\";i:20;}i:203;a:16:{s:4:\"tmpl\";i:1224;s:2:\"id\";i:21013;s:5:\"title\";s:24:\"Restaurant &#8211; About\";s:9:\"thumbnail\";s:79:\"https://library.elementor.com/wp-content/uploads/2021/12/7-About-Restaurant.jpg\";s:12:\"tmpl_created\";i:1638795588;s:6:\"author\";s:9:\"Elementor\";s:3:\"url\";s:106:\"https://library.elementor.com/restaurant-about/?utm_source=library&utm_medium=wp-dash&utm_campaign=preview\";s:4:\"type\";s:4:\"page\";s:7:\"subtype\";s:5:\"about\";s:4:\"tags\";s:36:\"[\"About\",\"Chef\",\"Food\",\"Restaurant\"]\";s:10:\"menu_order\";i:4;s:16:\"popularity_index\";i:-1;s:11:\"trend_index\";i:-1;s:17:\"has_page_settings\";s:1:\"1\";s:6:\"is_pro\";s:1:\"0\";s:12:\"access_level\";i:0;}i:204;a:16:{s:4:\"tmpl\";i:676;s:2:\"id\";i:8514;s:5:\"title\";s:11:\"404 Page 05\";s:9:\"thumbnail\";s:64:\"https://library.elementor.com/wp-content/uploads/2018/05/005.jpg\";s:12:\"tmpl_created\";i:1526415558;s:6:\"author\";s:9:\"Elementor\";s:3:\"url\";s:108:\"https://library.elementor.com/blocks/404-page-05/?utm_source=library&utm_medium=wp-dash&utm_campaign=preview\";s:4:\"type\";s:5:\"block\";s:7:\"subtype\";s:8:\"404 page\";s:4:\"tags\";s:2:\"[]\";s:10:\"menu_order\";i:5;s:16:\"popularity_index\";i:419;s:11:\"trend_index\";i:220;s:17:\"has_page_settings\";s:1:\"0\";s:6:\"is_pro\";s:1:\"1\";s:12:\"access_level\";i:1;}i:205;a:16:{s:4:\"tmpl\";i:1206;s:2:\"id\";i:20254;s:5:\"title\";s:41:\"Digital Marketing Agency &#8211; Business\";s:9:\"thumbnail\";s:95:\"https://library.elementor.com/wp-content/uploads/2021/10/Digital-Marketing-Agency-250x280-1.jpg\";s:12:\"tmpl_created\";i:1633882427;s:6:\"author\";s:9:\"Elementor\";s:3:\"url\";s:126:\"https://library.elementor.com/lp/digital-marketing-agency-business/?utm_source=library&utm_medium=wp-dash&utm_campaign=preview\";s:4:\"type\";s:2:\"lp\";s:7:\"subtype\";s:8:\"Business\";s:4:\"tags\";s:65:\"[\"Agency\",\"Business\",\"Digital Agency\",\"Landing Pages\",\"Services\"]\";s:10:\"menu_order\";i:5;s:16:\"popularity_index\";i:-1;s:11:\"trend_index\";i:-1;s:17:\"has_page_settings\";s:1:\"1\";s:6:\"is_pro\";s:1:\"1\";s:12:\"access_level\";i:20;}i:206;a:16:{s:4:\"tmpl\";i:1235;s:2:\"id\";i:21281;s:5:\"title\";s:25:\"Law Firm &#8211; Services\";s:9:\"thumbnail\";s:81:\"https://library.elementor.com/wp-content/uploads/2021/12/16-Services-Law-firm.jpg\";s:12:\"tmpl_created\";i:1638819128;s:6:\"author\";s:9:\"Elementor\";s:3:\"url\";s:109:\"https://library.elementor.com/law-firm-services-2/?utm_source=library&utm_medium=wp-dash&utm_campaign=preview\";s:4:\"type\";s:4:\"page\";s:7:\"subtype\";s:4:\"page\";s:4:\"tags\";s:56:\"[\"Consulting\",\"Law\",\"Law Firm\",\"Services\",\"Testimonial\"]\";s:10:\"menu_order\";i:5;s:16:\"popularity_index\";i:-1;s:11:\"trend_index\";i:-1;s:17:\"has_page_settings\";s:1:\"1\";s:6:\"is_pro\";s:1:\"0\";s:12:\"access_level\";i:0;}i:207;a:16:{s:4:\"tmpl\";i:668;s:2:\"id\";i:8523;s:5:\"title\";s:11:\"404 page 06\";s:9:\"thumbnail\";s:64:\"https://library.elementor.com/wp-content/uploads/2018/05/006.jpg\";s:12:\"tmpl_created\";i:1526415291;s:6:\"author\";s:9:\"Elementor\";s:3:\"url\";s:108:\"https://library.elementor.com/blocks/404-page-06/?utm_source=library&utm_medium=wp-dash&utm_campaign=preview\";s:4:\"type\";s:5:\"block\";s:7:\"subtype\";s:8:\"404 page\";s:4:\"tags\";s:2:\"[]\";s:10:\"menu_order\";i:6;s:16:\"popularity_index\";i:298;s:11:\"trend_index\";i:268;s:17:\"has_page_settings\";s:1:\"0\";s:6:\"is_pro\";s:1:\"1\";s:12:\"access_level\";i:1;}i:208;a:16:{s:4:\"tmpl\";i:1213;s:2:\"id\";i:20509;s:5:\"title\";s:40:\"Dogs Adoption &#8211; Social Involvement\";s:9:\"thumbnail\";s:83:\"https://library.elementor.com/wp-content/uploads/2021/10/Dog-Adoption-250x280-1.jpg\";s:12:\"tmpl_created\";i:1634022353;s:6:\"author\";s:9:\"Elementor\";s:3:\"url\";s:125:\"https://library.elementor.com/lp/dogs-adoption-social-involvement/?utm_source=library&utm_medium=wp-dash&utm_campaign=preview\";s:4:\"type\";s:2:\"lp\";s:7:\"subtype\";s:18:\"Social Involvement\";s:4:\"tags\";s:49:\"[\"Adoption\",\"Involvement\",\"Landing Pages\",\"Pets\"]\";s:10:\"menu_order\";i:6;s:16:\"popularity_index\";i:-1;s:11:\"trend_index\";i:-1;s:17:\"has_page_settings\";s:1:\"1\";s:6:\"is_pro\";s:1:\"1\";s:12:\"access_level\";i:20;}i:209;a:16:{s:4:\"tmpl\";i:1233;s:2:\"id\";i:21205;s:5:\"title\";s:29:\"Photographer &#8211; Projects\";s:9:\"thumbnail\";s:85:\"https://library.elementor.com/wp-content/uploads/2021/12/25-Projects-Photographer.jpg\";s:12:\"tmpl_created\";i:1638818372;s:6:\"author\";s:9:\"Elementor\";s:3:\"url\";s:111:\"https://library.elementor.com/photographer-projects/?utm_source=library&utm_medium=wp-dash&utm_campaign=preview\";s:4:\"type\";s:4:\"page\";s:7:\"subtype\";s:4:\"page\";s:4:\"tags\";s:43:\"[\"Black and white\",\"Photography\",\"project\"]\";s:10:\"menu_order\";i:6;s:16:\"popularity_index\";i:-1;s:11:\"trend_index\";i:-1;s:17:\"has_page_settings\";s:1:\"1\";s:6:\"is_pro\";s:1:\"0\";s:12:\"access_level\";i:0;}i:210;a:16:{s:4:\"tmpl\";i:669;s:2:\"id\";i:8524;s:5:\"title\";s:11:\"404 page 07\";s:9:\"thumbnail\";s:64:\"https://library.elementor.com/wp-content/uploads/2018/05/007.jpg\";s:12:\"tmpl_created\";i:1526415337;s:6:\"author\";s:9:\"Elementor\";s:3:\"url\";s:108:\"https://library.elementor.com/blocks/404-page-07/?utm_source=library&utm_medium=wp-dash&utm_campaign=preview\";s:4:\"type\";s:5:\"block\";s:7:\"subtype\";s:8:\"404 page\";s:4:\"tags\";s:2:\"[]\";s:10:\"menu_order\";i:7;s:16:\"popularity_index\";i:303;s:11:\"trend_index\";i:171;s:17:\"has_page_settings\";s:1:\"0\";s:6:\"is_pro\";s:1:\"1\";s:12:\"access_level\";i:1;}i:211;a:16:{s:4:\"tmpl\";i:1208;s:2:\"id\";i:20361;s:5:\"title\";s:51:\"Exercise &#038; Fitness Equipment &#8211; eCommerce\";s:9:\"thumbnail\";s:97:\"https://library.elementor.com/wp-content/uploads/2021/10/Exercise-Fitness-Equipment-250x280-1.jpg\";s:12:\"tmpl_created\";i:1633883766;s:6:\"author\";s:9:\"Elementor\";s:3:\"url\";s:129:\"https://library.elementor.com/lp/exercise-fitness-equipment-ecommerce/?utm_source=library&utm_medium=wp-dash&utm_campaign=preview\";s:4:\"type\";s:2:\"lp\";s:7:\"subtype\";s:9:\"eCommerce\";s:4:\"tags\";s:50:\"[\"Fitness\",\"Health\",\"Landing Pages\",\"online shop\"]\";s:10:\"menu_order\";i:7;s:16:\"popularity_index\";i:-1;s:11:\"trend_index\";i:-1;s:17:\"has_page_settings\";s:1:\"1\";s:6:\"is_pro\";s:1:\"1\";s:12:\"access_level\";i:20;}i:212;a:16:{s:4:\"tmpl\";i:1239;s:2:\"id\";i:21373;s:5:\"title\";s:28:\"Photographer &#8211; Gallery\";s:9:\"thumbnail\";s:84:\"https://library.elementor.com/wp-content/uploads/2021/12/18-Gallery-Photographer.jpg\";s:12:\"tmpl_created\";i:1638821177;s:6:\"author\";s:9:\"Elementor\";s:3:\"url\";s:110:\"https://library.elementor.com/photographer-gallery/?utm_source=library&utm_medium=wp-dash&utm_campaign=preview\";s:4:\"type\";s:4:\"page\";s:7:\"subtype\";s:4:\"page\";s:4:\"tags\";s:44:\"[\"Gallery\",\"Photography\",\"Project\",\"Travel\"]\";s:10:\"menu_order\";i:7;s:16:\"popularity_index\";i:-1;s:11:\"trend_index\";i:-1;s:17:\"has_page_settings\";s:1:\"1\";s:6:\"is_pro\";s:1:\"0\";s:12:\"access_level\";i:0;}i:213;a:16:{s:4:\"tmpl\";i:1426;s:2:\"id\";i:24348;s:5:\"title\";s:24:\"Wireframe &#8211; Home 2\";s:9:\"thumbnail\";s:81:\"https://library.elementor.com/wp-content/uploads/2022/05/Wireframe-—-Home-2.jpg\";s:12:\"tmpl_created\";i:1653988444;s:6:\"author\";s:9:\"Elementor\";s:3:\"url\";s:115:\"https://library.elementor.com/wireframe-home-2/?utm_source=template-library&utm_medium=wp-dash&utm_campaign=preview\";s:4:\"type\";s:4:\"page\";s:7:\"subtype\";s:4:\"page\";s:4:\"tags\";s:102:\"[\"Business\",\"Contact\",\"Features\",\"Footer\",\"Header\",\"Homepage\",\"Professional\",\"Services\",\"Testimonial\"]\";s:10:\"menu_order\";i:8;s:16:\"popularity_index\";i:-1;s:11:\"trend_index\";i:-1;s:17:\"has_page_settings\";s:1:\"1\";s:6:\"is_pro\";s:1:\"1\";s:12:\"access_level\";i:1;}i:214;a:16:{s:4:\"tmpl\";i:673;s:2:\"id\";i:8526;s:5:\"title\";s:11:\"404 page 09\";s:9:\"thumbnail\";s:64:\"https://library.elementor.com/wp-content/uploads/2018/05/009.jpg\";s:12:\"tmpl_created\";i:1526415474;s:6:\"author\";s:9:\"Elementor\";s:3:\"url\";s:108:\"https://library.elementor.com/blocks/404-page-09/?utm_source=library&utm_medium=wp-dash&utm_campaign=preview\";s:4:\"type\";s:5:\"block\";s:7:\"subtype\";s:8:\"404 page\";s:4:\"tags\";s:2:\"[]\";s:10:\"menu_order\";i:8;s:16:\"popularity_index\";i:477;s:11:\"trend_index\";i:285;s:17:\"has_page_settings\";s:1:\"0\";s:6:\"is_pro\";s:1:\"1\";s:12:\"access_level\";i:1;}i:215;a:16:{s:4:\"tmpl\";i:1215;s:2:\"id\";i:20556;s:5:\"title\";s:41:\"Faroe Islands Trip Planner &#8211; Travel\";s:9:\"thumbnail\";s:97:\"https://library.elementor.com/wp-content/uploads/2021/10/Faroe-Islands-Trip-Planner-250x280-1.jpg\";s:12:\"tmpl_created\";i:1634026480;s:6:\"author\";s:9:\"Elementor\";s:3:\"url\";s:126:\"https://library.elementor.com/lp/faroe-islands-trip-planner-travel/?utm_source=library&utm_medium=wp-dash&utm_campaign=preview\";s:4:\"type\";s:2:\"lp\";s:7:\"subtype\";s:6:\"Travel\";s:4:\"tags\";s:26:\"[\"Landing Pages\",\"Travel\"]\";s:10:\"menu_order\";i:8;s:16:\"popularity_index\";i:-1;s:11:\"trend_index\";i:-1;s:17:\"has_page_settings\";s:1:\"1\";s:6:\"is_pro\";s:1:\"1\";s:12:\"access_level\";i:20;}i:216;a:16:{s:4:\"tmpl\";i:1427;s:2:\"id\";i:24366;s:5:\"title\";s:24:\"Wireframe &#8211; Home 3\";s:9:\"thumbnail\";s:81:\"https://library.elementor.com/wp-content/uploads/2022/05/Wireframe-—-Home-3.jpg\";s:12:\"tmpl_created\";i:1653988491;s:6:\"author\";s:9:\"Elementor\";s:3:\"url\";s:115:\"https://library.elementor.com/wireframe-home-3/?utm_source=template-library&utm_medium=wp-dash&utm_campaign=preview\";s:4:\"type\";s:4:\"page\";s:7:\"subtype\";s:4:\"page\";s:4:\"tags\";s:102:\"[\"Business\",\"Contact\",\"Features\",\"Footer\",\"Header\",\"Homepage\",\"Professional\",\"Services\",\"Testimonial\"]\";s:10:\"menu_order\";i:9;s:16:\"popularity_index\";i:-1;s:11:\"trend_index\";i:-1;s:17:\"has_page_settings\";s:1:\"1\";s:6:\"is_pro\";s:1:\"1\";s:12:\"access_level\";i:1;}i:217;a:16:{s:4:\"tmpl\";i:670;s:2:\"id\";i:8525;s:5:\"title\";s:11:\"404 page 08\";s:9:\"thumbnail\";s:64:\"https://library.elementor.com/wp-content/uploads/2018/05/008.jpg\";s:12:\"tmpl_created\";i:1526415374;s:6:\"author\";s:9:\"Elementor\";s:3:\"url\";s:108:\"https://library.elementor.com/blocks/404-page-08/?utm_source=library&utm_medium=wp-dash&utm_campaign=preview\";s:4:\"type\";s:5:\"block\";s:7:\"subtype\";s:8:\"404 page\";s:4:\"tags\";s:2:\"[]\";s:10:\"menu_order\";i:9;s:16:\"popularity_index\";i:510;s:11:\"trend_index\";i:575;s:17:\"has_page_settings\";s:1:\"0\";s:6:\"is_pro\";s:1:\"1\";s:12:\"access_level\";i:1;}i:218;a:16:{s:4:\"tmpl\";i:1207;s:2:\"id\";i:20299;s:5:\"title\";s:51:\"Interior Design Consultation &#8211; Online Service\";s:9:\"thumbnail\";s:99:\"https://library.elementor.com/wp-content/uploads/2021/10/Interior-Design-Consultation-250x280-1.jpg\";s:12:\"tmpl_created\";i:1633882989;s:6:\"author\";s:9:\"Elementor\";s:3:\"url\";s:136:\"https://library.elementor.com/lp/interior-design-consultation-online-service/?utm_source=library&utm_medium=wp-dash&utm_campaign=preview\";s:4:\"type\";s:2:\"lp\";s:7:\"subtype\";s:14:\"Online Service\";s:4:\"tags\";s:65:\"[\"Consulting\",\"interior design\",\"Landing Pages\",\"Online Service\"]\";s:10:\"menu_order\";i:9;s:16:\"popularity_index\";i:-1;s:11:\"trend_index\";i:-1;s:17:\"has_page_settings\";s:1:\"1\";s:6:\"is_pro\";s:1:\"1\";s:12:\"access_level\";i:20;}i:219;a:16:{s:4:\"tmpl\";i:1216;s:2:\"id\";i:20623;s:5:\"title\";s:57:\"Luxurious Camping Accommodation For Events &#8211; Events\";s:9:\"thumbnail\";s:113:\"https://library.elementor.com/wp-content/uploads/2021/10/Luxurious-Camping-Accommodation-For-Events-250x280-2.jpg\";s:12:\"tmpl_created\";i:1634041681;s:6:\"author\";s:9:\"Elementor\";s:3:\"url\";s:142:\"https://library.elementor.com/lp/luxurious-camping-accommodation-for-events-events/?utm_source=library&utm_medium=wp-dash&utm_campaign=preview\";s:4:\"type\";s:2:\"lp\";s:7:\"subtype\";s:6:\"Events\";s:4:\"tags\";s:43:\"[\"Event\",\"Events\",\"Landing Pages\",\"Travel\"]\";s:10:\"menu_order\";i:10;s:16:\"popularity_index\";i:-1;s:11:\"trend_index\";i:-1;s:17:\"has_page_settings\";s:1:\"1\";s:6:\"is_pro\";s:1:\"1\";s:12:\"access_level\";i:20;}i:220;a:16:{s:4:\"tmpl\";i:1219;s:2:\"id\";i:20886;s:5:\"title\";s:28:\"Online Training &#8211; Home\";s:9:\"thumbnail\";s:83:\"https://library.elementor.com/wp-content/uploads/2021/12/2-Home-Online-Training.jpg\";s:12:\"tmpl_created\";i:1638784769;s:6:\"author\";s:9:\"Elementor\";s:3:\"url\";s:110:\"https://library.elementor.com/online-training-home/?utm_source=library&utm_medium=wp-dash&utm_campaign=preview\";s:4:\"type\";s:4:\"page\";s:7:\"subtype\";s:4:\"page\";s:4:\"tags\";s:39:\"[\"Fitness\",\"Online\",\"Sport\",\"Training\"]\";s:10:\"menu_order\";i:10;s:16:\"popularity_index\";i:-1;s:11:\"trend_index\";i:-1;s:17:\"has_page_settings\";s:1:\"1\";s:6:\"is_pro\";s:1:\"1\";s:12:\"access_level\";i:1;}i:221;a:16:{s:4:\"tmpl\";i:502;s:2:\"id\";i:5438;s:5:\"title\";s:7:\"About 1\";s:9:\"thumbnail\";s:74:\"https://library.elementor.com/wp-content/uploads/2018/03/about_black_4.png\";s:12:\"tmpl_created\";i:1520443512;s:6:\"author\";s:9:\"Elementor\";s:3:\"url\";s:104:\"https://library.elementor.com/blocks/about-1/?utm_source=library&utm_medium=wp-dash&utm_campaign=preview\";s:4:\"type\";s:5:\"block\";s:7:\"subtype\";s:5:\"about\";s:4:\"tags\";s:9:\"[\"About\"]\";s:10:\"menu_order\";i:10;s:16:\"popularity_index\";i:147;s:11:\"trend_index\";i:9;s:17:\"has_page_settings\";s:1:\"0\";s:6:\"is_pro\";s:1:\"0\";s:12:\"access_level\";i:0;}i:222;a:16:{s:4:\"tmpl\";i:557;s:2:\"id\";i:6135;s:5:\"title\";s:8:\"About 10\";s:9:\"thumbnail\";s:74:\"https://library.elementor.com/wp-content/uploads/2018/03/about_black_2.png\";s:12:\"tmpl_created\";i:1520443663;s:6:\"author\";s:9:\"Elementor\";s:3:\"url\";s:105:\"https://library.elementor.com/blocks/about-10/?utm_source=library&utm_medium=wp-dash&utm_campaign=preview\";s:4:\"type\";s:5:\"block\";s:7:\"subtype\";s:5:\"about\";s:4:\"tags\";s:9:\"[\"About\"]\";s:10:\"menu_order\";i:11;s:16:\"popularity_index\";i:77;s:11:\"trend_index\";i:47;s:17:\"has_page_settings\";s:1:\"0\";s:6:\"is_pro\";s:1:\"0\";s:12:\"access_level\";i:0;}i:223;a:16:{s:4:\"tmpl\";i:1431;s:2:\"id\";i:24437;s:5:\"title\";s:25:\"Wireframe &#8211; About 4\";s:9:\"thumbnail\";s:82:\"https://library.elementor.com/wp-content/uploads/2022/05/Wireframe-—-About-4.jpg\";s:12:\"tmpl_created\";i:1653988733;s:6:\"author\";s:9:\"Elementor\";s:3:\"url\";s:116:\"https://library.elementor.com/wireframe-about-4/?utm_source=template-library&utm_medium=wp-dash&utm_campaign=preview\";s:4:\"type\";s:4:\"page\";s:7:\"subtype\";s:4:\"page\";s:4:\"tags\";s:74:\"[\"About\",\"Business\",\"Contact\",\"Features\",\"Footer\",\"Header\",\"Professional\"]\";s:10:\"menu_order\";i:11;s:16:\"popularity_index\";i:-1;s:11:\"trend_index\";i:-1;s:17:\"has_page_settings\";s:1:\"1\";s:6:\"is_pro\";s:1:\"1\";s:12:\"access_level\";i:1;}i:224;a:16:{s:4:\"tmpl\";i:1210;s:2:\"id\";i:20414;s:5:\"title\";s:45:\"Online English Courses &#8211; Online Service\";s:9:\"thumbnail\";s:93:\"https://library.elementor.com/wp-content/uploads/2021/10/Online-English-Courses-250x280-1.jpg\";s:12:\"tmpl_created\";i:1633884482;s:6:\"author\";s:9:\"Elementor\";s:3:\"url\";s:130:\"https://library.elementor.com/lp/online-english-courses-online-service/?utm_source=library&utm_medium=wp-dash&utm_campaign=preview\";s:4:\"type\";s:2:\"lp\";s:7:\"subtype\";s:14:\"Online Service\";s:4:\"tags\";s:50:\"[\"Course Online\",\"Landing Pages\",\"Online Service\"]\";s:10:\"menu_order\";i:11;s:16:\"popularity_index\";i:-1;s:11:\"trend_index\";i:-1;s:17:\"has_page_settings\";s:1:\"0\";s:6:\"is_pro\";s:1:\"1\";s:12:\"access_level\";i:20;}i:225;a:16:{s:4:\"tmpl\";i:1441;s:2:\"id\";i:24574;s:5:\"title\";s:27:\"Wireframe &#8211; Contact 5\";s:9:\"thumbnail\";s:84:\"https://library.elementor.com/wp-content/uploads/2022/05/Wireframe-—-Contact-5.jpg\";s:12:\"tmpl_created\";i:1653989135;s:6:\"author\";s:9:\"Elementor\";s:3:\"url\";s:118:\"https://library.elementor.com/wireframe-contact-5/?utm_source=template-library&utm_medium=wp-dash&utm_campaign=preview\";s:4:\"type\";s:4:\"page\";s:7:\"subtype\";s:4:\"page\";s:4:\"tags\";s:88:\"[\"Business\",\"Contact\",\"Footer\",\"Form\",\"Google Maps\",\"Header\",\"Professional\",\"Subscribe\"]\";s:10:\"menu_order\";i:12;s:16:\"popularity_index\";i:-1;s:11:\"trend_index\";i:-1;s:17:\"has_page_settings\";s:1:\"1\";s:6:\"is_pro\";s:1:\"1\";s:12:\"access_level\";i:1;}i:226;a:16:{s:4:\"tmpl\";i:1217;s:2:\"id\";i:20333;s:5:\"title\";s:40:\"Plant Pots Online Shop &#8211; eCommerce\";s:9:\"thumbnail\";s:93:\"https://library.elementor.com/wp-content/uploads/2021/10/Plant-Pots-Online-Shop-250x280-2.jpg\";s:12:\"tmpl_created\";i:1634042184;s:6:\"author\";s:9:\"Elementor\";s:3:\"url\";s:125:\"https://library.elementor.com/lp/plant-pots-online-shop-ecommerce/?utm_source=library&utm_medium=wp-dash&utm_campaign=preview\";s:4:\"type\";s:2:\"lp\";s:7:\"subtype\";s:9:\"eCommerce\";s:4:\"tags\";s:50:\"[\"Ecommerce\",\"Landing Pages\",\"online shop\",\"Shop\"]\";s:10:\"menu_order\";i:12;s:16:\"popularity_index\";i:-1;s:11:\"trend_index\";i:-1;s:17:\"has_page_settings\";s:1:\"1\";s:6:\"is_pro\";s:1:\"1\";s:12:\"access_level\";i:20;}i:227;a:16:{s:4:\"tmpl\";i:497;s:2:\"id\";i:5397;s:5:\"title\";s:8:\"About 11\";s:9:\"thumbnail\";s:74:\"https://library.elementor.com/wp-content/uploads/2018/03/about_white_1.png\";s:12:\"tmpl_created\";i:1520443503;s:6:\"author\";s:9:\"Elementor\";s:3:\"url\";s:105:\"https://library.elementor.com/blocks/about-11/?utm_source=library&utm_medium=wp-dash&utm_campaign=preview\";s:4:\"type\";s:5:\"block\";s:7:\"subtype\";s:5:\"about\";s:4:\"tags\";s:9:\"[\"About\"]\";s:10:\"menu_order\";i:12;s:16:\"popularity_index\";i:148;s:11:\"trend_index\";i:43;s:17:\"has_page_settings\";s:1:\"0\";s:6:\"is_pro\";s:1:\"0\";s:12:\"access_level\";i:0;}i:228;a:16:{s:4:\"tmpl\";i:1211;s:2:\"id\";i:20447;s:5:\"title\";s:33:\"Shared Workspace &#8211; Business\";s:9:\"thumbnail\";s:85:\"https://library.elementor.com/wp-content/uploads/2021/10/250x280-Shared-Workspace.jpg\";s:12:\"tmpl_created\";i:1633884934;s:6:\"author\";s:9:\"Elementor\";s:3:\"url\";s:118:\"https://library.elementor.com/lp/shared-workspace-business/?utm_source=library&utm_medium=wp-dash&utm_campaign=preview\";s:4:\"type\";s:2:\"lp\";s:7:\"subtype\";s:8:\"Business\";s:4:\"tags\";s:28:\"[\"Business\",\"Landing Pages\"]\";s:10:\"menu_order\";i:13;s:16:\"popularity_index\";i:-1;s:11:\"trend_index\";i:-1;s:17:\"has_page_settings\";s:1:\"1\";s:6:\"is_pro\";s:1:\"1\";s:12:\"access_level\";i:20;}i:229;a:16:{s:4:\"tmpl\";i:1237;s:2:\"id\";i:21313;s:5:\"title\";s:34:\"Spa &#038; Beauty &#8211; Services\";s:9:\"thumbnail\";s:89:\"https://library.elementor.com/wp-content/uploads/2021/12/Spa-Beauty-Treatments-page-1.jpg\";s:12:\"tmpl_created\";i:1638819709;s:6:\"author\";s:9:\"Elementor\";s:3:\"url\";s:109:\"https://library.elementor.com/spa-beauty-services/?utm_source=library&utm_medium=wp-dash&utm_campaign=preview\";s:4:\"type\";s:4:\"page\";s:7:\"subtype\";s:4:\"page\";s:4:\"tags\";s:55:\"[\"Beauty\",\"Hair\",\"Health\",\"Services\",\"Spa\",\"Treatment\"]\";s:10:\"menu_order\";i:13;s:16:\"popularity_index\";i:-1;s:11:\"trend_index\";i:-1;s:17:\"has_page_settings\";s:1:\"1\";s:6:\"is_pro\";s:1:\"1\";s:12:\"access_level\";i:1;}i:230;a:16:{s:4:\"tmpl\";i:498;s:2:\"id\";i:5405;s:5:\"title\";s:8:\"About 12\";s:9:\"thumbnail\";s:74:\"https://library.elementor.com/wp-content/uploads/2018/03/about_black_1.png\";s:12:\"tmpl_created\";i:1520443505;s:6:\"author\";s:9:\"Elementor\";s:3:\"url\";s:105:\"https://library.elementor.com/blocks/about-12/?utm_source=library&utm_medium=wp-dash&utm_campaign=preview\";s:4:\"type\";s:5:\"block\";s:7:\"subtype\";s:5:\"about\";s:4:\"tags\";s:9:\"[\"About\"]\";s:10:\"menu_order\";i:13;s:16:\"popularity_index\";i:216;s:11:\"trend_index\";i:50;s:17:\"has_page_settings\";s:1:\"0\";s:6:\"is_pro\";s:1:\"0\";s:12:\"access_level\";i:0;}i:231;a:16:{s:4:\"tmpl\";i:1212;s:2:\"id\";i:20479;s:5:\"title\";s:49:\"Teeth Straightening &#8211; Health &#038; Fitness\";s:9:\"thumbnail\";s:84:\"https://library.elementor.com/wp-content/uploads/2021/10/250x280-Teeth-Whitening.jpg\";s:12:\"tmpl_created\";i:1633886115;s:6:\"author\";s:9:\"Elementor\";s:3:\"url\";s:127:\"https://library.elementor.com/lp/teeth-straightening-health-fitness/?utm_source=library&utm_medium=wp-dash&utm_campaign=preview\";s:4:\"type\";s:2:\"lp\";s:7:\"subtype\";s:18:\"Health and Fitness\";s:4:\"tags\";s:46:\"[\"Business\",\"Dental\",\"Health\",\"Landing Pages\"]\";s:10:\"menu_order\";i:14;s:16:\"popularity_index\";i:-1;s:11:\"trend_index\";i:-1;s:17:\"has_page_settings\";s:1:\"1\";s:6:\"is_pro\";s:1:\"1\";s:12:\"access_level\";i:20;}i:232;a:16:{s:4:\"tmpl\";i:1234;s:2:\"id\";i:21234;s:5:\"title\";s:34:\"Insurance Company &#8211; Services\";s:9:\"thumbnail\";s:90:\"https://library.elementor.com/wp-content/uploads/2021/12/15-Services-Insurance-Company.jpg\";s:12:\"tmpl_created\";i:1638818688;s:6:\"author\";s:9:\"Elementor\";s:3:\"url\";s:116:\"https://library.elementor.com/insurance-company-services/?utm_source=library&utm_medium=wp-dash&utm_campaign=preview\";s:4:\"type\";s:4:\"page\";s:7:\"subtype\";s:4:\"page\";s:4:\"tags\";s:51:\"[\"Faq\",\"Form\",\"Insurance\",\"Services\",\"Testimonial\"]\";s:10:\"menu_order\";i:14;s:16:\"popularity_index\";i:-1;s:11:\"trend_index\";i:-1;s:17:\"has_page_settings\";s:1:\"1\";s:6:\"is_pro\";s:1:\"1\";s:12:\"access_level\";i:1;}i:233;a:16:{s:4:\"tmpl\";i:500;s:2:\"id\";i:5421;s:5:\"title\";s:8:\"About 13\";s:9:\"thumbnail\";s:74:\"https://library.elementor.com/wp-content/uploads/2018/03/about_white_3.png\";s:12:\"tmpl_created\";i:1520443509;s:6:\"author\";s:9:\"Elementor\";s:3:\"url\";s:105:\"https://library.elementor.com/blocks/about-13/?utm_source=library&utm_medium=wp-dash&utm_campaign=preview\";s:4:\"type\";s:5:\"block\";s:7:\"subtype\";s:5:\"about\";s:4:\"tags\";s:9:\"[\"About\"]\";s:10:\"menu_order\";i:14;s:16:\"popularity_index\";i:215;s:11:\"trend_index\";i:77;s:17:\"has_page_settings\";s:1:\"0\";s:6:\"is_pro\";s:1:\"0\";s:12:\"access_level\";i:0;}i:234;a:16:{s:4:\"tmpl\";i:513;s:2:\"id\";i:5533;s:5:\"title\";s:8:\"About 15\";s:9:\"thumbnail\";s:75:\"https://library.elementor.com/wp-content/uploads/2018/03/about_black_10.png\";s:12:\"tmpl_created\";i:1520443534;s:6:\"author\";s:9:\"Elementor\";s:3:\"url\";s:105:\"https://library.elementor.com/blocks/about-15/?utm_source=library&utm_medium=wp-dash&utm_campaign=preview\";s:4:\"type\";s:5:\"block\";s:7:\"subtype\";s:5:\"about\";s:4:\"tags\";s:9:\"[\"About\"]\";s:10:\"menu_order\";i:15;s:16:\"popularity_index\";i:21;s:11:\"trend_index\";i:57;s:17:\"has_page_settings\";s:1:\"0\";s:6:\"is_pro\";s:1:\"0\";s:12:\"access_level\";i:0;}i:235;a:16:{s:4:\"tmpl\";i:1209;s:2:\"id\";i:20394;s:5:\"title\";s:30:\"Time Management &#8211; Events\";s:9:\"thumbnail\";s:86:\"https://library.elementor.com/wp-content/uploads/2021/10/Time-Management-250x280-1.jpg\";s:12:\"tmpl_created\";i:1633884077;s:6:\"author\";s:9:\"Elementor\";s:3:\"url\";s:115:\"https://library.elementor.com/lp/time-management-events/?utm_source=library&utm_medium=wp-dash&utm_campaign=preview\";s:4:\"type\";s:2:\"lp\";s:7:\"subtype\";s:6:\"Events\";s:4:\"tags\";s:17:\"[\"Landing Pages\"]\";s:10:\"menu_order\";i:15;s:16:\"popularity_index\";i:-1;s:11:\"trend_index\";i:-1;s:17:\"has_page_settings\";s:1:\"1\";s:6:\"is_pro\";s:1:\"1\";s:12:\"access_level\";i:20;}i:236;a:16:{s:4:\"tmpl\";i:1229;s:2:\"id\";i:21118;s:5:\"title\";s:28:\"Contact &#8211; Plants Store\";s:9:\"thumbnail\";s:84:\"https://library.elementor.com/wp-content/uploads/2021/12/12-Contact-Plants-Store.jpg\";s:12:\"tmpl_created\";i:1638802472;s:6:\"author\";s:9:\"Elementor\";s:3:\"url\";s:110:\"https://library.elementor.com/contact-plants-store/?utm_source=library&utm_medium=wp-dash&utm_campaign=preview\";s:4:\"type\";s:4:\"page\";s:7:\"subtype\";s:4:\"page\";s:4:\"tags\";s:40:\"[\"Contact\",\"Info\",\"Plant\",\"Testimonial\"]\";s:10:\"menu_order\";i:15;s:16:\"popularity_index\";i:-1;s:11:\"trend_index\";i:-1;s:17:\"has_page_settings\";s:1:\"1\";s:6:\"is_pro\";s:1:\"1\";s:12:\"access_level\";i:1;}i:237;a:16:{s:4:\"tmpl\";i:512;s:2:\"id\";i:5525;s:5:\"title\";s:8:\"About 14\";s:9:\"thumbnail\";s:75:\"https://library.elementor.com/wp-content/uploads/2018/03/about_white_10.png\";s:12:\"tmpl_created\";i:1520443532;s:6:\"author\";s:9:\"Elementor\";s:3:\"url\";s:105:\"https://library.elementor.com/blocks/about-14/?utm_source=library&utm_medium=wp-dash&utm_campaign=preview\";s:4:\"type\";s:5:\"block\";s:7:\"subtype\";s:5:\"about\";s:4:\"tags\";s:9:\"[\"About\"]\";s:10:\"menu_order\";i:16;s:16:\"popularity_index\";i:9;s:11:\"trend_index\";i:29;s:17:\"has_page_settings\";s:1:\"0\";s:6:\"is_pro\";s:1:\"0\";s:12:\"access_level\";i:0;}i:238;a:16:{s:4:\"tmpl\";i:1203;s:2:\"id\";i:18591;s:5:\"title\";s:28:\"Coffee Sale &#8211; Business\";s:9:\"thumbnail\";s:70:\"https://library.elementor.com/wp-content/uploads/2021/04/250x280-7.png\";s:12:\"tmpl_created\";i:1633877319;s:6:\"author\";s:9:\"Elementor\";s:3:\"url\";s:113:\"https://library.elementor.com/lp/coffee-sale-business/?utm_source=library&utm_medium=wp-dash&utm_campaign=preview\";s:4:\"type\";s:2:\"lp\";s:7:\"subtype\";s:8:\"Business\";s:4:\"tags\";s:33:\"[\"Coffee\",\"Landing Pages\",\"Sale\"]\";s:10:\"menu_order\";i:16;s:16:\"popularity_index\";i:-1;s:11:\"trend_index\";i:-1;s:17:\"has_page_settings\";s:1:\"1\";s:6:\"is_pro\";s:1:\"1\";s:12:\"access_level\";i:20;}i:239;a:16:{s:4:\"tmpl\";i:1231;s:2:\"id\";i:21184;s:5:\"title\";s:28:\"Dental Care &#8211; Services\";s:9:\"thumbnail\";s:84:\"https://library.elementor.com/wp-content/uploads/2021/12/14-Services-Dental-Care.jpg\";s:12:\"tmpl_created\";i:1638807148;s:6:\"author\";s:9:\"Elementor\";s:3:\"url\";s:110:\"https://library.elementor.com/dental-care-services/?utm_source=library&utm_medium=wp-dash&utm_campaign=preview\";s:4:\"type\";s:4:\"page\";s:7:\"subtype\";s:4:\"page\";s:4:\"tags\";s:45:\"[\"Dental\",\"Medical\",\"Services\",\"Testimonial\"]\";s:10:\"menu_order\";i:16;s:16:\"popularity_index\";i:-1;s:11:\"trend_index\";i:-1;s:17:\"has_page_settings\";s:1:\"1\";s:6:\"is_pro\";s:1:\"1\";s:12:\"access_level\";i:1;}i:240;a:16:{s:4:\"tmpl\";i:1133;s:2:\"id\";i:16645;s:5:\"title\";s:28:\"Headphones &#8211; eCommerce\";s:9:\"thumbnail\";s:74:\"https://library.elementor.com/wp-content/uploads/2021/01/lp_headphones.png\";s:12:\"tmpl_created\";i:1609944115;s:6:\"author\";s:9:\"Elementor\";s:3:\"url\";s:112:\"https://library.elementor.com/lp/commerce-headphones/?utm_source=library&utm_medium=wp-dash&utm_campaign=preview\";s:4:\"type\";s:2:\"lp\";s:7:\"subtype\";s:9:\"eCommerce\";s:4:\"tags\";s:39:\"[\"Ecommerce\",\"Landing Pages\",\"Product\"]\";s:10:\"menu_order\";i:17;s:16:\"popularity_index\";i:633;s:11:\"trend_index\";i:87;s:17:\"has_page_settings\";s:1:\"1\";s:6:\"is_pro\";s:1:\"0\";s:12:\"access_level\";i:0;}i:241;a:16:{s:4:\"tmpl\";i:1442;s:2:\"id\";i:24584;s:5:\"title\";s:27:\"Wireframe &#8211; Pricing 1\";s:9:\"thumbnail\";s:84:\"https://library.elementor.com/wp-content/uploads/2022/05/Wireframe-—-Pricing-1.jpg\";s:12:\"tmpl_created\";i:1653989152;s:6:\"author\";s:9:\"Elementor\";s:3:\"url\";s:118:\"https://library.elementor.com/wireframe-pricing-1/?utm_source=template-library&utm_medium=wp-dash&utm_campaign=preview\";s:4:\"type\";s:4:\"page\";s:7:\"subtype\";s:4:\"page\";s:4:\"tags\";s:146:\"[\"Booking\",\"Business\",\"Clients\",\"Contact\",\"Faq\",\"Features\",\"Footer\",\"Online Service\",\"Pricing\",\"Products\",\"Professional\",\"Services\",\"Testimonial\"]\";s:10:\"menu_order\";i:17;s:16:\"popularity_index\";i:-1;s:11:\"trend_index\";i:-1;s:17:\"has_page_settings\";s:1:\"1\";s:6:\"is_pro\";s:1:\"1\";s:12:\"access_level\";i:1;}i:242;a:16:{s:4:\"tmpl\";i:501;s:2:\"id\";i:5429;s:5:\"title\";s:8:\"About 16\";s:9:\"thumbnail\";s:74:\"https://library.elementor.com/wp-content/uploads/2018/03/about_white_4.png\";s:12:\"tmpl_created\";i:1520443510;s:6:\"author\";s:9:\"Elementor\";s:3:\"url\";s:105:\"https://library.elementor.com/blocks/about-16/?utm_source=library&utm_medium=wp-dash&utm_campaign=preview\";s:4:\"type\";s:5:\"block\";s:7:\"subtype\";s:5:\"about\";s:4:\"tags\";s:9:\"[\"About\"]\";s:10:\"menu_order\";i:17;s:16:\"popularity_index\";i:59;s:11:\"trend_index\";i:8;s:17:\"has_page_settings\";s:1:\"0\";s:6:\"is_pro\";s:1:\"0\";s:12:\"access_level\";i:0;}i:243;a:16:{s:4:\"tmpl\";i:1138;s:2:\"id\";i:16762;s:5:\"title\";s:25:\"Conference &#8211; Events\";s:9:\"thumbnail\";s:71:\"https://library.elementor.com/wp-content/uploads/2021/01/Conference.png\";s:12:\"tmpl_created\";i:1610455119;s:6:\"author\";s:9:\"Elementor\";s:3:\"url\";s:110:\"https://library.elementor.com/lp/conference-events/?utm_source=library&utm_medium=wp-dash&utm_campaign=preview\";s:4:\"type\";s:2:\"lp\";s:7:\"subtype\";s:6:\"Events\";s:4:\"tags\";s:60:\"[\"Conference\",\"Convention\",\"Event\",\"Events\",\"Landing Pages\"]\";s:10:\"menu_order\";i:18;s:16:\"popularity_index\";i:705;s:11:\"trend_index\";i:216;s:17:\"has_page_settings\";s:1:\"1\";s:6:\"is_pro\";s:1:\"0\";s:12:\"access_level\";i:0;}i:244;a:16:{s:4:\"tmpl\";i:1438;s:2:\"id\";i:24539;s:5:\"title\";s:27:\"Wireframe &#8211; Contact 2\";s:9:\"thumbnail\";s:84:\"https://library.elementor.com/wp-content/uploads/2022/05/Wireframe-—-Contact-2.jpg\";s:12:\"tmpl_created\";i:1653989019;s:6:\"author\";s:9:\"Elementor\";s:3:\"url\";s:118:\"https://library.elementor.com/wireframe-contact-2/?utm_source=template-library&utm_medium=wp-dash&utm_campaign=preview\";s:4:\"type\";s:4:\"page\";s:7:\"subtype\";s:4:\"page\";s:4:\"tags\";s:69:\"[\"Business\",\"Contact\",\"Footer\",\"Google Maps\",\"Header\",\"Professional\"]\";s:10:\"menu_order\";i:18;s:16:\"popularity_index\";i:-1;s:11:\"trend_index\";i:-1;s:17:\"has_page_settings\";s:1:\"1\";s:6:\"is_pro\";s:1:\"0\";s:12:\"access_level\";i:0;}i:245;a:16:{s:4:\"tmpl\";i:505;s:2:\"id\";i:5464;s:5:\"title\";s:8:\"About 17\";s:9:\"thumbnail\";s:74:\"https://library.elementor.com/wp-content/uploads/2018/03/about_black_6.png\";s:12:\"tmpl_created\";i:1520443518;s:6:\"author\";s:9:\"Elementor\";s:3:\"url\";s:105:\"https://library.elementor.com/blocks/about-17/?utm_source=library&utm_medium=wp-dash&utm_campaign=preview\";s:4:\"type\";s:5:\"block\";s:7:\"subtype\";s:5:\"about\";s:4:\"tags\";s:9:\"[\"About\"]\";s:10:\"menu_order\";i:18;s:16:\"popularity_index\";i:220;s:11:\"trend_index\";i:142;s:17:\"has_page_settings\";s:1:\"0\";s:6:\"is_pro\";s:1:\"0\";s:12:\"access_level\";i:0;}i:246;a:16:{s:4:\"tmpl\";i:1434;s:2:\"id\";i:24494;s:5:\"title\";s:28:\"Wireframe &#8211; Services 1\";s:9:\"thumbnail\";s:85:\"https://library.elementor.com/wp-content/uploads/2022/05/Wireframe-—-Services-1.jpg\";s:12:\"tmpl_created\";i:1653988874;s:6:\"author\";s:9:\"Elementor\";s:3:\"url\";s:119:\"https://library.elementor.com/wireframe-services-1/?utm_source=template-library&utm_medium=wp-dash&utm_campaign=preview\";s:4:\"type\";s:4:\"page\";s:7:\"subtype\";s:4:\"page\";s:4:\"tags\";s:53:\"[\"Business\",\"Faq\",\"Footer\",\"Professional\",\"Services\"]\";s:10:\"menu_order\";i:19;s:16:\"popularity_index\";i:-1;s:11:\"trend_index\";i:-1;s:17:\"has_page_settings\";s:1:\"1\";s:6:\"is_pro\";s:1:\"0\";s:12:\"access_level\";i:0;}i:247;a:16:{s:4:\"tmpl\";i:1194;s:2:\"id\";i:18701;s:5:\"title\";s:32:\"Digital Course &#8211; eCommerce\";s:9:\"thumbnail\";s:68:\"https://library.elementor.com/wp-content/uploads/2021/04/250x280.jpg\";s:12:\"tmpl_created\";i:1618995134;s:6:\"author\";s:9:\"Elementor\";s:3:\"url\";s:117:\"https://library.elementor.com/lp/digital-course-ecommerce/?utm_source=library&utm_medium=wp-dash&utm_campaign=preview\";s:4:\"type\";s:2:\"lp\";s:7:\"subtype\";s:9:\"eCommerce\";s:4:\"tags\";s:57:\"[\"Course Online\",\"Ecommerce\",\"Landing Pages\",\"Marketing\"]\";s:10:\"menu_order\";i:19;s:16:\"popularity_index\";i:-1;s:11:\"trend_index\";i:-1;s:17:\"has_page_settings\";s:1:\"1\";s:6:\"is_pro\";s:1:\"1\";s:12:\"access_level\";i:1;}i:248;a:16:{s:4:\"tmpl\";i:510;s:2:\"id\";i:5504;s:5:\"title\";s:8:\"About 18\";s:9:\"thumbnail\";s:74:\"https://library.elementor.com/wp-content/uploads/2018/03/about_white_9.png\";s:12:\"tmpl_created\";i:1520443528;s:6:\"author\";s:9:\"Elementor\";s:3:\"url\";s:105:\"https://library.elementor.com/blocks/about-18/?utm_source=library&utm_medium=wp-dash&utm_campaign=preview\";s:4:\"type\";s:5:\"block\";s:7:\"subtype\";s:5:\"about\";s:4:\"tags\";s:9:\"[\"About\"]\";s:10:\"menu_order\";i:19;s:16:\"popularity_index\";i:104;s:11:\"trend_index\";i:46;s:17:\"has_page_settings\";s:1:\"0\";s:6:\"is_pro\";s:1:\"0\";s:12:\"access_level\";i:0;}i:249;a:16:{s:4:\"tmpl\";i:1192;s:2:\"id\";i:18612;s:5:\"title\";s:34:\"Bag Product Sale &#8211; eCommerce\";s:9:\"thumbnail\";s:85:\"https://library.elementor.com/wp-content/uploads/2021/04/Library-Pic-Bag-Product.jpeg\";s:12:\"tmpl_created\";i:1618395406;s:6:\"author\";s:9:\"Elementor\";s:3:\"url\";s:119:\"https://library.elementor.com/lp/bag-product-sale-ecommerce/?utm_source=library&utm_medium=wp-dash&utm_campaign=preview\";s:4:\"type\";s:2:\"lp\";s:7:\"subtype\";s:9:\"eCommerce\";s:4:\"tags\";s:61:\"[\"Bag\",\"Ecommerce\",\"Landing Pages\",\"Product\",\"Sale\",\"Travel\"]\";s:10:\"menu_order\";i:20;s:16:\"popularity_index\";i:875;s:11:\"trend_index\";i:605;s:17:\"has_page_settings\";s:1:\"1\";s:6:\"is_pro\";s:1:\"1\";s:12:\"access_level\";i:1;}i:250;a:16:{s:4:\"tmpl\";i:1227;s:2:\"id\";i:21083;s:5:\"title\";s:26:\"Conference &#8211; Contact\";s:9:\"thumbnail\";s:82:\"https://library.elementor.com/wp-content/uploads/2021/12/10-Contact-Conference.jpg\";s:12:\"tmpl_created\";i:1638799208;s:6:\"author\";s:9:\"Elementor\";s:3:\"url\";s:108:\"https://library.elementor.com/conference-contact/?utm_source=library&utm_medium=wp-dash&utm_campaign=preview\";s:4:\"type\";s:4:\"page\";s:7:\"subtype\";s:4:\"page\";s:4:\"tags\";s:37:\"[\"Conference\",\"Contact\",\"Info\",\"Map\"]\";s:10:\"menu_order\";i:20;s:16:\"popularity_index\";i:-1;s:11:\"trend_index\";i:-1;s:17:\"has_page_settings\";s:1:\"1\";s:6:\"is_pro\";s:1:\"1\";s:12:\"access_level\";i:1;}i:251;a:16:{s:4:\"tmpl\";i:511;s:2:\"id\";i:5515;s:5:\"title\";s:8:\"About 19\";s:9:\"thumbnail\";s:74:\"https://library.elementor.com/wp-content/uploads/2018/03/about_black_9.png\";s:12:\"tmpl_created\";i:1520443530;s:6:\"author\";s:9:\"Elementor\";s:3:\"url\";s:105:\"https://library.elementor.com/blocks/about-19/?utm_source=library&utm_medium=wp-dash&utm_campaign=preview\";s:4:\"type\";s:5:\"block\";s:7:\"subtype\";s:5:\"about\";s:4:\"tags\";s:9:\"[\"About\"]\";s:10:\"menu_order\";i:20;s:16:\"popularity_index\";i:268;s:11:\"trend_index\";i:161;s:17:\"has_page_settings\";s:1:\"0\";s:6:\"is_pro\";s:1:\"0\";s:12:\"access_level\";i:0;}i:252;a:16:{s:4:\"tmpl\";i:1193;s:2:\"id\";i:18644;s:5:\"title\";s:37:\"Camera Product Sale &#8211; eCommerce\";s:9:\"thumbnail\";s:85:\"https://library.elementor.com/wp-content/uploads/2021/04/camera_sale_featured-img.jpg\";s:12:\"tmpl_created\";i:1618396388;s:6:\"author\";s:9:\"Elementor\";s:3:\"url\";s:122:\"https://library.elementor.com/lp/camera-product-sale-ecommerce/?utm_source=library&utm_medium=wp-dash&utm_campaign=preview\";s:4:\"type\";s:2:\"lp\";s:7:\"subtype\";s:9:\"eCommerce\";s:4:\"tags\";s:59:\"[\"Camera\",\"Ecommerce\",\"Landing Pages\",\"Photography\",\"Sale\"]\";s:10:\"menu_order\";i:21;s:16:\"popularity_index\";i:873;s:11:\"trend_index\";i:535;s:17:\"has_page_settings\";s:1:\"1\";s:6:\"is_pro\";s:1:\"1\";s:12:\"access_level\";i:1;}i:253;a:16:{s:4:\"tmpl\";i:1222;s:2:\"id\";i:20960;s:5:\"title\";s:26:\"Travel Agency &#8211; Home\";s:9:\"thumbnail\";s:81:\"https://library.elementor.com/wp-content/uploads/2021/12/5-Home-Travel-Agency.jpg\";s:12:\"tmpl_created\";i:1638788432;s:6:\"author\";s:9:\"Elementor\";s:3:\"url\";s:108:\"https://library.elementor.com/travel-agency-home/?utm_source=library&utm_medium=wp-dash&utm_campaign=preview\";s:4:\"type\";s:4:\"page\";s:7:\"subtype\";s:4:\"page\";s:4:\"tags\";s:53:\"[\"Adventures\",\"Experience\",\"Explore\",\"Travel\",\"Trip\"]\";s:10:\"menu_order\";i:21;s:16:\"popularity_index\";i:-1;s:11:\"trend_index\";i:-1;s:17:\"has_page_settings\";s:1:\"1\";s:6:\"is_pro\";s:1:\"1\";s:12:\"access_level\";i:1;}i:254;a:16:{s:4:\"tmpl\";i:506;s:2:\"id\";i:5472;s:5:\"title\";s:7:\"About 2\";s:9:\"thumbnail\";s:74:\"https://library.elementor.com/wp-content/uploads/2018/03/about_white_7.png\";s:12:\"tmpl_created\";i:1520443520;s:6:\"author\";s:9:\"Elementor\";s:3:\"url\";s:104:\"https://library.elementor.com/blocks/about-2/?utm_source=library&utm_medium=wp-dash&utm_campaign=preview\";s:4:\"type\";s:5:\"block\";s:7:\"subtype\";s:5:\"about\";s:4:\"tags\";s:9:\"[\"About\"]\";s:10:\"menu_order\";i:21;s:16:\"popularity_index\";i:210;s:11:\"trend_index\";i:116;s:17:\"has_page_settings\";s:1:\"0\";s:6:\"is_pro\";s:1:\"0\";s:12:\"access_level\";i:0;}i:255;a:16:{s:4:\"tmpl\";i:1196;s:2:\"id\";i:18815;s:5:\"title\";s:25:\"Car Wash &#8211; Business\";s:9:\"thumbnail\";s:81:\"https://library.elementor.com/wp-content/uploads/2021/05/Library-Pic-Car-Wash.png\";s:12:\"tmpl_created\";i:1621336431;s:6:\"author\";s:9:\"Elementor\";s:3:\"url\";s:110:\"https://library.elementor.com/lp/car-wash-business/?utm_source=library&utm_medium=wp-dash&utm_campaign=preview\";s:4:\"type\";s:2:\"lp\";s:7:\"subtype\";s:8:\"Business\";s:4:\"tags\";s:45:\"[\"Business\",\"car\",\"Discount\",\"Landing Pages\"]\";s:10:\"menu_order\";i:22;s:16:\"popularity_index\";i:-1;s:11:\"trend_index\";i:-1;s:17:\"has_page_settings\";s:1:\"1\";s:6:\"is_pro\";s:1:\"1\";s:12:\"access_level\";i:1;}i:256;a:16:{s:4:\"tmpl\";i:1242;s:2:\"id\";i:21473;s:5:\"title\";s:40:\"Architecture Photography &#8211; Gallery\";s:9:\"thumbnail\";s:96:\"https://library.elementor.com/wp-content/uploads/2021/12/20-Gallery-Architecture-Photography.jpg\";s:12:\"tmpl_created\";i:1638822115;s:6:\"author\";s:9:\"Elementor\";s:3:\"url\";s:122:\"https://library.elementor.com/architecture-photography-gallery/?utm_source=library&utm_medium=wp-dash&utm_campaign=preview\";s:4:\"type\";s:4:\"page\";s:7:\"subtype\";s:4:\"page\";s:4:\"tags\";s:52:\"[\"Architecture\",\"Gallery\",\"Photography\",\"Portfolio\"]\";s:10:\"menu_order\";i:22;s:16:\"popularity_index\";i:-1;s:11:\"trend_index\";i:-1;s:17:\"has_page_settings\";s:1:\"1\";s:6:\"is_pro\";s:1:\"0\";s:12:\"access_level\";i:0;}i:257;a:16:{s:4:\"tmpl\";i:504;s:2:\"id\";i:5455;s:5:\"title\";s:8:\"About 20\";s:9:\"thumbnail\";s:74:\"https://library.elementor.com/wp-content/uploads/2018/03/about_white_6.png\";s:12:\"tmpl_created\";i:1520443516;s:6:\"author\";s:9:\"Elementor\";s:3:\"url\";s:105:\"https://library.elementor.com/blocks/about-20/?utm_source=library&utm_medium=wp-dash&utm_campaign=preview\";s:4:\"type\";s:5:\"block\";s:7:\"subtype\";s:5:\"about\";s:4:\"tags\";s:9:\"[\"About\"]\";s:10:\"menu_order\";i:22;s:16:\"popularity_index\";i:134;s:11:\"trend_index\";i:70;s:17:\"has_page_settings\";s:1:\"0\";s:6:\"is_pro\";s:1:\"0\";s:12:\"access_level\";i:0;}i:258;a:16:{s:4:\"tmpl\";i:1198;s:2:\"id\";i:18824;s:5:\"title\";s:33:\"Design School &#8211; Coming Soon\";s:9:\"thumbnail\";s:70:\"https://library.elementor.com/wp-content/uploads/2021/05/250x280-1.png\";s:12:\"tmpl_created\";i:1621336756;s:6:\"author\";s:9:\"Elementor\";s:3:\"url\";s:118:\"https://library.elementor.com/lp/design-school-coming-soon/?utm_source=library&utm_medium=wp-dash&utm_campaign=preview\";s:4:\"type\";s:2:\"lp\";s:7:\"subtype\";s:16:\"Coming Soon Page\";s:4:\"tags\";s:49:\"[\"Coming Soon\",\"Design\",\"Landing Pages\",\"School\"]\";s:10:\"menu_order\";i:23;s:16:\"popularity_index\";i:-1;s:11:\"trend_index\";i:-1;s:17:\"has_page_settings\";s:1:\"1\";s:6:\"is_pro\";s:1:\"1\";s:12:\"access_level\";i:1;}i:259;a:16:{s:4:\"tmpl\";i:1236;s:2:\"id\";i:21259;s:5:\"title\";s:28:\"3D Designer &#8211; Projects\";s:9:\"thumbnail\";s:84:\"https://library.elementor.com/wp-content/uploads/2021/12/24-Projects-3D-Designer.jpg\";s:12:\"tmpl_created\";i:1638819185;s:6:\"author\";s:9:\"Elementor\";s:3:\"url\";s:110:\"https://library.elementor.com/3d-designer-projects/?utm_source=library&utm_medium=wp-dash&utm_campaign=preview\";s:4:\"type\";s:4:\"page\";s:7:\"subtype\";s:4:\"page\";s:4:\"tags\";s:69:\"[\"3D\",\"creative portfolio\",\"Design\",\"Designer\",\"portfolio\",\"Project\"]\";s:10:\"menu_order\";i:23;s:16:\"popularity_index\";i:-1;s:11:\"trend_index\";i:-1;s:17:\"has_page_settings\";s:1:\"1\";s:6:\"is_pro\";s:1:\"1\";s:12:\"access_level\";i:1;}i:260;a:16:{s:4:\"tmpl\";i:499;s:2:\"id\";i:5413;s:5:\"title\";s:8:\"About 21\";s:9:\"thumbnail\";s:74:\"https://library.elementor.com/wp-content/uploads/2018/03/about_white_2.png\";s:12:\"tmpl_created\";i:1520443507;s:6:\"author\";s:9:\"Elementor\";s:3:\"url\";s:105:\"https://library.elementor.com/blocks/about-21/?utm_source=library&utm_medium=wp-dash&utm_campaign=preview\";s:4:\"type\";s:5:\"block\";s:7:\"subtype\";s:5:\"about\";s:4:\"tags\";s:9:\"[\"About\"]\";s:10:\"menu_order\";i:23;s:16:\"popularity_index\";i:83;s:11:\"trend_index\";i:52;s:17:\"has_page_settings\";s:1:\"0\";s:6:\"is_pro\";s:1:\"0\";s:12:\"access_level\";i:0;}i:261;a:16:{s:4:\"tmpl\";i:1197;s:2:\"id\";i:18819;s:5:\"title\";s:27:\"Dog Walker &#8211; Business\";s:9:\"thumbnail\";s:83:\"https://library.elementor.com/wp-content/uploads/2021/05/Library-Pic-Dog-Walker.png\";s:12:\"tmpl_created\";i:1621336601;s:6:\"author\";s:9:\"Elementor\";s:3:\"url\";s:112:\"https://library.elementor.com/lp/dog-walker-business/?utm_source=library&utm_medium=wp-dash&utm_campaign=preview\";s:4:\"type\";s:2:\"lp\";s:7:\"subtype\";s:8:\"Business\";s:4:\"tags\";s:41:\"[\"Business\",\"Dog\",\"Landing Pages\",\"Pets\"]\";s:10:\"menu_order\";i:24;s:16:\"popularity_index\";i:-1;s:11:\"trend_index\";i:-1;s:17:\"has_page_settings\";s:1:\"1\";s:6:\"is_pro\";s:1:\"1\";s:12:\"access_level\";i:1;}i:262;a:16:{s:4:\"tmpl\";i:1238;s:2:\"id\";i:21349;s:5:\"title\";s:29:\"Architecture &#8211; Projects\";s:9:\"thumbnail\";s:85:\"https://library.elementor.com/wp-content/uploads/2021/12/23-Projects-Architecture.jpg\";s:12:\"tmpl_created\";i:1638820870;s:6:\"author\";s:9:\"Elementor\";s:3:\"url\";s:111:\"https://library.elementor.com/architecture-projects/?utm_source=library&utm_medium=wp-dash&utm_campaign=preview\";s:4:\"type\";s:4:\"page\";s:7:\"subtype\";s:4:\"page\";s:4:\"tags\";s:70:\"[\"Architecture\",\"Creative\",\"creative portfolio\",\"portfolio\",\"Project\"]\";s:10:\"menu_order\";i:24;s:16:\"popularity_index\";i:-1;s:11:\"trend_index\";i:-1;s:17:\"has_page_settings\";s:1:\"1\";s:6:\"is_pro\";s:1:\"0\";s:12:\"access_level\";i:0;}i:263;a:16:{s:4:\"tmpl\";i:503;s:2:\"id\";i:5447;s:5:\"title\";s:7:\"About 3\";s:9:\"thumbnail\";s:74:\"https://library.elementor.com/wp-content/uploads/2018/03/about_white_5.png\";s:12:\"tmpl_created\";i:1520443514;s:6:\"author\";s:9:\"Elementor\";s:3:\"url\";s:106:\"https://library.elementor.com/blocks/about-3-2/?utm_source=library&utm_medium=wp-dash&utm_campaign=preview\";s:4:\"type\";s:5:\"block\";s:7:\"subtype\";s:5:\"about\";s:4:\"tags\";s:9:\"[\"About\"]\";s:10:\"menu_order\";i:24;s:16:\"popularity_index\";i:48;s:11:\"trend_index\";i:12;s:17:\"has_page_settings\";s:1:\"0\";s:6:\"is_pro\";s:1:\"0\";s:12:\"access_level\";i:0;}i:264;a:16:{s:4:\"tmpl\";i:1414;s:2:\"id\";i:24079;s:5:\"title\";s:32:\"Fashion Shop &#8211; Coming Soon\";s:9:\"thumbnail\";s:85:\"https://library.elementor.com/wp-content/uploads/2022/04/Coming-Soon-Fashion-Shop.jpg\";s:12:\"tmpl_created\";i:1650988089;s:6:\"author\";s:9:\"Elementor\";s:3:\"url\";s:114:\"https://library.elementor.com/fashion-shop-coming-soon/?utm_source=library&utm_medium=wp-dash&utm_campaign=preview\";s:4:\"type\";s:4:\"page\";s:7:\"subtype\";s:4:\"page\";s:4:\"tags\";s:88:\"[\"Aesthetic\",\"Business\",\"Coming Soon\",\"Ecommerce\",\"Girly\",\"Lifestyle\",\"Products\",\"Shop\"]\";s:10:\"menu_order\";i:25;s:16:\"popularity_index\";i:-1;s:11:\"trend_index\";i:-1;s:17:\"has_page_settings\";s:1:\"0\";s:6:\"is_pro\";s:1:\"1\";s:12:\"access_level\";i:1;}i:265;a:16:{s:4:\"tmpl\";i:1195;s:2:\"id\";i:18761;s:5:\"title\";s:33:\"Fashion Store &#8211; Coming Soon\";s:9:\"thumbnail\";s:86:\"https://library.elementor.com/wp-content/uploads/2021/05/Library-Pic-Fashion-Store.png\";s:12:\"tmpl_created\";i:1621336146;s:6:\"author\";s:9:\"Elementor\";s:3:\"url\";s:118:\"https://library.elementor.com/lp/fashion-store-coming-soon/?utm_source=library&utm_medium=wp-dash&utm_campaign=preview\";s:4:\"type\";s:2:\"lp\";s:7:\"subtype\";s:16:\"Coming Soon Page\";s:4:\"tags\";s:56:\"[\"Coming Soon\",\"Fashion\",\"Landing Pages\",\"Shop\",\"store\"]\";s:10:\"menu_order\";i:25;s:16:\"popularity_index\";i:-1;s:11:\"trend_index\";i:-1;s:17:\"has_page_settings\";s:1:\"1\";s:6:\"is_pro\";s:1:\"1\";s:12:\"access_level\";i:1;}i:266;a:16:{s:4:\"tmpl\";i:507;s:2:\"id\";i:5480;s:5:\"title\";s:7:\"About 4\";s:9:\"thumbnail\";s:76:\"https://library.elementor.com/wp-content/uploads/2018/03/about_black_7-1.png\";s:12:\"tmpl_created\";i:1520443522;s:6:\"author\";s:9:\"Elementor\";s:3:\"url\";s:106:\"https://library.elementor.com/blocks/about-4-2/?utm_source=library&utm_medium=wp-dash&utm_campaign=preview\";s:4:\"type\";s:5:\"block\";s:7:\"subtype\";s:5:\"about\";s:4:\"tags\";s:9:\"[\"About\"]\";s:10:\"menu_order\";i:25;s:16:\"popularity_index\";i:428;s:11:\"trend_index\";i:303;s:17:\"has_page_settings\";s:1:\"0\";s:6:\"is_pro\";s:1:\"0\";s:12:\"access_level\";i:0;}i:267;a:16:{s:4:\"tmpl\";i:545;s:2:\"id\";i:6027;s:5:\"title\";s:7:\"About 5\";s:9:\"thumbnail\";s:76:\"https://library.elementor.com/wp-content/uploads/2018/03/about_white_1-1.png\";s:12:\"tmpl_created\";i:1520443639;s:6:\"author\";s:9:\"Elementor\";s:3:\"url\";s:106:\"https://library.elementor.com/blocks/about-5-3/?utm_source=library&utm_medium=wp-dash&utm_campaign=preview\";s:4:\"type\";s:5:\"block\";s:7:\"subtype\";s:5:\"about\";s:4:\"tags\";s:9:\"[\"About\"]\";s:10:\"menu_order\";i:26;s:16:\"popularity_index\";i:40;s:11:\"trend_index\";i:40;s:17:\"has_page_settings\";s:1:\"0\";s:6:\"is_pro\";s:1:\"0\";s:12:\"access_level\";i:0;}i:268;a:16:{s:4:\"tmpl\";i:1153;s:2:\"id\";i:17060;s:5:\"title\";s:36:\"Private Tutor &#8211; Online Service\";s:9:\"thumbnail\";s:75:\"https://library.elementor.com/wp-content/uploads/2021/01/Online-Tutor-2.png\";s:12:\"tmpl_created\";i:1610631042;s:6:\"author\";s:9:\"Elementor\";s:3:\"url\";s:121:\"https://library.elementor.com/lp/private-tutor-online-service/?utm_source=library&utm_medium=wp-dash&utm_campaign=preview\";s:4:\"type\";s:2:\"lp\";s:7:\"subtype\";s:14:\"Online Service\";s:4:\"tags\";s:64:\"[\"Education\",\"Landing Pages\",\"Online Service\",\"Teacher\",\"Tutor\"]\";s:10:\"menu_order\";i:26;s:16:\"popularity_index\";i:780;s:11:\"trend_index\";i:628;s:17:\"has_page_settings\";s:1:\"1\";s:6:\"is_pro\";s:1:\"1\";s:12:\"access_level\";i:1;}i:269;a:16:{s:4:\"tmpl\";i:1430;s:2:\"id\";i:24434;s:5:\"title\";s:25:\"Wireframe &#8211; About 3\";s:9:\"thumbnail\";s:82:\"https://library.elementor.com/wp-content/uploads/2022/05/Wireframe-—-About-3.jpg\";s:12:\"tmpl_created\";i:1653988697;s:6:\"author\";s:9:\"Elementor\";s:3:\"url\";s:116:\"https://library.elementor.com/wireframe-about-3/?utm_source=template-library&utm_medium=wp-dash&utm_campaign=preview\";s:4:\"type\";s:4:\"page\";s:7:\"subtype\";s:4:\"page\";s:4:\"tags\";s:76:\"[\"About\",\"Business\",\"Contact\",\"Faq\",\"Footer\",\"Header\",\"Professional\",\"Team\"]\";s:10:\"menu_order\";i:26;s:16:\"popularity_index\";i:-1;s:11:\"trend_index\";i:-1;s:17:\"has_page_settings\";s:1:\"1\";s:6:\"is_pro\";s:1:\"0\";s:12:\"access_level\";i:0;}i:270;a:16:{s:4:\"tmpl\";i:546;s:2:\"id\";i:6036;s:5:\"title\";s:7:\"About 6\";s:9:\"thumbnail\";s:76:\"https://library.elementor.com/wp-content/uploads/2018/03/about_black_1-1.png\";s:12:\"tmpl_created\";i:1520443641;s:6:\"author\";s:9:\"Elementor\";s:3:\"url\";s:106:\"https://library.elementor.com/blocks/about-6-3/?utm_source=library&utm_medium=wp-dash&utm_campaign=preview\";s:4:\"type\";s:5:\"block\";s:7:\"subtype\";s:5:\"about\";s:4:\"tags\";s:9:\"[\"About\"]\";s:10:\"menu_order\";i:27;s:16:\"popularity_index\";i:90;s:11:\"trend_index\";i:123;s:17:\"has_page_settings\";s:1:\"0\";s:6:\"is_pro\";s:1:\"0\";s:12:\"access_level\";i:0;}i:271;a:16:{s:4:\"tmpl\";i:1158;s:2:\"id\";i:17232;s:5:\"title\";s:33:\"Life Coach &#8211; Online Service\";s:9:\"thumbnail\";s:71:\"https://library.elementor.com/wp-content/uploads/2021/01/Life-Coach.png\";s:12:\"tmpl_created\";i:1610902793;s:6:\"author\";s:9:\"Elementor\";s:3:\"url\";s:118:\"https://library.elementor.com/lp/life-coach-online-service/?utm_source=library&utm_medium=wp-dash&utm_campaign=preview\";s:4:\"type\";s:2:\"lp\";s:7:\"subtype\";s:14:\"Online Service\";s:4:\"tags\";s:38:\"[\"Coach\",\"Landing Pages\",\"Life Coach\"]\";s:10:\"menu_order\";i:27;s:16:\"popularity_index\";i:787;s:11:\"trend_index\";i:751;s:17:\"has_page_settings\";s:1:\"1\";s:6:\"is_pro\";s:1:\"1\";s:12:\"access_level\";i:1;}i:272;a:16:{s:4:\"tmpl\";i:1436;s:2:\"id\";i:24515;s:5:\"title\";s:28:\"Wireframe &#8211; Services 3\";s:9:\"thumbnail\";s:85:\"https://library.elementor.com/wp-content/uploads/2022/05/Wireframe-—-Services-3.jpg\";s:12:\"tmpl_created\";i:1653988946;s:6:\"author\";s:9:\"Elementor\";s:3:\"url\";s:119:\"https://library.elementor.com/wireframe-services-3/?utm_source=template-library&utm_medium=wp-dash&utm_campaign=preview\";s:4:\"type\";s:4:\"page\";s:7:\"subtype\";s:4:\"page\";s:4:\"tags\";s:66:\"[\"Business\",\"Contact\",\"Footer\",\"Header\",\"Professional\",\"Services\"]\";s:10:\"menu_order\";i:27;s:16:\"popularity_index\";i:-1;s:11:\"trend_index\";i:-1;s:17:\"has_page_settings\";s:1:\"1\";s:6:\"is_pro\";s:1:\"0\";s:12:\"access_level\";i:0;}i:273;a:16:{s:4:\"tmpl\";i:1146;s:2:\"id\";i:16932;s:5:\"title\";s:35:\"Finance Consulting &#8211; Business\";s:9:\"thumbnail\";s:79:\"https://library.elementor.com/wp-content/uploads/2021/01/Finance-Consulting.png\";s:12:\"tmpl_created\";i:1610532170;s:6:\"author\";s:9:\"Elementor\";s:3:\"url\";s:120:\"https://library.elementor.com/lp/finance-consulting-business/?utm_source=library&utm_medium=wp-dash&utm_campaign=preview\";s:4:\"type\";s:2:\"lp\";s:7:\"subtype\";s:8:\"Business\";s:4:\"tags\";s:80:\"[\"Advisor\",\"Business\",\"Consulting\",\"Finance\",\"Investment\",\"Landing Pages\",\"Tax\"]\";s:10:\"menu_order\";i:28;s:16:\"popularity_index\";i:790;s:11:\"trend_index\";i:630;s:17:\"has_page_settings\";s:1:\"1\";s:6:\"is_pro\";s:1:\"1\";s:12:\"access_level\";i:1;}i:274;a:16:{s:4:\"tmpl\";i:1429;s:2:\"id\";i:24421;s:5:\"title\";s:25:\"Wireframe &#8211; About 2\";s:9:\"thumbnail\";s:82:\"https://library.elementor.com/wp-content/uploads/2022/05/Wireframe-—-About-2.jpg\";s:12:\"tmpl_created\";i:1653988579;s:6:\"author\";s:9:\"Elementor\";s:3:\"url\";s:116:\"https://library.elementor.com/wireframe-about-2/?utm_source=template-library&utm_medium=wp-dash&utm_campaign=preview\";s:4:\"type\";s:4:\"page\";s:7:\"subtype\";s:4:\"page\";s:4:\"tags\";s:87:\"[\"About\",\"Business\",\"Contact\",\"Faq\",\"Features\",\"Footer\",\"Header\",\"Professional\",\"Team\"]\";s:10:\"menu_order\";i:28;s:16:\"popularity_index\";i:-1;s:11:\"trend_index\";i:-1;s:17:\"has_page_settings\";s:1:\"1\";s:6:\"is_pro\";s:1:\"0\";s:12:\"access_level\";i:0;}i:275;a:16:{s:4:\"tmpl\";i:508;s:2:\"id\";i:5488;s:5:\"title\";s:7:\"About 7\";s:9:\"thumbnail\";s:74:\"https://library.elementor.com/wp-content/uploads/2018/03/about_white_8.png\";s:12:\"tmpl_created\";i:1520443524;s:6:\"author\";s:9:\"Elementor\";s:3:\"url\";s:104:\"https://library.elementor.com/blocks/about-7/?utm_source=library&utm_medium=wp-dash&utm_campaign=preview\";s:4:\"type\";s:5:\"block\";s:7:\"subtype\";s:5:\"about\";s:4:\"tags\";s:9:\"[\"About\"]\";s:10:\"menu_order\";i:28;s:16:\"popularity_index\";i:307;s:11:\"trend_index\";i:169;s:17:\"has_page_settings\";s:1:\"0\";s:6:\"is_pro\";s:1:\"0\";s:12:\"access_level\";i:0;}i:276;a:16:{s:4:\"tmpl\";i:556;s:2:\"id\";i:6122;s:5:\"title\";s:7:\"About 8\";s:9:\"thumbnail\";s:76:\"https://library.elementor.com/wp-content/uploads/2018/03/about_white_2-1.png\";s:12:\"tmpl_created\";i:1520443661;s:6:\"author\";s:9:\"Elementor\";s:3:\"url\";s:104:\"https://library.elementor.com/blocks/about-8/?utm_source=library&utm_medium=wp-dash&utm_campaign=preview\";s:4:\"type\";s:5:\"block\";s:7:\"subtype\";s:5:\"about\";s:4:\"tags\";s:9:\"[\"About\"]\";s:10:\"menu_order\";i:29;s:16:\"popularity_index\";i:38;s:11:\"trend_index\";i:26;s:17:\"has_page_settings\";s:1:\"0\";s:6:\"is_pro\";s:1:\"0\";s:12:\"access_level\";i:0;}i:277;a:16:{s:4:\"tmpl\";i:1136;s:2:\"id\";i:16721;s:5:\"title\";s:35:\"Dental &#8211; Health &amp; Fitness\";s:9:\"thumbnail\";s:67:\"https://library.elementor.com/wp-content/uploads/2021/01/Dental.jpg\";s:12:\"tmpl_created\";i:1610448567;s:6:\"author\";s:9:\"Elementor\";s:3:\"url\";s:114:\"https://library.elementor.com/lp/dental-health-fitness/?utm_source=library&utm_medium=wp-dash&utm_campaign=preview\";s:4:\"type\";s:2:\"lp\";s:7:\"subtype\";s:18:\"Health and Fitness\";s:4:\"tags\";s:44:\"[\"Dental\",\"Doctor\",\"Health\",\"Landing Pages\"]\";s:10:\"menu_order\";i:29;s:16:\"popularity_index\";i:801;s:11:\"trend_index\";i:655;s:17:\"has_page_settings\";s:1:\"1\";s:6:\"is_pro\";s:1:\"1\";s:12:\"access_level\";i:1;}i:278;a:16:{s:4:\"tmpl\";i:1417;s:2:\"id\";i:24116;s:5:\"title\";s:32:\"Tech Company &#8211; Coming Soon\";s:9:\"thumbnail\";s:85:\"https://library.elementor.com/wp-content/uploads/2022/04/Coming-Soon-Tech-Company.jpg\";s:12:\"tmpl_created\";i:1650989265;s:6:\"author\";s:9:\"Elementor\";s:3:\"url\";s:114:\"https://library.elementor.com/tech-company-coming-soon/?utm_source=library&utm_medium=wp-dash&utm_campaign=preview\";s:4:\"type\";s:4:\"page\";s:7:\"subtype\";s:4:\"page\";s:4:\"tags\";s:87:\"[\"Business\",\"Coding\",\"Coming Soon\",\"Computer\",\"Developer\",\"IT\",\"Services\",\"Technology\"]\";s:10:\"menu_order\";i:29;s:16:\"popularity_index\";i:-1;s:11:\"trend_index\";i:-1;s:17:\"has_page_settings\";s:1:\"1\";s:6:\"is_pro\";s:1:\"1\";s:12:\"access_level\";i:1;}i:279;a:16:{s:4:\"tmpl\";i:1161;s:2:\"id\";i:17269;s:5:\"title\";s:34:\"Electronics Sale &#8211; eCommerce\";s:9:\"thumbnail\";s:80:\"https://library.elementor.com/wp-content/uploads/2021/01/Electronic-Products.png\";s:12:\"tmpl_created\";i:1610903298;s:6:\"author\";s:9:\"Elementor\";s:3:\"url\";s:119:\"https://library.elementor.com/lp/electronics-sale-ecommerce/?utm_source=library&utm_medium=wp-dash&utm_campaign=preview\";s:4:\"type\";s:2:\"lp\";s:7:\"subtype\";s:9:\"eCommerce\";s:4:\"tags\";s:29:\"[\"Ecommerce\",\"Landing Pages\"]\";s:10:\"menu_order\";i:30;s:16:\"popularity_index\";i:800;s:11:\"trend_index\";i:556;s:17:\"has_page_settings\";s:1:\"1\";s:6:\"is_pro\";s:1:\"1\";s:12:\"access_level\";i:1;}i:280;a:16:{s:4:\"tmpl\";i:1220;s:2:\"id\";i:20908;s:5:\"title\";s:42:\"Packing &#038; Moving Company &#8211; Home\";s:9:\"thumbnail\";s:90:\"https://library.elementor.com/wp-content/uploads/2021/12/3-Home-Packing-Moving-Company.jpg\";s:12:\"tmpl_created\";i:1638786127;s:6:\"author\";s:9:\"Elementor\";s:3:\"url\";s:117:\"https://library.elementor.com/packing-moving-company-home/?utm_source=library&utm_medium=wp-dash&utm_campaign=preview\";s:4:\"type\";s:4:\"page\";s:7:\"subtype\";s:4:\"page\";s:4:\"tags\";s:28:\"[\"Movers\",\"moving\",\"Storge\"]\";s:10:\"menu_order\";i:30;s:16:\"popularity_index\";i:-1;s:11:\"trend_index\";i:-1;s:17:\"has_page_settings\";s:1:\"1\";s:6:\"is_pro\";s:1:\"1\";s:12:\"access_level\";i:1;}i:281;a:16:{s:4:\"tmpl\";i:509;s:2:\"id\";i:5496;s:5:\"title\";s:7:\"About 9\";s:9:\"thumbnail\";s:76:\"https://library.elementor.com/wp-content/uploads/2018/03/about_black_8-1.png\";s:12:\"tmpl_created\";i:1520443526;s:6:\"author\";s:9:\"Elementor\";s:3:\"url\";s:104:\"https://library.elementor.com/blocks/about-9/?utm_source=library&utm_medium=wp-dash&utm_campaign=preview\";s:4:\"type\";s:5:\"block\";s:7:\"subtype\";s:5:\"about\";s:4:\"tags\";s:9:\"[\"About\"]\";s:10:\"menu_order\";i:30;s:16:\"popularity_index\";i:523;s:11:\"trend_index\";i:453;s:17:\"has_page_settings\";s:1:\"0\";s:6:\"is_pro\";s:1:\"0\";s:12:\"access_level\";i:0;}i:282;a:16:{s:4:\"tmpl\";i:1152;s:2:\"id\";i:17032;s:5:\"title\";s:42:\"Donate Computer &#8211; Social Involvement\";s:9:\"thumbnail\";s:71:\"https://library.elementor.com/wp-content/uploads/2021/01/Donation-2.png\";s:12:\"tmpl_created\";i:1610630585;s:6:\"author\";s:9:\"Elementor\";s:3:\"url\";s:127:\"https://library.elementor.com/lp/donate-computer-social-involvement/?utm_source=library&utm_medium=wp-dash&utm_campaign=preview\";s:4:\"type\";s:2:\"lp\";s:7:\"subtype\";s:18:\"Social Involvement\";s:4:\"tags\";s:67:\"[\"Computer\",\"Donate\",\"Donation\",\"Kids\",\"Landing Pages\",\"Nonprofit\"]\";s:10:\"menu_order\";i:31;s:16:\"popularity_index\";i:718;s:11:\"trend_index\";i:278;s:17:\"has_page_settings\";s:1:\"1\";s:6:\"is_pro\";s:1:\"0\";s:12:\"access_level\";i:0;}i:283;a:16:{s:4:\"tmpl\";i:684;s:2:\"id\";i:8961;s:5:\"title\";s:9:\"archive 1\";s:9:\"thumbnail\";s:74:\"https://library.elementor.com/wp-content/uploads/2018/06/Archive_350.1.jpg\";s:12:\"tmpl_created\";i:1528639909;s:6:\"author\";s:9:\"Elementor\";s:3:\"url\";s:106:\"https://library.elementor.com/blocks/archive-1/?utm_source=library&utm_medium=wp-dash&utm_campaign=preview\";s:4:\"type\";s:5:\"block\";s:7:\"subtype\";s:7:\"archive\";s:4:\"tags\";s:2:\"[]\";s:10:\"menu_order\";i:31;s:16:\"popularity_index\";i:79;s:11:\"trend_index\";i:15;s:17:\"has_page_settings\";s:1:\"0\";s:6:\"is_pro\";s:1:\"1\";s:12:\"access_level\";i:1;}i:284;a:16:{s:4:\"tmpl\";i:1245;s:2:\"id\";i:21546;s:5:\"title\";s:28:\"Interior Design &#8211; Home\";s:9:\"thumbnail\";s:85:\"https://library.elementor.com/wp-content/uploads/2021/12/1-Home-Interior-Design-1.jpg\";s:12:\"tmpl_created\";i:1639046269;s:6:\"author\";s:9:\"Elementor\";s:3:\"url\";s:110:\"https://library.elementor.com/interior-design-home/?utm_source=library&utm_medium=wp-dash&utm_campaign=preview\";s:4:\"type\";s:4:\"page\";s:7:\"subtype\";s:4:\"page\";s:4:\"tags\";s:68:\"[\"Design\",\"Form\",\"Furniture Design\",\"Interior Design\",\"Testimonial\"]\";s:10:\"menu_order\";i:31;s:16:\"popularity_index\";i:-1;s:11:\"trend_index\";i:-1;s:17:\"has_page_settings\";s:1:\"1\";s:6:\"is_pro\";s:1:\"1\";s:12:\"access_level\";i:1;}i:285;a:16:{s:4:\"tmpl\";i:1135;s:2:\"id\";i:16684;s:5:\"title\";s:34:\"SaaS HR Management &#8211; Product\";s:9:\"thumbnail\";s:66:\"https://library.elementor.com/wp-content/uploads/2021/01/lp_hr.png\";s:12:\"tmpl_created\";i:1609945486;s:6:\"author\";s:9:\"Elementor\";s:3:\"url\";s:119:\"https://library.elementor.com/lp/saas-hr-management-product/?utm_source=library&utm_medium=wp-dash&utm_campaign=preview\";s:4:\"type\";s:2:\"lp\";s:7:\"subtype\";s:7:\"Product\";s:4:\"tags\";s:39:\"[\"HR\",\"Landing Pages\",\"Product\",\"SaaS\"]\";s:10:\"menu_order\";i:32;s:16:\"popularity_index\";i:708;s:11:\"trend_index\";i:292;s:17:\"has_page_settings\";s:1:\"1\";s:6:\"is_pro\";s:1:\"0\";s:12:\"access_level\";i:0;}i:286;a:16:{s:4:\"tmpl\";i:685;s:2:\"id\";i:8969;s:5:\"title\";s:9:\"archive 2\";s:9:\"thumbnail\";s:74:\"https://library.elementor.com/wp-content/uploads/2018/06/Archive_350.2.jpg\";s:12:\"tmpl_created\";i:1528700014;s:6:\"author\";s:9:\"Elementor\";s:3:\"url\";s:106:\"https://library.elementor.com/blocks/archive-2/?utm_source=library&utm_medium=wp-dash&utm_campaign=preview\";s:4:\"type\";s:5:\"block\";s:7:\"subtype\";s:7:\"archive\";s:4:\"tags\";s:2:\"[]\";s:10:\"menu_order\";i:32;s:16:\"popularity_index\";i:250;s:11:\"trend_index\";i:124;s:17:\"has_page_settings\";s:1:\"0\";s:6:\"is_pro\";s:1:\"1\";s:12:\"access_level\";i:1;}i:287;a:16:{s:4:\"tmpl\";i:1249;s:2:\"id\";i:22137;s:5:\"title\";s:31:\"Design Blog &#8211; Coming Soon\";s:9:\"thumbnail\";s:94:\"https://library.elementor.com/wp-content/uploads/2021/10/Design-Blog-Coming-Soon-250x280-1.jpg\";s:12:\"tmpl_created\";i:1647177194;s:6:\"author\";s:9:\"Elementor\";s:3:\"url\";s:113:\"https://library.elementor.com/design-blog-coming-soon/?utm_source=library&utm_medium=wp-dash&utm_campaign=preview\";s:4:\"type\";s:4:\"page\";s:7:\"subtype\";s:4:\"page\";s:4:\"tags\";s:47:\"[\"Blog\",\"Coming Soon\",\"Design\",\"Landing Pages\"]\";s:10:\"menu_order\";i:32;s:16:\"popularity_index\";i:-1;s:11:\"trend_index\";i:-1;s:17:\"has_page_settings\";s:1:\"1\";s:6:\"is_pro\";s:1:\"1\";s:12:\"access_level\";i:20;}i:288;a:16:{s:4:\"tmpl\";i:1134;s:2:\"id\";i:16660;s:5:\"title\";s:37:\"Medical center &#8211; Online service\";s:9:\"thumbnail\";s:95:\"https://library.elementor.com/wp-content/uploads/2021/01/Online-medical-cosultation-250_280.png\";s:12:\"tmpl_created\";i:1609945122;s:6:\"author\";s:9:\"Elementor\";s:3:\"url\";s:122:\"https://library.elementor.com/lp/medical-center-online-service/?utm_source=library&utm_medium=wp-dash&utm_campaign=preview\";s:4:\"type\";s:2:\"lp\";s:7:\"subtype\";s:14:\"Online Service\";s:4:\"tags\";s:44:\"[\"Landing Pages\",\"medical\",\"Online Service\"]\";s:10:\"menu_order\";i:33;s:16:\"popularity_index\";i:750;s:11:\"trend_index\";i:332;s:17:\"has_page_settings\";s:1:\"1\";s:6:\"is_pro\";s:1:\"0\";s:12:\"access_level\";i:0;}i:289;a:16:{s:4:\"tmpl\";i:686;s:2:\"id\";i:8973;s:5:\"title\";s:9:\"archive 3\";s:9:\"thumbnail\";s:74:\"https://library.elementor.com/wp-content/uploads/2018/06/Archive_350.3.jpg\";s:12:\"tmpl_created\";i:1528700205;s:6:\"author\";s:9:\"Elementor\";s:3:\"url\";s:106:\"https://library.elementor.com/blocks/archive-3/?utm_source=library&utm_medium=wp-dash&utm_campaign=preview\";s:4:\"type\";s:5:\"block\";s:7:\"subtype\";s:7:\"archive\";s:4:\"tags\";s:2:\"[]\";s:10:\"menu_order\";i:33;s:16:\"popularity_index\";i:176;s:11:\"trend_index\";i:54;s:17:\"has_page_settings\";s:1:\"0\";s:6:\"is_pro\";s:1:\"1\";s:12:\"access_level\";i:1;}i:290;a:16:{s:4:\"tmpl\";i:1226;s:2:\"id\";i:21069;s:5:\"title\";s:21:\"Hotel &#8211; Contact\";s:9:\"thumbnail\";s:76:\"https://library.elementor.com/wp-content/uploads/2021/12/9-Contact-Hotel.jpg\";s:12:\"tmpl_created\";i:1638798545;s:6:\"author\";s:9:\"Elementor\";s:3:\"url\";s:103:\"https://library.elementor.com/hotel-contact/?utm_source=library&utm_medium=wp-dash&utm_campaign=preview\";s:4:\"type\";s:4:\"page\";s:7:\"subtype\";s:4:\"page\";s:4:\"tags\";s:29:\"[\"Contact\",\"Info\",\"Vacation\"]\";s:10:\"menu_order\";i:33;s:16:\"popularity_index\";i:-1;s:11:\"trend_index\";i:-1;s:17:\"has_page_settings\";s:1:\"1\";s:6:\"is_pro\";s:1:\"1\";s:12:\"access_level\";i:1;}i:291;a:16:{s:4:\"tmpl\";i:1150;s:2:\"id\";i:17001;s:5:\"title\";s:36:\"Parental Counseling &#8211; Business\";s:9:\"thumbnail\";s:78:\"https://library.elementor.com/wp-content/uploads/2021/01/Parenting-Coach-2.png\";s:12:\"tmpl_created\";i:1610534999;s:6:\"author\";s:9:\"Elementor\";s:3:\"url\";s:121:\"https://library.elementor.com/lp/parental-counseling-business/?utm_source=library&utm_medium=wp-dash&utm_campaign=preview\";s:4:\"type\";s:2:\"lp\";s:7:\"subtype\";s:8:\"Business\";s:4:\"tags\";s:99:\"[\"Advisor\",\"Business\",\"Coach\",\"Counseling\",\"Landing Pages\",\"Online Service\",\"Parental\",\"Parenting\"]\";s:10:\"menu_order\";i:34;s:16:\"popularity_index\";i:817;s:11:\"trend_index\";i:0;s:17:\"has_page_settings\";s:1:\"1\";s:6:\"is_pro\";s:1:\"1\";s:12:\"access_level\";i:1;}i:292;a:16:{s:4:\"tmpl\";i:1432;s:2:\"id\";i:24461;s:5:\"title\";s:27:\"Wireframe &#8211; Gallery 1\";s:9:\"thumbnail\";s:84:\"https://library.elementor.com/wp-content/uploads/2022/05/Wireframe-—-Gallery-1.jpg\";s:12:\"tmpl_created\";i:1653988784;s:6:\"author\";s:9:\"Elementor\";s:3:\"url\";s:118:\"https://library.elementor.com/wireframe-gallery-1/?utm_source=template-library&utm_medium=wp-dash&utm_campaign=preview\";s:4:\"type\";s:4:\"page\";s:7:\"subtype\";s:4:\"page\";s:4:\"tags\";s:82:\"[\"Business\",\"Contact\",\"Design\",\"Footer\",\"Gallery\",\"Header\",\"Portfolio\",\"Services\"]\";s:10:\"menu_order\";i:34;s:16:\"popularity_index\";i:-1;s:11:\"trend_index\";i:-1;s:17:\"has_page_settings\";s:1:\"0\";s:6:\"is_pro\";s:1:\"1\";s:12:\"access_level\";i:1;}i:293;a:16:{s:4:\"tmpl\";i:687;s:2:\"id\";i:8977;s:5:\"title\";s:9:\"archive 4\";s:9:\"thumbnail\";s:74:\"https://library.elementor.com/wp-content/uploads/2018/06/Archive_350.4.jpg\";s:12:\"tmpl_created\";i:1528700326;s:6:\"author\";s:9:\"Elementor\";s:3:\"url\";s:106:\"https://library.elementor.com/blocks/archive-4/?utm_source=library&utm_medium=wp-dash&utm_campaign=preview\";s:4:\"type\";s:5:\"block\";s:7:\"subtype\";s:7:\"archive\";s:4:\"tags\";s:2:\"[]\";s:10:\"menu_order\";i:34;s:16:\"popularity_index\";i:354;s:11:\"trend_index\";i:396;s:17:\"has_page_settings\";s:1:\"0\";s:6:\"is_pro\";s:1:\"1\";s:12:\"access_level\";i:1;}i:294;a:16:{s:4:\"tmpl\";i:1137;s:2:\"id\";i:16742;s:5:\"title\";s:31:\"Online Course &#8211; Education\";s:9:\"thumbnail\";s:74:\"https://library.elementor.com/wp-content/uploads/2021/01/Online-Course.png\";s:12:\"tmpl_created\";i:1610454122;s:6:\"author\";s:9:\"Elementor\";s:3:\"url\";s:116:\"https://library.elementor.com/lp/online-course-education/?utm_source=library&utm_medium=wp-dash&utm_campaign=preview\";s:4:\"type\";s:2:\"lp\";s:7:\"subtype\";s:9:\"Education\";s:4:\"tags\";s:55:\"[\"Academy\",\"Course Online\",\"Education\",\"Landing Pages\"]\";s:10:\"menu_order\";i:35;s:16:\"popularity_index\";i:777;s:11:\"trend_index\";i:776;s:17:\"has_page_settings\";s:1:\"1\";s:6:\"is_pro\";s:1:\"1\";s:12:\"access_level\";i:1;}i:295;a:16:{s:4:\"tmpl\";i:1440;s:2:\"id\";i:24563;s:5:\"title\";s:27:\"Wireframe &#8211; Contact 4\";s:9:\"thumbnail\";s:84:\"https://library.elementor.com/wp-content/uploads/2022/05/Wireframe-—-Contact-4.jpg\";s:12:\"tmpl_created\";i:1653989095;s:6:\"author\";s:9:\"Elementor\";s:3:\"url\";s:118:\"https://library.elementor.com/wireframe-contact-4/?utm_source=template-library&utm_medium=wp-dash&utm_campaign=preview\";s:4:\"type\";s:4:\"page\";s:7:\"subtype\";s:4:\"page\";s:4:\"tags\";s:84:\"[\"Business\",\"Contact\",\"Footer\",\"Form\",\"Gallery\",\"Header\",\"Professional\",\"Subscribe\"]\";s:10:\"menu_order\";i:35;s:16:\"popularity_index\";i:-1;s:11:\"trend_index\";i:-1;s:17:\"has_page_settings\";s:1:\"1\";s:6:\"is_pro\";s:1:\"1\";s:12:\"access_level\";i:1;}i:296;a:16:{s:4:\"tmpl\";i:688;s:2:\"id\";i:8981;s:5:\"title\";s:9:\"archive 5\";s:9:\"thumbnail\";s:74:\"https://library.elementor.com/wp-content/uploads/2018/06/Archive_350.5.jpg\";s:12:\"tmpl_created\";i:1528700484;s:6:\"author\";s:9:\"Elementor\";s:3:\"url\";s:106:\"https://library.elementor.com/blocks/archive-5/?utm_source=library&utm_medium=wp-dash&utm_campaign=preview\";s:4:\"type\";s:5:\"block\";s:7:\"subtype\";s:7:\"archive\";s:4:\"tags\";s:2:\"[]\";s:10:\"menu_order\";i:35;s:16:\"popularity_index\";i:333;s:11:\"trend_index\";i:195;s:17:\"has_page_settings\";s:1:\"0\";s:6:\"is_pro\";s:1:\"1\";s:12:\"access_level\";i:1;}i:297;a:16:{s:4:\"tmpl\";i:1162;s:2:\"id\";i:17284;s:5:\"title\";s:38:\"Dietitian &#8211; Health &amp; Fitness\";s:9:\"thumbnail\";s:70:\"https://library.elementor.com/wp-content/uploads/2021/01/Dietitian.png\";s:12:\"tmpl_created\";i:1610903484;s:6:\"author\";s:9:\"Elementor\";s:3:\"url\";s:117:\"https://library.elementor.com/lp/dietitian-health-fitness/?utm_source=library&utm_medium=wp-dash&utm_campaign=preview\";s:4:\"type\";s:2:\"lp\";s:7:\"subtype\";s:18:\"Health and Fitness\";s:4:\"tags\";s:39:\"[\"Fitness\",\"Health\",\"landscape design\"]\";s:10:\"menu_order\";i:36;s:16:\"popularity_index\";i:814;s:11:\"trend_index\";i:800;s:17:\"has_page_settings\";s:1:\"1\";s:6:\"is_pro\";s:1:\"1\";s:12:\"access_level\";i:1;}i:298;a:16:{s:4:\"tmpl\";i:1439;s:2:\"id\";i:24553;s:5:\"title\";s:27:\"Wireframe &#8211; Contact 3\";s:9:\"thumbnail\";s:84:\"https://library.elementor.com/wp-content/uploads/2022/05/Wireframe-—-Contact-3.jpg\";s:12:\"tmpl_created\";i:1653989057;s:6:\"author\";s:9:\"Elementor\";s:3:\"url\";s:118:\"https://library.elementor.com/wireframe-contact-3/?utm_source=template-library&utm_medium=wp-dash&utm_campaign=preview\";s:4:\"type\";s:4:\"page\";s:7:\"subtype\";s:4:\"page\";s:4:\"tags\";s:67:\"[\"Business\",\"Contact\",\"Footer\",\"Form\",\"Professional\",\"Testimonial\"]\";s:10:\"menu_order\";i:36;s:16:\"popularity_index\";i:-1;s:11:\"trend_index\";i:-1;s:17:\"has_page_settings\";s:1:\"1\";s:6:\"is_pro\";s:1:\"1\";s:12:\"access_level\";i:1;}i:299;a:16:{s:4:\"tmpl\";i:689;s:2:\"id\";i:8985;s:5:\"title\";s:9:\"archive 6\";s:9:\"thumbnail\";s:74:\"https://library.elementor.com/wp-content/uploads/2018/06/Archive_350.6.jpg\";s:12:\"tmpl_created\";i:1528700612;s:6:\"author\";s:9:\"Elementor\";s:3:\"url\";s:106:\"https://library.elementor.com/blocks/archive-6/?utm_source=library&utm_medium=wp-dash&utm_campaign=preview\";s:4:\"type\";s:5:\"block\";s:7:\"subtype\";s:7:\"archive\";s:4:\"tags\";s:2:\"[]\";s:10:\"menu_order\";i:36;s:16:\"popularity_index\";i:204;s:11:\"trend_index\";i:95;s:17:\"has_page_settings\";s:1:\"0\";s:6:\"is_pro\";s:1:\"1\";s:12:\"access_level\";i:1;}i:300;a:16:{s:4:\"tmpl\";i:1144;s:2:\"id\";i:16897;s:5:\"title\";s:30:\"Personal Chef &#8211; Business\";s:9:\"thumbnail\";s:74:\"https://library.elementor.com/wp-content/uploads/2021/01/Personal-Chef.png\";s:12:\"tmpl_created\";i:1610466247;s:6:\"author\";s:9:\"Elementor\";s:3:\"url\";s:115:\"https://library.elementor.com/lp/personal-chef-business/?utm_source=library&utm_medium=wp-dash&utm_campaign=preview\";s:4:\"type\";s:2:\"lp\";s:7:\"subtype\";s:8:\"Business\";s:4:\"tags\";s:53:\"[\"Business\",\"Chef\",\"Food\",\"Landing Pages\",\"Services\"]\";s:10:\"menu_order\";i:37;s:16:\"popularity_index\";i:795;s:11:\"trend_index\";i:617;s:17:\"has_page_settings\";s:1:\"1\";s:6:\"is_pro\";s:1:\"1\";s:12:\"access_level\";i:1;}i:301;a:16:{s:4:\"tmpl\";i:1435;s:2:\"id\";i:24504;s:5:\"title\";s:28:\"Wireframe &#8211; Services 2\";s:9:\"thumbnail\";s:85:\"https://library.elementor.com/wp-content/uploads/2022/05/Wireframe-—-Services-2.jpg\";s:12:\"tmpl_created\";i:1653988910;s:6:\"author\";s:9:\"Elementor\";s:3:\"url\";s:119:\"https://library.elementor.com/wireframe-services-2/?utm_source=template-library&utm_medium=wp-dash&utm_campaign=preview\";s:4:\"type\";s:4:\"page\";s:7:\"subtype\";s:4:\"page\";s:4:\"tags\";s:80:\"[\"Business\",\"Contact\",\"Footer\",\"Header\",\"Professional\",\"Services\",\"Testimonial\"]\";s:10:\"menu_order\";i:37;s:16:\"popularity_index\";i:-1;s:11:\"trend_index\";i:-1;s:17:\"has_page_settings\";s:1:\"1\";s:6:\"is_pro\";s:1:\"1\";s:12:\"access_level\";i:1;}i:302;a:16:{s:4:\"tmpl\";i:690;s:2:\"id\";i:8989;s:5:\"title\";s:9:\"archive 7\";s:9:\"thumbnail\";s:74:\"https://library.elementor.com/wp-content/uploads/2018/06/Archive_350.7.jpg\";s:12:\"tmpl_created\";i:1528701063;s:6:\"author\";s:9:\"Elementor\";s:3:\"url\";s:106:\"https://library.elementor.com/blocks/archive-7/?utm_source=library&utm_medium=wp-dash&utm_campaign=preview\";s:4:\"type\";s:5:\"block\";s:7:\"subtype\";s:7:\"archive\";s:4:\"tags\";s:2:\"[]\";s:10:\"menu_order\";i:37;s:16:\"popularity_index\";i:208;s:11:\"trend_index\";i:111;s:17:\"has_page_settings\";s:1:\"0\";s:6:\"is_pro\";s:1:\"1\";s:12:\"access_level\";i:1;}i:303;a:16:{s:4:\"tmpl\";i:1147;s:2:\"id\";i:16946;s:5:\"title\";s:52:\"Online Full-Stack Developer Course &#8211; Education\";s:9:\"thumbnail\";s:95:\"https://library.elementor.com/wp-content/uploads/2021/01/Online-Full-Stack-Developer-Course.png\";s:12:\"tmpl_created\";i:1610532778;s:6:\"author\";s:9:\"Elementor\";s:3:\"url\";s:137:\"https://library.elementor.com/lp/online-full-stack-developer-course-education/?utm_source=library&utm_medium=wp-dash&utm_campaign=preview\";s:4:\"type\";s:2:\"lp\";s:7:\"subtype\";s:9:\"Education\";s:4:\"tags\";s:76:\"[\"Academy\",\"Coding\",\"Course Online\",\"Developer\",\"Education\",\"Landing Pages\"]\";s:10:\"menu_order\";i:38;s:16:\"popularity_index\";i:805;s:11:\"trend_index\";i:0;s:17:\"has_page_settings\";s:1:\"1\";s:6:\"is_pro\";s:1:\"1\";s:12:\"access_level\";i:1;}i:304;a:16:{s:4:\"tmpl\";i:1437;s:2:\"id\";i:24528;s:5:\"title\";s:27:\"Wireframe &#8211; Contact 1\";s:9:\"thumbnail\";s:84:\"https://library.elementor.com/wp-content/uploads/2022/05/Wireframe-—-Contact-1.jpg\";s:12:\"tmpl_created\";i:1653988981;s:6:\"author\";s:9:\"Elementor\";s:3:\"url\";s:118:\"https://library.elementor.com/wireframe-contact-1/?utm_source=template-library&utm_medium=wp-dash&utm_campaign=preview\";s:4:\"type\";s:4:\"page\";s:7:\"subtype\";s:4:\"page\";s:4:\"tags\";s:76:\"[\"Business\",\"Contact\",\"Footer\",\"Form\",\"Google Maps\",\"Header\",\"Professional\"]\";s:10:\"menu_order\";i:38;s:16:\"popularity_index\";i:-1;s:11:\"trend_index\";i:-1;s:17:\"has_page_settings\";s:1:\"1\";s:6:\"is_pro\";s:1:\"1\";s:12:\"access_level\";i:1;}i:305;a:16:{s:4:\"tmpl\";i:691;s:2:\"id\";i:8996;s:5:\"title\";s:9:\"archive 8\";s:9:\"thumbnail\";s:74:\"https://library.elementor.com/wp-content/uploads/2018/06/Archive_350.8.jpg\";s:12:\"tmpl_created\";i:1528701290;s:6:\"author\";s:9:\"Elementor\";s:3:\"url\";s:106:\"https://library.elementor.com/blocks/archive-8/?utm_source=library&utm_medium=wp-dash&utm_campaign=preview\";s:4:\"type\";s:5:\"block\";s:7:\"subtype\";s:7:\"archive\";s:4:\"tags\";s:2:\"[]\";s:10:\"menu_order\";i:38;s:16:\"popularity_index\";i:227;s:11:\"trend_index\";i:153;s:17:\"has_page_settings\";s:1:\"0\";s:6:\"is_pro\";s:1:\"1\";s:12:\"access_level\";i:1;}i:306;a:16:{s:4:\"tmpl\";i:1143;s:2:\"id\";i:16868;s:5:\"title\";s:40:\"Virtual Assistant &#8211; Online Service\";s:9:\"thumbnail\";s:88:\"https://library.elementor.com/wp-content/uploads/2021/01/Virtual-Assistant-250x280-1.png\";s:12:\"tmpl_created\";i:1610465656;s:6:\"author\";s:9:\"Elementor\";s:3:\"url\";s:125:\"https://library.elementor.com/lp/virtual-assistant-online-service/?utm_source=library&utm_medium=wp-dash&utm_campaign=preview\";s:4:\"type\";s:2:\"lp\";s:7:\"subtype\";s:14:\"Online Service\";s:4:\"tags\";s:46:\"[\"Assistant\",\"Landing Pages\",\"Online Service\"]\";s:10:\"menu_order\";i:39;s:16:\"popularity_index\";i:793;s:11:\"trend_index\";i:757;s:17:\"has_page_settings\";s:1:\"1\";s:6:\"is_pro\";s:1:\"1\";s:12:\"access_level\";i:1;}i:307;a:16:{s:4:\"tmpl\";i:692;s:2:\"id\";i:9001;s:5:\"title\";s:9:\"archive 9\";s:9:\"thumbnail\";s:74:\"https://library.elementor.com/wp-content/uploads/2018/06/Archive_350.9.jpg\";s:12:\"tmpl_created\";i:1528701433;s:6:\"author\";s:9:\"Elementor\";s:3:\"url\";s:106:\"https://library.elementor.com/blocks/archive-9/?utm_source=library&utm_medium=wp-dash&utm_campaign=preview\";s:4:\"type\";s:5:\"block\";s:7:\"subtype\";s:7:\"archive\";s:4:\"tags\";s:2:\"[]\";s:10:\"menu_order\";i:39;s:16:\"popularity_index\";i:265;s:11:\"trend_index\";i:208;s:17:\"has_page_settings\";s:1:\"0\";s:6:\"is_pro\";s:1:\"1\";s:12:\"access_level\";i:1;}i:308;a:16:{s:4:\"tmpl\";i:1228;s:2:\"id\";i:21104;s:5:\"title\";s:26:\"Restaurant &#8211; Contact\";s:9:\"thumbnail\";s:82:\"https://library.elementor.com/wp-content/uploads/2021/12/11-Contact-Restaurant.jpg\";s:12:\"tmpl_created\";i:1638800146;s:6:\"author\";s:9:\"Elementor\";s:3:\"url\";s:108:\"https://library.elementor.com/restaurant-contact/?utm_source=library&utm_medium=wp-dash&utm_campaign=preview\";s:4:\"type\";s:4:\"page\";s:7:\"subtype\";s:4:\"page\";s:4:\"tags\";s:46:\"[\"Contact\",\"Food\",\"form\",\"Google Maps\",\"Info\"]\";s:10:\"menu_order\";i:39;s:16:\"popularity_index\";i:-1;s:11:\"trend_index\";i:-1;s:17:\"has_page_settings\";s:1:\"1\";s:6:\"is_pro\";s:1:\"1\";s:12:\"access_level\";i:1;}i:309;a:16:{s:4:\"tmpl\";i:1140;s:2:\"id\";i:16812;s:5:\"title\";s:40:\"Construction Project &#8211; Real Estate\";s:9:\"thumbnail\";s:81:\"https://library.elementor.com/wp-content/uploads/2021/01/Construction-Project.png\";s:12:\"tmpl_created\";i:1610463582;s:6:\"author\";s:9:\"Elementor\";s:3:\"url\";s:125:\"https://library.elementor.com/lp/construction-project-real-estate/?utm_source=library&utm_medium=wp-dash&utm_campaign=preview\";s:4:\"type\";s:2:\"lp\";s:7:\"subtype\";s:11:\"Real Estate\";s:4:\"tags\";s:59:\"[\"Construction\",\"Landing Pages\",\"Real estate\",\"Realestate\"]\";s:10:\"menu_order\";i:40;s:16:\"popularity_index\";i:796;s:11:\"trend_index\";i:724;s:17:\"has_page_settings\";s:1:\"1\";s:6:\"is_pro\";s:1:\"1\";s:12:\"access_level\";i:1;}i:310;a:16:{s:4:\"tmpl\";i:1244;s:2:\"id\";i:21393;s:5:\"title\";s:34:\"Interior Designer &#8211; Projects\";s:9:\"thumbnail\";s:99:\"https://library.elementor.com/wp-content/uploads/2021/12/big-22-Projects-Interior-Designer-New.jpeg\";s:12:\"tmpl_created\";i:1638823945;s:6:\"author\";s:9:\"Elementor\";s:3:\"url\";s:116:\"https://library.elementor.com/interior-designer-projects/?utm_source=library&utm_medium=wp-dash&utm_campaign=preview\";s:4:\"type\";s:4:\"page\";s:7:\"subtype\";s:4:\"page\";s:4:\"tags\";s:93:\"[\"Creative\",\"Creative Portfolio\",\"Design\",\"Designer\",\"Interior Design\",\"Portfolio\",\"Project\"]\";s:10:\"menu_order\";i:40;s:16:\"popularity_index\";i:-1;s:11:\"trend_index\";i:-1;s:17:\"has_page_settings\";s:1:\"1\";s:6:\"is_pro\";s:1:\"1\";s:12:\"access_level\";i:1;}i:311;a:16:{s:4:\"tmpl\";i:997;s:2:\"id\";i:13528;s:5:\"title\";s:22:\"Barbershop &#8211; 404\";s:9:\"thumbnail\";s:69:\"https://library.elementor.com/wp-content/uploads/2020/05/404-Page.jpg\";s:12:\"tmpl_created\";i:1589893152;s:6:\"author\";s:9:\"Elementor\";s:3:\"url\";s:111:\"https://library.elementor.com/blocks/barbershop-404/?utm_source=library&utm_medium=wp-dash&utm_campaign=preview\";s:4:\"type\";s:5:\"block\";s:7:\"subtype\";s:8:\"404 page\";s:4:\"tags\";s:34:\"[\"404\",\"Barber Shop\",\"Barbershop\"]\";s:10:\"menu_order\";i:40;s:16:\"popularity_index\";i:768;s:11:\"trend_index\";i:681;s:17:\"has_page_settings\";s:1:\"1\";s:6:\"is_pro\";s:1:\"1\";s:12:\"access_level\";i:1;}i:312;a:16:{s:4:\"tmpl\";i:1148;s:2:\"id\";i:16960;s:5:\"title\";s:44:\"Dog &amp; Cat Food Delivery &#8211; Business\";s:9:\"thumbnail\";s:69:\"https://library.elementor.com/wp-content/uploads/2021/01/Dog-Food.png\";s:12:\"tmpl_created\";i:1610533581;s:6:\"author\";s:9:\"Elementor\";s:3:\"url\";s:123:\"https://library.elementor.com/lp/dog-cat-food-delivery-business/?utm_source=library&utm_medium=wp-dash&utm_campaign=preview\";s:4:\"type\";s:2:\"lp\";s:7:\"subtype\";s:8:\"Business\";s:4:\"tags\";s:71:\"[\"Business\",\"Cat\",\"Delivery\",\"Dog\",\"Food\",\"Landing Pages\",\"Pet\",\"Pets\"]\";s:10:\"menu_order\";i:41;s:16:\"popularity_index\";i:782;s:11:\"trend_index\";i:510;s:17:\"has_page_settings\";s:1:\"1\";s:6:\"is_pro\";s:1:\"0\";s:12:\"access_level\";i:0;}i:313;a:16:{s:4:\"tmpl\";i:1251;s:2:\"id\";i:22143;s:5:\"title\";s:33:\"Fashion Store &#8211; Coming Soon\";s:9:\"thumbnail\";s:86:\"https://library.elementor.com/wp-content/uploads/2021/05/Library-Pic-Fashion-Store.png\";s:12:\"tmpl_created\";i:1647177389;s:6:\"author\";s:9:\"Elementor\";s:3:\"url\";s:115:\"https://library.elementor.com/fashion-store-coming-soon/?utm_source=library&utm_medium=wp-dash&utm_campaign=preview\";s:4:\"type\";s:4:\"page\";s:7:\"subtype\";s:4:\"page\";s:4:\"tags\";s:56:\"[\"Coming Soon\",\"Fashion\",\"Landing Pages\",\"Shop\",\"store\"]\";s:10:\"menu_order\";i:41;s:16:\"popularity_index\";i:-1;s:11:\"trend_index\";i:-1;s:17:\"has_page_settings\";s:1:\"1\";s:6:\"is_pro\";s:1:\"1\";s:12:\"access_level\";i:1;}i:314;a:16:{s:4:\"tmpl\";i:998;s:2:\"id\";i:13518;s:5:\"title\";s:26:\"Barbershop &#8211; Archive\";s:9:\"thumbnail\";s:70:\"https://library.elementor.com/wp-content/uploads/2020/05/Blog-Page.jpg\";s:12:\"tmpl_created\";i:1589893157;s:6:\"author\";s:9:\"Elementor\";s:3:\"url\";s:115:\"https://library.elementor.com/blocks/barbershop-archive/?utm_source=library&utm_medium=wp-dash&utm_campaign=preview\";s:4:\"type\";s:5:\"block\";s:7:\"subtype\";s:7:\"archive\";s:4:\"tags\";s:28:\"[\"Barber Shop\",\"Barbershop\"]\";s:10:\"menu_order\";i:41;s:16:\"popularity_index\";i:737;s:11:\"trend_index\";i:523;s:17:\"has_page_settings\";s:1:\"1\";s:6:\"is_pro\";s:1:\"1\";s:12:\"access_level\";i:1;}i:315;a:16:{s:4:\"tmpl\";i:1155;s:2:\"id\";i:17095;s:5:\"title\";s:36:\"Mobile Pet Grooming &#8211; Business\";s:9:\"thumbnail\";s:80:\"https://library.elementor.com/wp-content/uploads/2021/01/Mobile-Pet-Grooming.png\";s:12:\"tmpl_created\";i:1610632115;s:6:\"author\";s:9:\"Elementor\";s:3:\"url\";s:121:\"https://library.elementor.com/lp/mobile-pet-grooming-business/?utm_source=library&utm_medium=wp-dash&utm_campaign=preview\";s:4:\"type\";s:2:\"lp\";s:7:\"subtype\";s:8:\"Business\";s:4:\"tags\";s:38:\"[\"Dog\",\"Groom\",\"Landing Pages\",\"Pets\"]\";s:10:\"menu_order\";i:42;s:16:\"popularity_index\";i:786;s:11:\"trend_index\";i:731;s:17:\"has_page_settings\";s:1:\"1\";s:6:\"is_pro\";s:1:\"0\";s:12:\"access_level\";i:0;}i:316;a:16:{s:4:\"tmpl\";i:1241;s:2:\"id\";i:21451;s:5:\"title\";s:26:\"Exhibition &#8211; Gallery\";s:9:\"thumbnail\";s:82:\"https://library.elementor.com/wp-content/uploads/2021/12/21-Gallery-Exhibition.jpg\";s:12:\"tmpl_created\";i:1638821855;s:6:\"author\";s:9:\"Elementor\";s:3:\"url\";s:108:\"https://library.elementor.com/exhibition-gallery/?utm_source=library&utm_medium=wp-dash&utm_campaign=preview\";s:4:\"type\";s:4:\"page\";s:7:\"subtype\";s:4:\"page\";s:4:\"tags\";s:74:\"[\"Art\",\"Creative\",\"creative portfolio\",\"Exhibition\",\"Gallery\",\"portfolio\"]\";s:10:\"menu_order\";i:42;s:16:\"popularity_index\";i:-1;s:11:\"trend_index\";i:-1;s:17:\"has_page_settings\";s:1:\"1\";s:6:\"is_pro\";s:1:\"1\";s:12:\"access_level\";i:1;}i:317;a:16:{s:4:\"tmpl\";i:996;s:2:\"id\";i:13604;s:5:\"title\";s:25:\"Barbershop &#8211; Footer\";s:9:\"thumbnail\";s:73:\"https://library.elementor.com/wp-content/uploads/2020/05/Footer-Small.jpg\";s:12:\"tmpl_created\";i:1589893147;s:6:\"author\";s:9:\"Elementor\";s:3:\"url\";s:114:\"https://library.elementor.com/blocks/barbershop-footer/?utm_source=library&utm_medium=wp-dash&utm_campaign=preview\";s:4:\"type\";s:5:\"block\";s:7:\"subtype\";s:6:\"footer\";s:4:\"tags\";s:37:\"[\"Barber Shop\",\"Barbershop\",\"Footer\"]\";s:10:\"menu_order\";i:42;s:16:\"popularity_index\";i:555;s:11:\"trend_index\";i:267;s:17:\"has_page_settings\";s:1:\"1\";s:6:\"is_pro\";s:1:\"1\";s:12:\"access_level\";i:1;}i:318;a:16:{s:4:\"tmpl\";i:1159;s:2:\"id\";i:17245;s:5:\"title\";s:34:\"Marketing Course &#8211; Education\";s:9:\"thumbnail\";s:64:\"https://library.elementor.com/wp-content/uploads/2021/01/PPC.png\";s:12:\"tmpl_created\";i:1610902958;s:6:\"author\";s:9:\"Elementor\";s:3:\"url\";s:119:\"https://library.elementor.com/lp/marketing-course-education/?utm_source=library&utm_medium=wp-dash&utm_campaign=preview\";s:4:\"type\";s:2:\"lp\";s:7:\"subtype\";s:9:\"Education\";s:4:\"tags\";s:45:\"[\"Course Online\",\"Landing Pages\",\"Marketing\"]\";s:10:\"menu_order\";i:43;s:16:\"popularity_index\";i:770;s:11:\"trend_index\";i:430;s:17:\"has_page_settings\";s:1:\"1\";s:6:\"is_pro\";s:1:\"0\";s:12:\"access_level\";i:0;}i:319;a:16:{s:4:\"tmpl\";i:1240;s:2:\"id\";i:21430;s:5:\"title\";s:30:\"Travel Blogger &#8211; Gallery\";s:9:\"thumbnail\";s:86:\"https://library.elementor.com/wp-content/uploads/2021/12/19-Gallery-Travel-Blogger.jpg\";s:12:\"tmpl_created\";i:1638821592;s:6:\"author\";s:9:\"Elementor\";s:3:\"url\";s:112:\"https://library.elementor.com/travel-blogger-gallery/?utm_source=library&utm_medium=wp-dash&utm_campaign=preview\";s:4:\"type\";s:4:\"page\";s:7:\"subtype\";s:4:\"page\";s:4:\"tags\";s:43:\"[\"Gallery\",\"Photography\",\"Slider\",\"Travel\"]\";s:10:\"menu_order\";i:43;s:16:\"popularity_index\";i:-1;s:11:\"trend_index\";i:-1;s:17:\"has_page_settings\";s:1:\"1\";s:6:\"is_pro\";s:1:\"1\";s:12:\"access_level\";i:1;}i:320;a:16:{s:4:\"tmpl\";i:995;s:2:\"id\";i:13612;s:5:\"title\";s:25:\"Barbershop &#8211; Header\";s:9:\"thumbnail\";s:79:\"https://library.elementor.com/wp-content/uploads/2020/06/barber-shop-header.jpg\";s:12:\"tmpl_created\";i:1589893142;s:6:\"author\";s:9:\"Elementor\";s:3:\"url\";s:114:\"https://library.elementor.com/blocks/barbershop-header/?utm_source=library&utm_medium=wp-dash&utm_campaign=preview\";s:4:\"type\";s:5:\"block\";s:7:\"subtype\";s:6:\"header\";s:4:\"tags\";s:37:\"[\"Barber Shop\",\"Barbershop\",\"Header\"]\";s:10:\"menu_order\";i:43;s:16:\"popularity_index\";i:343;s:11:\"trend_index\";i:137;s:17:\"has_page_settings\";s:1:\"1\";s:6:\"is_pro\";s:1:\"1\";s:12:\"access_level\";i:1;}i:321;a:16:{s:4:\"tmpl\";i:1149;s:2:\"id\";i:16983;s:5:\"title\";s:41:\"Pilates Instructor &#8211; Online Service\";s:9:\"thumbnail\";s:79:\"https://library.elementor.com/wp-content/uploads/2021/01/Pilates-Instructor.png\";s:12:\"tmpl_created\";i:1610534138;s:6:\"author\";s:9:\"Elementor\";s:3:\"url\";s:126:\"https://library.elementor.com/lp/pilates-instructor-online-service/?utm_source=library&utm_medium=wp-dash&utm_campaign=preview\";s:4:\"type\";s:2:\"lp\";s:7:\"subtype\";s:14:\"Online Service\";s:4:\"tags\";s:70:\"[\"Free Trial\",\"Instructor\",\"Landing Pages\",\"Online Service\",\"Pilates\"]\";s:10:\"menu_order\";i:44;s:16:\"popularity_index\";i:778;s:11:\"trend_index\";i:412;s:17:\"has_page_settings\";s:1:\"1\";s:6:\"is_pro\";s:1:\"0\";s:12:\"access_level\";i:0;}i:322;a:16:{s:4:\"tmpl\";i:1416;s:2:\"id\";i:24104;s:5:\"title\";s:33:\"Ceramics Shop &#8211; Coming Soon\";s:9:\"thumbnail\";s:86:\"https://library.elementor.com/wp-content/uploads/2022/04/Coming-Soon-Ceramics-Shop.jpg\";s:12:\"tmpl_created\";i:1650988949;s:6:\"author\";s:9:\"Elementor\";s:3:\"url\";s:115:\"https://library.elementor.com/ceramics-shop-coming-soon/?utm_source=library&utm_medium=wp-dash&utm_campaign=preview\";s:4:\"type\";s:4:\"page\";s:7:\"subtype\";s:4:\"page\";s:4:\"tags\";s:115:\"[\"Art\",\"Business\",\"Coming Soon\",\"Creative\",\"Decor\",\"Design\",\"Furniture Design\",\"Interior Design\",\"Products\",\"Shop\"]\";s:10:\"menu_order\";i:44;s:16:\"popularity_index\";i:-1;s:11:\"trend_index\";i:-1;s:17:\"has_page_settings\";s:1:\"1\";s:6:\"is_pro\";s:1:\"1\";s:12:\"access_level\";i:1;}i:323;a:16:{s:4:\"tmpl\";i:994;s:2:\"id\";i:13621;s:5:\"title\";s:30:\"Barbershop &#8211; Single Post\";s:9:\"thumbnail\";s:72:\"https://library.elementor.com/wp-content/uploads/2020/05/Single-Page.jpg\";s:12:\"tmpl_created\";i:1589893137;s:6:\"author\";s:9:\"Elementor\";s:3:\"url\";s:119:\"https://library.elementor.com/blocks/barbershop-single-post/?utm_source=library&utm_medium=wp-dash&utm_campaign=preview\";s:4:\"type\";s:5:\"block\";s:7:\"subtype\";s:11:\"single post\";s:4:\"tags\";s:28:\"[\"Barber Shop\",\"Barbershop\"]\";s:10:\"menu_order\";i:44;s:16:\"popularity_index\";i:736;s:11:\"trend_index\";i:580;s:17:\"has_page_settings\";s:1:\"1\";s:6:\"is_pro\";s:1:\"1\";s:12:\"access_level\";i:1;}i:324;a:16:{s:4:\"tmpl\";i:1131;s:2:\"id\";i:16527;s:5:\"title\";s:24:\"Beauty Salon &#8211; 404\";s:9:\"thumbnail\";s:64:\"https://library.elementor.com/wp-content/uploads/2020/12/404.jpg\";s:12:\"tmpl_created\";i:1608622517;s:6:\"author\";s:9:\"Elementor\";s:3:\"url\";s:113:\"https://library.elementor.com/blocks/beauty-salon-404/?utm_source=library&utm_medium=wp-dash&utm_campaign=preview\";s:4:\"type\";s:5:\"block\";s:7:\"subtype\";s:8:\"404 page\";s:4:\"tags\";s:29:\"[\"404\",\"Beauty salon\",\"Hair\"]\";s:10:\"menu_order\";i:45;s:16:\"popularity_index\";i:742;s:11:\"trend_index\";i:563;s:17:\"has_page_settings\";s:1:\"1\";s:6:\"is_pro\";s:1:\"1\";s:12:\"access_level\";i:1;}i:325;a:16:{s:4:\"tmpl\";i:1412;s:2:\"id\";i:24033;s:5:\"title\";s:37:\"Dance Studio &#8211; Maintenance Mode\";s:9:\"thumbnail\";s:90:\"https://library.elementor.com/wp-content/uploads/2022/04/Maintenance-Mode-Dance-Studio.jpg\";s:12:\"tmpl_created\";i:1649881344;s:6:\"author\";s:9:\"Elementor\";s:3:\"url\";s:119:\"https://library.elementor.com/dance-studio-maintenance-mode/?utm_source=library&utm_medium=wp-dash&utm_campaign=preview\";s:4:\"type\";s:4:\"page\";s:7:\"subtype\";s:4:\"page\";s:4:\"tags\";s:113:\"[\"Academy\",\"Business\",\"Dance Studio\",\"Form\",\"Pilates\",\"School\",\"Sport\",\"Teacher\",\"Training\",\"Under Construction\"]\";s:10:\"menu_order\";i:45;s:16:\"popularity_index\";i:-1;s:11:\"trend_index\";i:-1;s:17:\"has_page_settings\";s:1:\"1\";s:6:\"is_pro\";s:1:\"1\";s:12:\"access_level\";i:1;}i:326;a:16:{s:4:\"tmpl\";i:1190;s:2:\"id\";i:18568;s:5:\"title\";s:32:\"Flower Delivery &#8211; Business\";s:9:\"thumbnail\";s:76:\"https://library.elementor.com/wp-content/uploads/2021/04/Flower-Delivery.png\";s:12:\"tmpl_created\";i:1617546716;s:6:\"author\";s:9:\"Elementor\";s:3:\"url\";s:117:\"https://library.elementor.com/lp/flower-delivery-business/?utm_source=library&utm_medium=wp-dash&utm_campaign=preview\";s:4:\"type\";s:2:\"lp\";s:7:\"subtype\";s:8:\"Business\";s:4:\"tags\";s:37:\"[\"Delivery\",\"Flower\",\"Landing Pages\"]\";s:10:\"menu_order\";i:45;s:16:\"popularity_index\";i:874;s:11:\"trend_index\";i:763;s:17:\"has_page_settings\";s:1:\"1\";s:6:\"is_pro\";s:1:\"1\";s:12:\"access_level\";i:1;}i:327;a:16:{s:4:\"tmpl\";i:1130;s:2:\"id\";i:16535;s:5:\"title\";s:27:\"Beauty Salon &#8211; Footer\";s:9:\"thumbnail\";s:67:\"https://library.elementor.com/wp-content/uploads/2020/12/Footer.jpg\";s:12:\"tmpl_created\";i:1608622498;s:6:\"author\";s:9:\"Elementor\";s:3:\"url\";s:116:\"https://library.elementor.com/blocks/beauty-salon-footer/?utm_source=library&utm_medium=wp-dash&utm_campaign=preview\";s:4:\"type\";s:5:\"block\";s:7:\"subtype\";s:6:\"footer\";s:4:\"tags\";s:32:\"[\"Beauty salon\",\"Footer\",\"Hair\"]\";s:10:\"menu_order\";i:46;s:16:\"popularity_index\";i:524;s:11:\"trend_index\";i:126;s:17:\"has_page_settings\";s:1:\"0\";s:6:\"is_pro\";s:1:\"1\";s:12:\"access_level\";i:1;}i:328;a:16:{s:4:\"tmpl\";i:1145;s:2:\"id\";i:16917;s:5:\"title\";s:22:\"Webinar &#8211; Events\";s:9:\"thumbnail\";s:80:\"https://library.elementor.com/wp-content/uploads/2021/01/Webinar-Library-Pic.jpg\";s:12:\"tmpl_created\";i:1610466822;s:6:\"author\";s:9:\"Elementor\";s:3:\"url\";s:107:\"https://library.elementor.com/lp/webinar-events/?utm_source=library&utm_medium=wp-dash&utm_campaign=preview\";s:4:\"type\";s:2:\"lp\";s:7:\"subtype\";s:6:\"Events\";s:4:\"tags\";s:36:\"[\"Events\",\"Landing Pages\",\"Webinar\"]\";s:10:\"menu_order\";i:46;s:16:\"popularity_index\";i:821;s:11:\"trend_index\";i:0;s:17:\"has_page_settings\";s:1:\"1\";s:6:\"is_pro\";s:1:\"1\";s:12:\"access_level\";i:1;}i:329;a:16:{s:4:\"tmpl\";i:1413;s:2:\"id\";i:24049;s:5:\"title\";s:33:\"ECO Shop &#8211; Maintenance Mode\";s:9:\"thumbnail\";s:86:\"https://library.elementor.com/wp-content/uploads/2022/04/Maintenance-Mode-ECO-Shop.jpg\";s:12:\"tmpl_created\";i:1649882053;s:6:\"author\";s:9:\"Elementor\";s:3:\"url\";s:115:\"https://library.elementor.com/eco-shop-maintenance-mode/?utm_source=library&utm_medium=wp-dash&utm_campaign=preview\";s:4:\"type\";s:4:\"page\";s:7:\"subtype\";s:4:\"page\";s:4:\"tags\";s:110:\"[\"Aesthetic\",\"Business\",\"Creative\",\"Decor\",\"Health\",\"Help\",\"Lifestyle\",\"Products\",\"Shop\",\"Under Construction\"]\";s:10:\"menu_order\";i:46;s:16:\"popularity_index\";i:-1;s:11:\"trend_index\";i:-1;s:17:\"has_page_settings\";s:1:\"1\";s:6:\"is_pro\";s:1:\"1\";s:12:\"access_level\";i:1;}i:330;a:16:{s:4:\"tmpl\";i:1129;s:2:\"id\";i:16545;s:5:\"title\";s:27:\"Beauty Salon &#8211; Header\";s:9:\"thumbnail\";s:67:\"https://library.elementor.com/wp-content/uploads/2020/12/Header.jpg\";s:12:\"tmpl_created\";i:1608622495;s:6:\"author\";s:9:\"Elementor\";s:3:\"url\";s:116:\"https://library.elementor.com/blocks/beauty-salon-header/?utm_source=library&utm_medium=wp-dash&utm_campaign=preview\";s:4:\"type\";s:5:\"block\";s:7:\"subtype\";s:6:\"header\";s:4:\"tags\";s:32:\"[\"Beauty salon\",\"Hair\",\"Header\"]\";s:10:\"menu_order\";i:47;s:16:\"popularity_index\";i:356;s:11:\"trend_index\";i:49;s:17:\"has_page_settings\";s:1:\"0\";s:6:\"is_pro\";s:1:\"1\";s:12:\"access_level\";i:1;}i:331;a:16:{s:4:\"tmpl\";i:1154;s:2:\"id\";i:17079;s:5:\"title\";s:42:\"Calls Volunteer &#8211; Social Involvement\";s:9:\"thumbnail\";s:76:\"https://library.elementor.com/wp-content/uploads/2021/01/Calls-Volunteer.png\";s:12:\"tmpl_created\";i:1610631774;s:6:\"author\";s:9:\"Elementor\";s:3:\"url\";s:127:\"https://library.elementor.com/lp/calls-volunteer-social-involvement/?utm_source=library&utm_medium=wp-dash&utm_campaign=preview\";s:4:\"type\";s:2:\"lp\";s:7:\"subtype\";s:18:\"Social Involvement\";s:4:\"tags\";s:68:\"[\"Care\",\"Covid-19\",\"Help\",\"Involvement\",\"Landing Pages\",\"Volunteer\"]\";s:10:\"menu_order\";i:47;s:16:\"popularity_index\";i:854;s:11:\"trend_index\";i:0;s:17:\"has_page_settings\";s:1:\"1\";s:6:\"is_pro\";s:1:\"1\";s:12:\"access_level\";i:1;}i:332;a:16:{s:4:\"tmpl\";i:1419;s:2:\"id\";i:24136;s:5:\"title\";s:29:\"Food Blog &#8211; Coming Soon\";s:9:\"thumbnail\";s:82:\"https://library.elementor.com/wp-content/uploads/2022/04/Coming-Soon-Food-Blog.jpg\";s:12:\"tmpl_created\";i:1650990034;s:6:\"author\";s:9:\"Elementor\";s:3:\"url\";s:111:\"https://library.elementor.com/food-blog-coming-soon/?utm_source=library&utm_medium=wp-dash&utm_campaign=preview\";s:4:\"type\";s:4:\"page\";s:7:\"subtype\";s:4:\"page\";s:4:\"tags\";s:62:\"[\"Blog\",\"Business\",\"Coming Soon\",\"Cooking\",\"Education\",\"Food\"]\";s:10:\"menu_order\";i:47;s:16:\"popularity_index\";i:-1;s:11:\"trend_index\";i:-1;s:17:\"has_page_settings\";s:1:\"1\";s:6:\"is_pro\";s:1:\"1\";s:12:\"access_level\";i:1;}i:333;a:16:{s:4:\"tmpl\";i:1142;s:2:\"id\";i:16836;s:5:\"title\";s:33:\"Marketing Agency &#8211; Business\";s:9:\"thumbnail\";s:89:\"https://library.elementor.com/wp-content/uploads/2021/01/Marketing-Agency-Library-Pic.jpg\";s:12:\"tmpl_created\";i:1610464490;s:6:\"author\";s:9:\"Elementor\";s:3:\"url\";s:118:\"https://library.elementor.com/lp/marketing-agency-business/?utm_source=library&utm_medium=wp-dash&utm_campaign=preview\";s:4:\"type\";s:2:\"lp\";s:7:\"subtype\";s:8:\"Business\";s:4:\"tags\";s:74:\"[\"Agency\",\"Business\",\"Landing Pages\",\"Marketing\",\"Marketing Landing Page\"]\";s:10:\"menu_order\";i:48;s:16:\"popularity_index\";i:816;s:11:\"trend_index\";i:787;s:17:\"has_page_settings\";s:1:\"1\";s:6:\"is_pro\";s:1:\"1\";s:12:\"access_level\";i:1;}i:334;a:16:{s:4:\"tmpl\";i:641;s:2:\"id\";i:7686;s:5:\"title\";s:12:\"Blog Posts 1\";s:9:\"thumbnail\";s:71:\"https://library.elementor.com/wp-content/uploads/2018/03/blog_posts.png\";s:12:\"tmpl_created\";i:1521558047;s:6:\"author\";s:9:\"Elementor\";s:3:\"url\";s:109:\"https://library.elementor.com/blocks/blog-posts-1/?utm_source=library&utm_medium=wp-dash&utm_campaign=preview\";s:4:\"type\";s:5:\"block\";s:7:\"subtype\";s:4:\"page\";s:4:\"tags\";s:26:\"[\"Archive\",\"Blog\",\"posts\"]\";s:10:\"menu_order\";i:48;s:16:\"popularity_index\";i:131;s:11:\"trend_index\";i:152;s:17:\"has_page_settings\";s:1:\"0\";s:6:\"is_pro\";s:1:\"1\";s:12:\"access_level\";i:1;}i:335;a:16:{s:4:\"tmpl\";i:1411;s:2:\"id\";i:24020;s:5:\"title\";s:35:\"Mobile App &#8211; Maintenance Mode\";s:9:\"thumbnail\";s:88:\"https://library.elementor.com/wp-content/uploads/2022/04/Maintenance-Mode-Mobile-App.jpg\";s:12:\"tmpl_created\";i:1649880955;s:6:\"author\";s:9:\"Elementor\";s:3:\"url\";s:117:\"https://library.elementor.com/mobile-app-maintenance-mode/?utm_source=library&utm_medium=wp-dash&utm_campaign=preview\";s:4:\"type\";s:4:\"page\";s:7:\"subtype\";s:4:\"page\";s:4:\"tags\";s:77:\"[\"App\",\"Business\",\"Coding\",\"Computer\",\"Launch\",\"Mobile\",\"Under Construction\"]\";s:10:\"menu_order\";i:48;s:16:\"popularity_index\";i:-1;s:11:\"trend_index\";i:-1;s:17:\"has_page_settings\";s:1:\"1\";s:6:\"is_pro\";s:1:\"1\";s:12:\"access_level\";i:1;}i:336;a:16:{s:4:\"tmpl\";i:1139;s:2:\"id\";i:16785;s:5:\"title\";s:42:\"Gym Promotion &#8211; Health &amp; Fitness\";s:9:\"thumbnail\";s:67:\"https://library.elementor.com/wp-content/uploads/2021/01/Gym-LP.jpg\";s:12:\"tmpl_created\";i:1610455496;s:6:\"author\";s:9:\"Elementor\";s:3:\"url\";s:121:\"https://library.elementor.com/lp/gym-promotion-health-fitness/?utm_source=library&utm_medium=wp-dash&utm_campaign=preview\";s:4:\"type\";s:2:\"lp\";s:7:\"subtype\";s:18:\"Health and Fitness\";s:4:\"tags\";s:42:\"[\"Fitness\",\"Gym\",\"Health\",\"Landing Pages\"]\";s:10:\"menu_order\";i:49;s:16:\"popularity_index\";i:820;s:11:\"trend_index\";i:0;s:17:\"has_page_settings\";s:1:\"1\";s:6:\"is_pro\";s:1:\"1\";s:12:\"access_level\";i:1;}i:337;a:16:{s:4:\"tmpl\";i:1420;s:2:\"id\";i:24152;s:5:\"title\";s:32:\"Perfume Shop &#8211; Coming Soon\";s:9:\"thumbnail\";s:85:\"https://library.elementor.com/wp-content/uploads/2022/04/Coming-Soon-Perfume-Shop.jpg\";s:12:\"tmpl_created\";i:1650990353;s:6:\"author\";s:9:\"Elementor\";s:3:\"url\";s:114:\"https://library.elementor.com/perfume-shop-coming-soon/?utm_source=library&utm_medium=wp-dash&utm_campaign=preview\";s:4:\"type\";s:4:\"page\";s:7:\"subtype\";s:4:\"page\";s:4:\"tags\";s:68:\"[\"Business\",\"Coming Soon\",\"Cosmetics\",\"Lifestyle\",\"Products\",\"Shop\"]\";s:10:\"menu_order\";i:49;s:16:\"popularity_index\";i:-1;s:11:\"trend_index\";i:-1;s:17:\"has_page_settings\";s:1:\"1\";s:6:\"is_pro\";s:1:\"1\";s:12:\"access_level\";i:1;}i:338;a:16:{s:4:\"tmpl\";i:484;s:2:\"id\";i:5283;s:5:\"title\";s:9:\"Clients 1\";s:9:\"thumbnail\";s:76:\"https://library.elementor.com/wp-content/uploads/2018/03/clients_white_2.png\";s:12:\"tmpl_created\";i:1520443478;s:6:\"author\";s:9:\"Elementor\";s:3:\"url\";s:108:\"https://library.elementor.com/blocks/clients-1-2/?utm_source=library&utm_medium=wp-dash&utm_campaign=preview\";s:4:\"type\";s:5:\"block\";s:7:\"subtype\";s:7:\"clients\";s:4:\"tags\";s:11:\"[\"clients\"]\";s:10:\"menu_order\";i:49;s:16:\"popularity_index\";i:294;s:11:\"trend_index\";i:202;s:17:\"has_page_settings\";s:1:\"0\";s:6:\"is_pro\";s:1:\"1\";s:12:\"access_level\";i:1;}i:339;a:16:{s:4:\"tmpl\";i:1185;s:2:\"id\";i:18492;s:5:\"title\";s:34:\"Bicycle Pre-Sale &#8211; eCommerce\";s:9:\"thumbnail\";s:90:\"https://library.elementor.com/wp-content/uploads/2021/04/Library-Pic-Bike-Landing-Page.png\";s:12:\"tmpl_created\";i:1617535552;s:6:\"author\";s:9:\"Elementor\";s:3:\"url\";s:119:\"https://library.elementor.com/lp/bicycle-pre-sale-ecommerce/?utm_source=library&utm_medium=wp-dash&utm_campaign=preview\";s:4:\"type\";s:2:\"lp\";s:7:\"subtype\";s:9:\"eCommerce\";s:4:\"tags\";s:34:\"[\"Bicycle\",\"Landing Pages\",\"Sale\"]\";s:10:\"menu_order\";i:50;s:16:\"popularity_index\";i:871;s:11:\"trend_index\";i:826;s:17:\"has_page_settings\";s:1:\"1\";s:6:\"is_pro\";s:1:\"1\";s:12:\"access_level\";i:1;}i:340;a:16:{s:4:\"tmpl\";i:487;s:2:\"id\";i:5306;s:5:\"title\";s:10:\"Clients 10\";s:9:\"thumbnail\";s:76:\"https://library.elementor.com/wp-content/uploads/2018/03/clients_black_3.png\";s:12:\"tmpl_created\";i:1520443484;s:6:\"author\";s:9:\"Elementor\";s:3:\"url\";s:107:\"https://library.elementor.com/blocks/clients-10/?utm_source=library&utm_medium=wp-dash&utm_campaign=preview\";s:4:\"type\";s:5:\"block\";s:7:\"subtype\";s:7:\"clients\";s:4:\"tags\";s:11:\"[\"clients\"]\";s:10:\"menu_order\";i:50;s:16:\"popularity_index\";i:657;s:11:\"trend_index\";i:581;s:17:\"has_page_settings\";s:1:\"0\";s:6:\"is_pro\";s:1:\"1\";s:12:\"access_level\";i:1;}i:341;a:16:{s:4:\"tmpl\";i:1418;s:2:\"id\";i:24126;s:5:\"title\";s:28:\"Skincare &#8211; Coming Soon\";s:9:\"thumbnail\";s:81:\"https://library.elementor.com/wp-content/uploads/2022/04/Coming-Soon-Skincare.jpg\";s:12:\"tmpl_created\";i:1650989585;s:6:\"author\";s:9:\"Elementor\";s:3:\"url\";s:119:\"https://library.elementor.com/skincare-coming-soon/?utm_source=template-library&utm_medium=wp-dash&utm_campaign=preview\";s:4:\"type\";s:4:\"page\";s:7:\"subtype\";s:4:\"page\";s:4:\"tags\";s:128:\"[\"Aesthetic\",\"Beauty\",\"Beauty Salon\",\"Business\",\"Coming Soon\",\"Cosmetics\",\"Girly\",\"Lifestyle\",\"Services\",\"Skincare\",\"Treatment\"]\";s:10:\"menu_order\";i:51;s:16:\"popularity_index\";i:-1;s:11:\"trend_index\";i:-1;s:17:\"has_page_settings\";s:1:\"0\";s:6:\"is_pro\";s:1:\"1\";s:12:\"access_level\";i:1;}i:342;a:16:{s:4:\"tmpl\";i:1181;s:2:\"id\";i:18349;s:5:\"title\";s:39:\"Virtual try-on glasses &#8211; Business\";s:9:\"thumbnail\";s:70:\"https://library.elementor.com/wp-content/uploads/2021/03/250x280-8.png\";s:12:\"tmpl_created\";i:1614772569;s:6:\"author\";s:9:\"Elementor\";s:3:\"url\";s:124:\"https://library.elementor.com/lp/virtual-try-on-glasses-business/?utm_source=library&utm_medium=wp-dash&utm_campaign=preview\";s:4:\"type\";s:2:\"lp\";s:7:\"subtype\";s:8:\"Business\";s:4:\"tags\";s:64:\"[\"Fashion\",\"Glasses\",\"Landing Pages\",\"Online Service\",\"Virtual\"]\";s:10:\"menu_order\";i:51;s:16:\"popularity_index\";i:848;s:11:\"trend_index\";i:803;s:17:\"has_page_settings\";s:1:\"1\";s:6:\"is_pro\";s:1:\"1\";s:12:\"access_level\";i:1;}i:343;a:16:{s:4:\"tmpl\";i:491;s:2:\"id\";i:5341;s:5:\"title\";s:10:\"Clients 11\";s:9:\"thumbnail\";s:76:\"https://library.elementor.com/wp-content/uploads/2018/03/clients_black_4.png\";s:12:\"tmpl_created\";i:1520443491;s:6:\"author\";s:9:\"Elementor\";s:3:\"url\";s:107:\"https://library.elementor.com/blocks/clients-11/?utm_source=library&utm_medium=wp-dash&utm_campaign=preview\";s:4:\"type\";s:5:\"block\";s:7:\"subtype\";s:7:\"clients\";s:4:\"tags\";s:11:\"[\"clients\"]\";s:10:\"menu_order\";i:51;s:16:\"popularity_index\";i:603;s:11:\"trend_index\";i:633;s:17:\"has_page_settings\";s:1:\"0\";s:6:\"is_pro\";s:1:\"0\";s:12:\"access_level\";i:0;}i:344;a:16:{s:4:\"tmpl\";i:1410;s:2:\"id\";i:24004;s:5:\"title\";s:33:\"Skincare &#8211; Maintenance Mode\";s:9:\"thumbnail\";s:86:\"https://library.elementor.com/wp-content/uploads/2022/04/Maintenance-Mode-Skincare.jpg\";s:12:\"tmpl_created\";i:1649880534;s:6:\"author\";s:9:\"Elementor\";s:3:\"url\";s:124:\"https://library.elementor.com/skincare-maintenance-mode/?utm_source=template-library&utm_medium=wp-dash&utm_campaign=preview\";s:4:\"type\";s:4:\"page\";s:7:\"subtype\";s:4:\"page\";s:4:\"tags\";s:144:\"[\"Aesthetic\",\"Beauty\",\"Beauty Salon\",\"Business\",\"Cosmetics\",\"Girly\",\"Lifestyle\",\"Makeup\",\"Services\",\"Skincare\",\"Treatment\",\"Under Construction\"]\";s:10:\"menu_order\";i:52;s:16:\"popularity_index\";i:-1;s:11:\"trend_index\";i:-1;s:17:\"has_page_settings\";s:1:\"0\";s:6:\"is_pro\";s:1:\"1\";s:12:\"access_level\";i:1;}i:345;a:16:{s:4:\"tmpl\";i:1172;s:2:\"id\";i:17458;s:5:\"title\";s:31:\"Moving Company &#8211; Business\";s:9:\"thumbnail\";s:87:\"https://library.elementor.com/wp-content/uploads/2021/02/Library-Pic-Moving-Company.png\";s:12:\"tmpl_created\";i:1612727025;s:6:\"author\";s:9:\"Elementor\";s:3:\"url\";s:116:\"https://library.elementor.com/lp/moving-company-business/?utm_source=library&utm_medium=wp-dash&utm_campaign=preview\";s:4:\"type\";s:2:\"lp\";s:7:\"subtype\";s:8:\"Business\";s:4:\"tags\";s:46:\"[\"Business\",\"Landing Pages\",\"Movers\",\"moving\"]\";s:10:\"menu_order\";i:52;s:16:\"popularity_index\";i:826;s:11:\"trend_index\";i:767;s:17:\"has_page_settings\";s:1:\"1\";s:6:\"is_pro\";s:1:\"1\";s:12:\"access_level\";i:1;}i:346;a:16:{s:4:\"tmpl\";i:488;s:2:\"id\";i:5315;s:5:\"title\";s:10:\"Clients 12\";s:9:\"thumbnail\";s:75:\"https://library.elementor.com/wp-content/uploads/2018/03/form_white_4-1.png\";s:12:\"tmpl_created\";i:1520443486;s:6:\"author\";s:9:\"Elementor\";s:3:\"url\";s:107:\"https://library.elementor.com/blocks/clients-12/?utm_source=library&utm_medium=wp-dash&utm_campaign=preview\";s:4:\"type\";s:5:\"block\";s:7:\"subtype\";s:7:\"clients\";s:4:\"tags\";s:11:\"[\"clients\"]\";s:10:\"menu_order\";i:52;s:16:\"popularity_index\";i:485;s:11:\"trend_index\";i:263;s:17:\"has_page_settings\";s:1:\"0\";s:6:\"is_pro\";s:1:\"1\";s:12:\"access_level\";i:1;}i:347;a:16:{s:4:\"tmpl\";i:1415;s:2:\"id\";i:24092;s:5:\"title\";s:29:\"Vase Shop &#8211; Coming Soon\";s:9:\"thumbnail\";s:82:\"https://library.elementor.com/wp-content/uploads/2022/04/Coming-Soon-Vase-Shop.jpg\";s:12:\"tmpl_created\";i:1650988613;s:6:\"author\";s:9:\"Elementor\";s:3:\"url\";s:111:\"https://library.elementor.com/vase-shop-coming-soon/?utm_source=library&utm_medium=wp-dash&utm_campaign=preview\";s:4:\"type\";s:4:\"page\";s:7:\"subtype\";s:4:\"page\";s:4:\"tags\";s:115:\"[\"Art\",\"Business\",\"Coming Soon\",\"Creative\",\"Decor\",\"Design\",\"Furniture Design\",\"Interior Design\",\"Products\",\"Shop\"]\";s:10:\"menu_order\";i:53;s:16:\"popularity_index\";i:-1;s:11:\"trend_index\";i:-1;s:17:\"has_page_settings\";s:1:\"1\";s:6:\"is_pro\";s:1:\"1\";s:12:\"access_level\";i:1;}i:348;a:16:{s:4:\"tmpl\";i:1186;s:2:\"id\";i:18517;s:5:\"title\";s:29:\"Food Blog &#8211; Coming Soon\";s:9:\"thumbnail\";s:82:\"https://library.elementor.com/wp-content/uploads/2021/04/Library-Pic-Food-Blog.png\";s:12:\"tmpl_created\";i:1617539897;s:6:\"author\";s:9:\"Elementor\";s:3:\"url\";s:114:\"https://library.elementor.com/lp/food-blog-coming-soon/?utm_source=library&utm_medium=wp-dash&utm_campaign=preview\";s:4:\"type\";s:2:\"lp\";s:7:\"subtype\";s:16:\"Coming Soon Page\";s:4:\"tags\";s:45:\"[\"Blog\",\"Coming Soon\",\"Food\",\"Landing Pages\"]\";s:10:\"menu_order\";i:53;s:16:\"popularity_index\";i:844;s:11:\"trend_index\";i:672;s:17:\"has_page_settings\";s:1:\"1\";s:6:\"is_pro\";s:1:\"1\";s:12:\"access_level\";i:1;}i:349;a:16:{s:4:\"tmpl\";i:490;s:2:\"id\";i:5333;s:5:\"title\";s:10:\"Clients 13\";s:9:\"thumbnail\";s:73:\"https://library.elementor.com/wp-content/uploads/2018/03/form_white_6.png\";s:12:\"tmpl_created\";i:1520443489;s:6:\"author\";s:9:\"Elementor\";s:3:\"url\";s:107:\"https://library.elementor.com/blocks/clients-13/?utm_source=library&utm_medium=wp-dash&utm_campaign=preview\";s:4:\"type\";s:5:\"block\";s:7:\"subtype\";s:7:\"clients\";s:4:\"tags\";s:11:\"[\"clients\"]\";s:10:\"menu_order\";i:53;s:16:\"popularity_index\";i:234;s:11:\"trend_index\";i:128;s:17:\"has_page_settings\";s:1:\"0\";s:6:\"is_pro\";s:1:\"0\";s:12:\"access_level\";i:0;}i:350;a:16:{s:4:\"tmpl\";i:1167;s:2:\"id\";i:17379;s:5:\"title\";s:33:\"IT Service &#8211; Online Service\";s:9:\"thumbnail\";s:83:\"https://library.elementor.com/wp-content/uploads/2021/02/Library-Pic-IT-Service.png\";s:12:\"tmpl_created\";i:1612713022;s:6:\"author\";s:9:\"Elementor\";s:3:\"url\";s:118:\"https://library.elementor.com/lp/it-service-online-service/?utm_source=library&utm_medium=wp-dash&utm_campaign=preview\";s:4:\"type\";s:2:\"lp\";s:7:\"subtype\";s:14:\"Online Service\";s:4:\"tags\";s:41:\"[\"IT\",\"Landing Pages\",\"Remote\",\"Support\"]\";s:10:\"menu_order\";i:54;s:16:\"popularity_index\";i:806;s:11:\"trend_index\";i:634;s:17:\"has_page_settings\";s:1:\"1\";s:6:\"is_pro\";s:1:\"1\";s:12:\"access_level\";i:1;}i:351;a:16:{s:4:\"tmpl\";i:1248;s:2:\"id\";i:22134;s:5:\"title\";s:32:\"Art Magazine &#8211; Coming Soon\";s:9:\"thumbnail\";s:95:\"https://library.elementor.com/wp-content/uploads/2021/10/Art-Magazine-Coming-Soon-250x280-1.jpg\";s:12:\"tmpl_created\";i:1647176713;s:6:\"author\";s:9:\"Elementor\";s:3:\"url\";s:114:\"https://library.elementor.com/art-magazine-coming-soon/?utm_source=library&utm_medium=wp-dash&utm_campaign=preview\";s:4:\"type\";s:4:\"page\";s:7:\"subtype\";s:4:\"page\";s:4:\"tags\";s:48:\"[\"Art\",\"Coming Soon\",\"Landing Pages\",\"Magazine\"]\";s:10:\"menu_order\";i:54;s:16:\"popularity_index\";i:-1;s:11:\"trend_index\";i:-1;s:17:\"has_page_settings\";s:1:\"1\";s:6:\"is_pro\";s:1:\"1\";s:12:\"access_level\";i:20;}i:352;a:16:{s:4:\"tmpl\";i:496;s:2:\"id\";i:5389;s:5:\"title\";s:10:\"Clients 14\";s:9:\"thumbnail\";s:73:\"https://library.elementor.com/wp-content/uploads/2018/03/form_black_9.png\";s:12:\"tmpl_created\";i:1520443501;s:6:\"author\";s:9:\"Elementor\";s:3:\"url\";s:107:\"https://library.elementor.com/blocks/clients-14/?utm_source=library&utm_medium=wp-dash&utm_campaign=preview\";s:4:\"type\";s:5:\"block\";s:7:\"subtype\";s:7:\"clients\";s:4:\"tags\";s:11:\"[\"clients\"]\";s:10:\"menu_order\";i:54;s:16:\"popularity_index\";i:407;s:11:\"trend_index\";i:307;s:17:\"has_page_settings\";s:1:\"0\";s:6:\"is_pro\";s:1:\"0\";s:12:\"access_level\";i:0;}i:353;a:16:{s:4:\"tmpl\";i:1189;s:2:\"id\";i:18560;s:5:\"title\";s:52:\"Finance Learning Platform &#8211; Under Construction\";s:9:\"thumbnail\";s:89:\"https://library.elementor.com/wp-content/uploads/2021/04/Library-Pic-Finance-Platform.png\";s:12:\"tmpl_created\";i:1617542761;s:6:\"author\";s:9:\"Elementor\";s:3:\"url\";s:137:\"https://library.elementor.com/lp/finance-learning-platform-under-construction/?utm_source=library&utm_medium=wp-dash&utm_campaign=preview\";s:4:\"type\";s:2:\"lp\";s:7:\"subtype\";s:18:\"Under Construction\";s:4:\"tags\";s:27:\"[\"Finance\",\"Landing Pages\"]\";s:10:\"menu_order\";i:55;s:16:\"popularity_index\";i:843;s:11:\"trend_index\";i:561;s:17:\"has_page_settings\";s:1:\"1\";s:6:\"is_pro\";s:1:\"1\";s:12:\"access_level\";i:1;}i:354;a:16:{s:4:\"tmpl\";i:1225;s:2:\"id\";i:21041;s:5:\"title\";s:41:\"Business Consulting Company &#8211; About\";s:9:\"thumbnail\";s:96:\"https://library.elementor.com/wp-content/uploads/2021/12/8-About-Business-Consulting-Company.jpg\";s:12:\"tmpl_created\";i:1638797560;s:6:\"author\";s:9:\"Elementor\";s:3:\"url\";s:123:\"https://library.elementor.com/business-consulting-company-about/?utm_source=library&utm_medium=wp-dash&utm_campaign=preview\";s:4:\"type\";s:4:\"page\";s:7:\"subtype\";s:4:\"page\";s:4:\"tags\";s:51:\"[\"Coach\",\"Collaboration\",\"Consulting\",\"Life Coach\"]\";s:10:\"menu_order\";i:55;s:16:\"popularity_index\";i:-1;s:11:\"trend_index\";i:-1;s:17:\"has_page_settings\";s:1:\"1\";s:6:\"is_pro\";s:1:\"1\";s:12:\"access_level\";i:1;}i:355;a:16:{s:4:\"tmpl\";i:486;s:2:\"id\";i:5298;s:5:\"title\";s:10:\"Clients 15\";s:9:\"thumbnail\";s:76:\"https://library.elementor.com/wp-content/uploads/2018/03/clients_white_3.png\";s:12:\"tmpl_created\";i:1520443482;s:6:\"author\";s:9:\"Elementor\";s:3:\"url\";s:107:\"https://library.elementor.com/blocks/clients-15/?utm_source=library&utm_medium=wp-dash&utm_campaign=preview\";s:4:\"type\";s:5:\"block\";s:7:\"subtype\";s:7:\"clients\";s:4:\"tags\";s:11:\"[\"clients\"]\";s:10:\"menu_order\";i:55;s:16:\"popularity_index\";i:465;s:11:\"trend_index\";i:520;s:17:\"has_page_settings\";s:1:\"0\";s:6:\"is_pro\";s:1:\"1\";s:12:\"access_level\";i:1;}i:356;a:16:{s:4:\"tmpl\";i:1187;s:2:\"id\";i:18528;s:5:\"title\";s:36:\"Home Decor Store &#8211; Coming Soon\";s:9:\"thumbnail\";s:84:\"https://library.elementor.com/wp-content/uploads/2021/04/Library-Pic-Home-Decore.png\";s:12:\"tmpl_created\";i:1617541784;s:6:\"author\";s:9:\"Elementor\";s:3:\"url\";s:121:\"https://library.elementor.com/lp/home-decor-store-coming-soon/?utm_source=library&utm_medium=wp-dash&utm_campaign=preview\";s:4:\"type\";s:2:\"lp\";s:7:\"subtype\";s:16:\"Coming Soon Page\";s:4:\"tags\";s:57:\"[\"Coming Soon\",\"Decor\",\"interior design\",\"Landing Pages\"]\";s:10:\"menu_order\";i:56;s:16:\"popularity_index\";i:872;s:11:\"trend_index\";i:819;s:17:\"has_page_settings\";s:1:\"1\";s:6:\"is_pro\";s:1:\"1\";s:12:\"access_level\";i:1;}i:357;a:16:{s:4:\"tmpl\";i:1243;s:2:\"id\";i:21135;s:5:\"title\";s:28:\"Construction &#8211; Service\";s:9:\"thumbnail\";s:84:\"https://library.elementor.com/wp-content/uploads/2021/12/13-Service-Construction.jpg\";s:12:\"tmpl_created\";i:1638823202;s:6:\"author\";s:9:\"Elementor\";s:3:\"url\";s:110:\"https://library.elementor.com/construction-service/?utm_source=library&utm_medium=wp-dash&utm_campaign=preview\";s:4:\"type\";s:4:\"page\";s:7:\"subtype\";s:4:\"page\";s:4:\"tags\";s:48:\"[\"Architecture\",\"Construction\",\"Faq\",\"Services\"]\";s:10:\"menu_order\";i:56;s:16:\"popularity_index\";i:-1;s:11:\"trend_index\";i:-1;s:17:\"has_page_settings\";s:1:\"1\";s:6:\"is_pro\";s:1:\"1\";s:12:\"access_level\";i:1;}i:358;a:16:{s:4:\"tmpl\";i:495;s:2:\"id\";i:5381;s:5:\"title\";s:10:\"Clients 16\";s:9:\"thumbnail\";s:73:\"https://library.elementor.com/wp-content/uploads/2018/03/form_white_9.png\";s:12:\"tmpl_created\";i:1520443499;s:6:\"author\";s:9:\"Elementor\";s:3:\"url\";s:107:\"https://library.elementor.com/blocks/clients-16/?utm_source=library&utm_medium=wp-dash&utm_campaign=preview\";s:4:\"type\";s:5:\"block\";s:7:\"subtype\";s:7:\"clients\";s:4:\"tags\";s:11:\"[\"clients\"]\";s:10:\"menu_order\";i:56;s:16:\"popularity_index\";i:198;s:11:\"trend_index\";i:168;s:17:\"has_page_settings\";s:1:\"0\";s:6:\"is_pro\";s:1:\"0\";s:12:\"access_level\";i:0;}i:359;a:16:{s:4:\"tmpl\";i:1174;s:2:\"id\";i:17504;s:5:\"title\";s:29:\"Hair Stylist &#8211; Business\";s:9:\"thumbnail\";s:70:\"https://library.elementor.com/wp-content/uploads/2021/02/250x280-3.png\";s:12:\"tmpl_created\";i:1612883014;s:6:\"author\";s:9:\"Elementor\";s:3:\"url\";s:114:\"https://library.elementor.com/lp/hair-stylist-business/?utm_source=library&utm_medium=wp-dash&utm_campaign=preview\";s:4:\"type\";s:2:\"lp\";s:7:\"subtype\";s:8:\"Business\";s:4:\"tags\";s:59:\"[\"Business\",\"Hair\",\"hairdresser\",\"Landing Pages\",\"stylist\"]\";s:10:\"menu_order\";i:57;s:16:\"popularity_index\";i:840;s:11:\"trend_index\";i:806;s:17:\"has_page_settings\";s:1:\"1\";s:6:\"is_pro\";s:1:\"1\";s:12:\"access_level\";i:1;}i:360;a:16:{s:4:\"tmpl\";i:1223;s:2:\"id\";i:20981;s:5:\"title\";s:37:\"Creative Digital Agency &#8211; About\";s:9:\"thumbnail\";s:92:\"https://library.elementor.com/wp-content/uploads/2021/12/6-About-Creative-Digital-Agency.jpg\";s:12:\"tmpl_created\";i:1638789303;s:6:\"author\";s:9:\"Elementor\";s:3:\"url\";s:119:\"https://library.elementor.com/creative-digital-agency-about/?utm_source=library&utm_medium=wp-dash&utm_campaign=preview\";s:4:\"type\";s:4:\"page\";s:7:\"subtype\";s:4:\"page\";s:4:\"tags\";s:51:\"[\"About\",\"Advisor\",\"Creative\",\"Creative Portfolio\"]\";s:10:\"menu_order\";i:57;s:16:\"popularity_index\";i:-1;s:11:\"trend_index\";i:-1;s:17:\"has_page_settings\";s:1:\"1\";s:6:\"is_pro\";s:1:\"1\";s:12:\"access_level\";i:1;}i:361;a:16:{s:4:\"tmpl\";i:493;s:2:\"id\";i:5357;s:5:\"title\";s:9:\"Clients 2\";s:9:\"thumbnail\";s:76:\"https://library.elementor.com/wp-content/uploads/2018/03/clients_black_7.png\";s:12:\"tmpl_created\";i:1520443495;s:6:\"author\";s:9:\"Elementor\";s:3:\"url\";s:108:\"https://library.elementor.com/blocks/clients-2-2/?utm_source=library&utm_medium=wp-dash&utm_campaign=preview\";s:4:\"type\";s:5:\"block\";s:7:\"subtype\";s:7:\"clients\";s:4:\"tags\";s:11:\"[\"clients\"]\";s:10:\"menu_order\";i:57;s:16:\"popularity_index\";i:341;s:11:\"trend_index\";i:232;s:17:\"has_page_settings\";s:1:\"0\";s:6:\"is_pro\";s:1:\"0\";s:12:\"access_level\";i:0;}i:362;a:16:{s:4:\"tmpl\";i:1184;s:2:\"id\";i:18449;s:5:\"title\";s:46:\"Aesthetic Clinic &#8211; Health &#038; Fitness\";s:9:\"thumbnail\";s:77:\"https://library.elementor.com/wp-content/uploads/2021/03/Aesthetic-Clinic.png\";s:12:\"tmpl_created\";i:1616682181;s:6:\"author\";s:9:\"Elementor\";s:3:\"url\";s:124:\"https://library.elementor.com/lp/aesthetic-clinic-health-fitness/?utm_source=library&utm_medium=wp-dash&utm_campaign=preview\";s:4:\"type\";s:2:\"lp\";s:7:\"subtype\";s:18:\"Health and Fitness\";s:4:\"tags\";s:57:\"[\"Aesthetic\",\"Beauty\",\"Fitness\",\"Health\",\"Landing Pages\"]\";s:10:\"menu_order\";i:58;s:16:\"popularity_index\";i:859;s:11:\"trend_index\";i:0;s:17:\"has_page_settings\";s:1:\"1\";s:6:\"is_pro\";s:1:\"1\";s:12:\"access_level\";i:1;}i:363;a:16:{s:4:\"tmpl\";i:1221;s:2:\"id\";i:20926;s:5:\"title\";s:33:\"Doctors Online Consultation -Home\";s:9:\"thumbnail\";s:95:\"https://library.elementor.com/wp-content/uploads/2021/12/4-Home-Doctors-Online-Consultation.jpg\";s:12:\"tmpl_created\";i:1638787371;s:6:\"author\";s:9:\"Elementor\";s:3:\"url\";s:122:\"https://library.elementor.com/doctors-online-consultation-home/?utm_source=library&utm_medium=wp-dash&utm_campaign=preview\";s:4:\"type\";s:4:\"page\";s:7:\"subtype\";s:4:\"page\";s:4:\"tags\";s:35:\"[\"App\",\"Health\",\"medical\",\"Online\"]\";s:10:\"menu_order\";i:58;s:16:\"popularity_index\";i:-1;s:11:\"trend_index\";i:-1;s:17:\"has_page_settings\";s:1:\"1\";s:6:\"is_pro\";s:1:\"1\";s:12:\"access_level\";i:1;}i:364;a:16:{s:4:\"tmpl\";i:485;s:2:\"id\";i:5290;s:5:\"title\";s:9:\"Clients 3\";s:9:\"thumbnail\";s:76:\"https://library.elementor.com/wp-content/uploads/2018/03/clients_black_2.png\";s:12:\"tmpl_created\";i:1520443480;s:6:\"author\";s:9:\"Elementor\";s:3:\"url\";s:108:\"https://library.elementor.com/blocks/clients-3-2/?utm_source=library&utm_medium=wp-dash&utm_campaign=preview\";s:4:\"type\";s:5:\"block\";s:7:\"subtype\";s:7:\"clients\";s:4:\"tags\";s:11:\"[\"clients\"]\";s:10:\"menu_order\";i:58;s:16:\"popularity_index\";i:545;s:11:\"trend_index\";i:502;s:17:\"has_page_settings\";s:1:\"0\";s:6:\"is_pro\";s:1:\"1\";s:12:\"access_level\";i:1;}i:365;a:16:{s:4:\"tmpl\";i:1165;s:2:\"id\";i:17353;s:5:\"title\";s:44:\"Online Cooking Course &#8211; Online Service\";s:9:\"thumbnail\";s:70:\"https://library.elementor.com/wp-content/uploads/2021/02/250x280-2.png\";s:12:\"tmpl_created\";i:1612705144;s:6:\"author\";s:9:\"Elementor\";s:3:\"url\";s:129:\"https://library.elementor.com/lp/online-cooking-course-online-service/?utm_source=library&utm_medium=wp-dash&utm_campaign=preview\";s:4:\"type\";s:2:\"lp\";s:7:\"subtype\";s:14:\"Online Service\";s:4:\"tags\";s:50:\"[\"Cooking\",\"Course Online\",\"Food\",\"Landing Pages\"]\";s:10:\"menu_order\";i:59;s:16:\"popularity_index\";i:845;s:11:\"trend_index\";i:0;s:17:\"has_page_settings\";s:1:\"1\";s:6:\"is_pro\";s:1:\"1\";s:12:\"access_level\";i:1;}i:366;a:16:{s:4:\"tmpl\";i:482;s:2:\"id\";i:5266;s:5:\"title\";s:9:\"Clients 4\";s:9:\"thumbnail\";s:76:\"https://library.elementor.com/wp-content/uploads/2018/03/clients_white_1.png\";s:12:\"tmpl_created\";i:1520443474;s:6:\"author\";s:9:\"Elementor\";s:3:\"url\";s:106:\"https://library.elementor.com/blocks/clients-4/?utm_source=library&utm_medium=wp-dash&utm_campaign=preview\";s:4:\"type\";s:5:\"block\";s:7:\"subtype\";s:7:\"clients\";s:4:\"tags\";s:11:\"[\"clients\"]\";s:10:\"menu_order\";i:59;s:16:\"popularity_index\";i:95;s:11:\"trend_index\";i:134;s:17:\"has_page_settings\";s:1:\"0\";s:6:\"is_pro\";s:1:\"0\";s:12:\"access_level\";i:0;}i:367;a:16:{s:4:\"tmpl\";i:1188;s:2:\"id\";i:18550;s:5:\"title\";s:39:\"Online Store &#8211; Under Construction\";s:9:\"thumbnail\";s:85:\"https://library.elementor.com/wp-content/uploads/2021/04/Library-Pic-Online-Store.png\";s:12:\"tmpl_created\";i:1617542506;s:6:\"author\";s:9:\"Elementor\";s:3:\"url\";s:124:\"https://library.elementor.com/lp/online-store-under-construction/?utm_source=library&utm_medium=wp-dash&utm_campaign=preview\";s:4:\"type\";s:2:\"lp\";s:7:\"subtype\";s:18:\"Under Construction\";s:4:\"tags\";s:59:\"[\"Landing Pages\",\"online shop\",\"Shop\",\"Under Construction\"]\";s:10:\"menu_order\";i:60;s:16:\"popularity_index\";i:832;s:11:\"trend_index\";i:600;s:17:\"has_page_settings\";s:1:\"1\";s:6:\"is_pro\";s:1:\"0\";s:12:\"access_level\";i:0;}i:368;a:16:{s:4:\"tmpl\";i:1250;s:2:\"id\";i:22140;s:5:\"title\";s:33:\"Design School &#8211; Coming Soon\";s:9:\"thumbnail\";s:70:\"https://library.elementor.com/wp-content/uploads/2021/05/250x280-1.png\";s:12:\"tmpl_created\";i:1647177317;s:6:\"author\";s:9:\"Elementor\";s:3:\"url\";s:115:\"https://library.elementor.com/design-school-coming-soon/?utm_source=library&utm_medium=wp-dash&utm_campaign=preview\";s:4:\"type\";s:4:\"page\";s:7:\"subtype\";s:4:\"page\";s:4:\"tags\";s:49:\"[\"Coming Soon\",\"Design\",\"Landing Pages\",\"School\"]\";s:10:\"menu_order\";i:60;s:16:\"popularity_index\";i:-1;s:11:\"trend_index\";i:-1;s:17:\"has_page_settings\";s:1:\"1\";s:6:\"is_pro\";s:1:\"1\";s:12:\"access_level\";i:1;}i:369;a:16:{s:4:\"tmpl\";i:483;s:2:\"id\";i:5275;s:5:\"title\";s:9:\"Clients 5\";s:9:\"thumbnail\";s:76:\"https://library.elementor.com/wp-content/uploads/2018/03/clients_black_1.png\";s:12:\"tmpl_created\";i:1520443476;s:6:\"author\";s:9:\"Elementor\";s:3:\"url\";s:106:\"https://library.elementor.com/blocks/clients-5/?utm_source=library&utm_medium=wp-dash&utm_campaign=preview\";s:4:\"type\";s:5:\"block\";s:7:\"subtype\";s:7:\"clients\";s:4:\"tags\";s:11:\"[\"clients\"]\";s:10:\"menu_order\";i:60;s:16:\"popularity_index\";i:334;s:11:\"trend_index\";i:321;s:17:\"has_page_settings\";s:1:\"0\";s:6:\"is_pro\";s:1:\"0\";s:12:\"access_level\";i:0;}i:370;a:16:{s:4:\"tmpl\";i:1191;s:2:\"id\";i:18539;s:5:\"title\";s:40:\"Travel Agency &#8211; Under Construction\";s:9:\"thumbnail\";s:88:\"https://library.elementor.com/wp-content/uploads/2021/04/Library-Pic-Travel-Agency-1.png\";s:12:\"tmpl_created\";i:1617610273;s:6:\"author\";s:9:\"Elementor\";s:3:\"url\";s:125:\"https://library.elementor.com/lp/travel-agency-under-construction/?utm_source=library&utm_medium=wp-dash&utm_campaign=preview\";s:4:\"type\";s:2:\"lp\";s:7:\"subtype\";s:18:\"Under Construction\";s:4:\"tags\";s:56:\"[\"Agency\",\"Landing Pages\",\"Travel\",\"Under Construction\"]\";s:10:\"menu_order\";i:61;s:16:\"popularity_index\";i:876;s:11:\"trend_index\";i:652;s:17:\"has_page_settings\";s:1:\"1\";s:6:\"is_pro\";s:1:\"1\";s:12:\"access_level\";i:1;}i:371;a:16:{s:4:\"tmpl\";i:492;s:2:\"id\";i:5349;s:5:\"title\";s:9:\"Clients 7\";s:9:\"thumbnail\";s:73:\"https://library.elementor.com/wp-content/uploads/2018/03/form_white_7.png\";s:12:\"tmpl_created\";i:1520443493;s:6:\"author\";s:9:\"Elementor\";s:3:\"url\";s:106:\"https://library.elementor.com/blocks/clients-7/?utm_source=library&utm_medium=wp-dash&utm_campaign=preview\";s:4:\"type\";s:5:\"block\";s:7:\"subtype\";s:7:\"clients\";s:4:\"tags\";s:11:\"[\"clients\"]\";s:10:\"menu_order\";i:61;s:16:\"popularity_index\";i:233;s:11:\"trend_index\";i:92;s:17:\"has_page_settings\";s:1:\"0\";s:6:\"is_pro\";s:1:\"0\";s:12:\"access_level\";i:0;}i:372;a:16:{s:4:\"tmpl\";i:1175;s:2:\"id\";i:18270;s:5:\"title\";s:24:\"Open week &#8211; Events\";s:9:\"thumbnail\";s:68:\"https://library.elementor.com/wp-content/uploads/2021/03/250x280.png\";s:12:\"tmpl_created\";i:1614767186;s:6:\"author\";s:9:\"Elementor\";s:3:\"url\";s:109:\"https://library.elementor.com/lp/open-week-events/?utm_source=library&utm_medium=wp-dash&utm_campaign=preview\";s:4:\"type\";s:2:\"lp\";s:7:\"subtype\";s:6:\"Events\";s:4:\"tags\";s:59:\"[\"Education\",\"Event\",\"Events\",\"Landing Pages\",\"University\"]\";s:10:\"menu_order\";i:62;s:16:\"popularity_index\";i:831;s:11:\"trend_index\";i:673;s:17:\"has_page_settings\";s:1:\"1\";s:6:\"is_pro\";s:1:\"1\";s:12:\"access_level\";i:1;}i:373;a:16:{s:4:\"tmpl\";i:489;s:2:\"id\";i:5324;s:5:\"title\";s:9:\"Clients 8\";s:9:\"thumbnail\";s:75:\"https://library.elementor.com/wp-content/uploads/2018/03/form_white_5-1.png\";s:12:\"tmpl_created\";i:1520443488;s:6:\"author\";s:9:\"Elementor\";s:3:\"url\";s:106:\"https://library.elementor.com/blocks/clients-8/?utm_source=library&utm_medium=wp-dash&utm_campaign=preview\";s:4:\"type\";s:5:\"block\";s:7:\"subtype\";s:7:\"clients\";s:4:\"tags\";s:11:\"[\"clients\"]\";s:10:\"menu_order\";i:62;s:16:\"popularity_index\";i:526;s:11:\"trend_index\";i:381;s:17:\"has_page_settings\";s:1:\"0\";s:6:\"is_pro\";s:1:\"1\";s:12:\"access_level\";i:1;}i:374;a:16:{s:4:\"tmpl\";i:1177;s:2:\"id\";i:18300;s:5:\"title\";s:30:\"Makeup Artist &#8211; Business\";s:9:\"thumbnail\";s:70:\"https://library.elementor.com/wp-content/uploads/2021/03/250x280-2.png\";s:12:\"tmpl_created\";i:1614768608;s:6:\"author\";s:9:\"Elementor\";s:3:\"url\";s:115:\"https://library.elementor.com/lp/makeup-artist-business/?utm_source=library&utm_medium=wp-dash&utm_campaign=preview\";s:4:\"type\";s:2:\"lp\";s:7:\"subtype\";s:8:\"Business\";s:4:\"tags\";s:79:\"[\"Beauty\",\"Business\",\"Course Online\",\"Landing Pages\",\"Makeup\",\"Online Service\"]\";s:10:\"menu_order\";i:63;s:16:\"popularity_index\";i:861;s:11:\"trend_index\";i:783;s:17:\"has_page_settings\";s:1:\"1\";s:6:\"is_pro\";s:1:\"1\";s:12:\"access_level\";i:1;}i:375;a:16:{s:4:\"tmpl\";i:494;s:2:\"id\";i:5368;s:5:\"title\";s:9:\"Clients 9\";s:9:\"thumbnail\";s:73:\"https://library.elementor.com/wp-content/uploads/2018/03/form_white_8.png\";s:12:\"tmpl_created\";i:1520443497;s:6:\"author\";s:9:\"Elementor\";s:3:\"url\";s:106:\"https://library.elementor.com/blocks/clients-9/?utm_source=library&utm_medium=wp-dash&utm_campaign=preview\";s:4:\"type\";s:5:\"block\";s:7:\"subtype\";s:7:\"clients\";s:4:\"tags\";s:11:\"[\"clients\"]\";s:10:\"menu_order\";i:63;s:16:\"popularity_index\";i:253;s:11:\"trend_index\";i:273;s:17:\"has_page_settings\";s:1:\"0\";s:6:\"is_pro\";s:1:\"0\";s:12:\"access_level\";i:0;}i:376;a:16:{s:4:\"tmpl\";i:1179;s:2:\"id\";i:18329;s:5:\"title\";s:63:\"Online Real Estate Investment Conference &#8211; Online Service\";s:9:\"thumbnail\";s:70:\"https://library.elementor.com/wp-content/uploads/2021/03/250x280-5.png\";s:12:\"tmpl_created\";i:1614770404;s:6:\"author\";s:9:\"Elementor\";s:3:\"url\";s:148:\"https://library.elementor.com/lp/online-real-estate-investment-conference-online-service/?utm_source=library&utm_medium=wp-dash&utm_campaign=preview\";s:4:\"type\";s:2:\"lp\";s:7:\"subtype\";s:14:\"Online Service\";s:4:\"tags\";s:76:\"[\"Conference\",\"Event\",\"Events\",\"Landing Pages\",\"Online Event\",\"Real estate\"]\";s:10:\"menu_order\";i:64;s:16:\"popularity_index\";i:866;s:11:\"trend_index\";i:779;s:17:\"has_page_settings\";s:1:\"1\";s:6:\"is_pro\";s:1:\"1\";s:12:\"access_level\";i:1;}i:377;a:16:{s:4:\"tmpl\";i:425;s:2:\"id\";i:4436;s:5:\"title\";s:11:\"Contact  16\";s:9:\"thumbnail\";s:72:\"https://library.elementor.com/wp-content/uploads/2018/02/map_black_2.png\";s:12:\"tmpl_created\";i:1520443293;s:6:\"author\";s:9:\"Elementor\";s:3:\"url\";s:107:\"https://library.elementor.com/blocks/contact-16/?utm_source=library&utm_medium=wp-dash&utm_campaign=preview\";s:4:\"type\";s:5:\"block\";s:7:\"subtype\";s:7:\"contact\";s:4:\"tags\";s:11:\"[\"contact\"]\";s:10:\"menu_order\";i:64;s:16:\"popularity_index\";i:161;s:11:\"trend_index\";i:68;s:17:\"has_page_settings\";s:1:\"0\";s:6:\"is_pro\";s:1:\"0\";s:12:\"access_level\";i:0;}i:378;a:16:{s:4:\"tmpl\";i:1183;s:2:\"id\";i:18391;s:5:\"title\";s:45:\"Children&#8217;s Optometrist &#8211; Business\";s:9:\"thumbnail\";s:94:\"https://library.elementor.com/wp-content/uploads/2021/03/Library-Pic-Childrens-Optometrist.png\";s:12:\"tmpl_created\";i:1614773564;s:6:\"author\";s:9:\"Elementor\";s:3:\"url\";s:123:\"https://library.elementor.com/lp/childrens-optometrist-business/?utm_source=library&utm_medium=wp-dash&utm_campaign=preview\";s:4:\"type\";s:2:\"lp\";s:7:\"subtype\";s:8:\"Business\";s:4:\"tags\";s:85:\"[\"Business\",\"Children\",\"Eye\",\"Glasses\",\"Health\",\"Kids\",\"Landing Pages\",\"Optometrist\"]\";s:10:\"menu_order\";i:65;s:16:\"popularity_index\";i:877;s:11:\"trend_index\";i:0;s:17:\"has_page_settings\";s:1:\"1\";s:6:\"is_pro\";s:1:\"1\";s:12:\"access_level\";i:1;}i:379;a:16:{s:4:\"tmpl\";i:423;s:2:\"id\";i:4420;s:5:\"title\";s:9:\"Contact 1\";s:9:\"thumbnail\";s:72:\"https://library.elementor.com/wp-content/uploads/2018/02/map_black_1.png\";s:12:\"tmpl_created\";i:1520443289;s:6:\"author\";s:9:\"Elementor\";s:3:\"url\";s:108:\"https://library.elementor.com/blocks/contact-1-2/?utm_source=library&utm_medium=wp-dash&utm_campaign=preview\";s:4:\"type\";s:5:\"block\";s:7:\"subtype\";s:7:\"contact\";s:4:\"tags\";s:11:\"[\"contact\"]\";s:10:\"menu_order\";i:65;s:16:\"popularity_index\";i:196;s:11:\"trend_index\";i:127;s:17:\"has_page_settings\";s:1:\"0\";s:6:\"is_pro\";s:1:\"0\";s:12:\"access_level\";i:0;}i:380;a:16:{s:4:\"tmpl\";i:534;s:2:\"id\";i:5836;s:5:\"title\";s:10:\"Contact 10\";s:9:\"thumbnail\";s:76:\"https://library.elementor.com/wp-content/uploads/2018/03/contact_white_2.png\";s:12:\"tmpl_created\";i:1520443597;s:6:\"author\";s:9:\"Elementor\";s:3:\"url\";s:107:\"https://library.elementor.com/blocks/contact-10/?utm_source=library&utm_medium=wp-dash&utm_campaign=preview\";s:4:\"type\";s:5:\"block\";s:7:\"subtype\";s:7:\"contact\";s:4:\"tags\";s:11:\"[\"contact\"]\";s:10:\"menu_order\";i:66;s:16:\"popularity_index\";i:114;s:11:\"trend_index\";i:76;s:17:\"has_page_settings\";s:1:\"0\";s:6:\"is_pro\";s:1:\"1\";s:12:\"access_level\";i:1;}i:381;a:16:{s:4:\"tmpl\";i:1182;s:2:\"id\";i:18366;s:5:\"title\";s:30:\"Car Insurance &#8211; Business\";s:9:\"thumbnail\";s:86:\"https://library.elementor.com/wp-content/uploads/2021/03/Library-Pic-Car-Insurance.png\";s:12:\"tmpl_created\";i:1614773263;s:6:\"author\";s:9:\"Elementor\";s:3:\"url\";s:115:\"https://library.elementor.com/lp/car-insurance-business/?utm_source=library&utm_medium=wp-dash&utm_campaign=preview\";s:4:\"type\";s:2:\"lp\";s:7:\